[INFO] cloning repository https://github.com/kasyaar/batcheck
[INFO] running `Command { std: "git" "-c" "credential.helper=" "-c" "credential.helper=/workspace/cargo-home/bin/git-credential-null" "clone" "--bare" "https://github.com/kasyaar/batcheck" "/workspace/cache/git-repos/https%3A%2F%2Fgithub.com%2Fkasyaar%2Fbatcheck", kill_on_drop: false }`
[INFO] [stderr] Cloning into bare repository '/workspace/cache/git-repos/https%3A%2F%2Fgithub.com%2Fkasyaar%2Fbatcheck'...
[INFO] running `Command { std: "git" "rev-parse" "HEAD", kill_on_drop: false }`
[INFO] [stdout] d7e162bbaf9ecf462519f43fac9dfa3793c3dbbc
[INFO] building kasyaar/batcheck against master#881c1ac408d93bb7adaa3a51dabab9266e82eee8 for issue-85264
[INFO] running `Command { std: "git" "clone" "/workspace/cache/git-repos/https%3A%2F%2Fgithub.com%2Fkasyaar%2Fbatcheck" "/workspace/builds/worker-5/source", kill_on_drop: false }`
[INFO] [stderr] Cloning into '/workspace/builds/worker-5/source'...
[INFO] [stderr] done.
[INFO] validating manifest of git repo https://github.com/kasyaar/batcheck on toolchain 881c1ac408d93bb7adaa3a51dabab9266e82eee8
[INFO] running `Command { std: "/workspace/cargo-home/bin/cargo" "+881c1ac408d93bb7adaa3a51dabab9266e82eee8" "metadata" "--manifest-path" "Cargo.toml" "--no-deps", kill_on_drop: false }`
[INFO] started tweaking git repo https://github.com/kasyaar/batcheck
[INFO] finished tweaking git repo https://github.com/kasyaar/batcheck
[INFO] tweaked toml for git repo https://github.com/kasyaar/batcheck written to /workspace/builds/worker-5/source/Cargo.toml
[INFO] crate git repo https://github.com/kasyaar/batcheck already has a lockfile, it will not be regenerated
[INFO] running `Command { std: "/workspace/cargo-home/bin/cargo" "+881c1ac408d93bb7adaa3a51dabab9266e82eee8" "fetch" "--manifest-path" "Cargo.toml", kill_on_drop: false }`
[INFO] [stderr]  Downloading crates ...
[INFO] [stderr]   Downloaded libdbus-sys v0.1.5
[INFO] [stderr]   Downloaded backtrace v0.3.31
[INFO] [stderr]   Downloaded dbus v0.6.4
[INFO] [stderr]   Downloaded syn v0.15.38
[INFO] [stderr]   Downloaded notify-rust v3.6.0
[INFO] [stderr]   Downloaded uom v0.23.1
[INFO] [stderr]   Downloaded battery v0.7.4
[INFO] running `Command { std: "docker" "create" "-v" "/var/lib/crater-agent-workspace/builds/worker-5/target:/opt/rustwide/target:rw,Z" "-v" "/var/lib/crater-agent-workspace/builds/worker-5/source:/opt/rustwide/workdir:ro,Z" "-v" "/var/lib/crater-agent-workspace/cargo-home:/opt/rustwide/cargo-home:ro,Z" "-v" "/var/lib/crater-agent-workspace/rustup-home:/opt/rustwide/rustup-home:ro,Z" "-e" "SOURCE_DIR=/opt/rustwide/workdir" "-e" "CARGO_TARGET_DIR=/opt/rustwide/target" "-e" "CARGO_HOME=/opt/rustwide/cargo-home" "-e" "RUSTUP_HOME=/opt/rustwide/rustup-home" "-w" "/opt/rustwide/workdir" "-m" "1610612736" "--user" "0:0" "--network" "none" "ghcr.io/rust-lang/crates-build-env/linux@sha256:20528e8c29e4536546f0102ce88568b16ea7538393a33fcca951030f7af10457" "/opt/rustwide/cargo-home/bin/cargo" "+881c1ac408d93bb7adaa3a51dabab9266e82eee8" "metadata" "--no-deps" "--format-version=1", kill_on_drop: false }`
[INFO] [stderr] WARNING: Your kernel does not support swap limit capabilities or the cgroup is not mounted. Memory limited without swap.
[INFO] [stdout] 60a05e1ac051cdeae26c887c8a37e091413962a92b45a05293d9ccab487945c0
[INFO] running `Command { std: "docker" "start" "-a" "60a05e1ac051cdeae26c887c8a37e091413962a92b45a05293d9ccab487945c0", kill_on_drop: false }`
[INFO] running `Command { std: "docker" "inspect" "60a05e1ac051cdeae26c887c8a37e091413962a92b45a05293d9ccab487945c0", kill_on_drop: false }`
[INFO] running `Command { std: "docker" "rm" "-f" "60a05e1ac051cdeae26c887c8a37e091413962a92b45a05293d9ccab487945c0", kill_on_drop: false }`
[INFO] [stdout] 60a05e1ac051cdeae26c887c8a37e091413962a92b45a05293d9ccab487945c0
[INFO] running `Command { std: "docker" "create" "-v" "/var/lib/crater-agent-workspace/builds/worker-5/target:/opt/rustwide/target:rw,Z" "-v" "/var/lib/crater-agent-workspace/builds/worker-5/source:/opt/rustwide/workdir:ro,Z" "-v" "/var/lib/crater-agent-workspace/cargo-home:/opt/rustwide/cargo-home:ro,Z" "-v" "/var/lib/crater-agent-workspace/rustup-home:/opt/rustwide/rustup-home:ro,Z" "-e" "SOURCE_DIR=/opt/rustwide/workdir" "-e" "CARGO_TARGET_DIR=/opt/rustwide/target" "-e" "CARGO_INCREMENTAL=0" "-e" "RUST_BACKTRACE=full" "-e" "RUSTFLAGS=--cap-lints=forbid" "-e" "CARGO_HOME=/opt/rustwide/cargo-home" "-e" "RUSTUP_HOME=/opt/rustwide/rustup-home" "-w" "/opt/rustwide/workdir" "-m" "1610612736" "--user" "0:0" "--network" "none" "ghcr.io/rust-lang/crates-build-env/linux@sha256:20528e8c29e4536546f0102ce88568b16ea7538393a33fcca951030f7af10457" "/opt/rustwide/cargo-home/bin/cargo" "+881c1ac408d93bb7adaa3a51dabab9266e82eee8" "build" "--frozen" "--message-format=json", kill_on_drop: false }`
[INFO] [stdout] 977cf5418d0c40308e240bdc8c599e9a0879a03ec8a8eca9af77bfd3e3e35127
[INFO] [stderr] WARNING: Your kernel does not support swap limit capabilities or the cgroup is not mounted. Memory limited without swap.
[INFO] running `Command { std: "docker" "start" "-a" "977cf5418d0c40308e240bdc8c599e9a0879a03ec8a8eca9af77bfd3e3e35127", kill_on_drop: false }`
[INFO] [stderr]    Compiling autocfg v0.1.4
[INFO] [stderr]    Compiling pkg-config v0.3.14
[INFO] [stderr]    Compiling libc v0.2.58
[INFO] [stderr]    Compiling battery v0.7.4
[INFO] [stderr]    Compiling cfg-if v0.1.9
[INFO] [stderr]    Compiling num-traits v0.2.8
[INFO] [stderr]    Compiling libdbus-sys v0.1.5
[INFO] [stderr]    Compiling dbus v0.6.4
[INFO] [stderr]    Compiling uom v0.23.1
[INFO] [stderr]    Compiling notify-rust v3.6.0
[INFO] [stdout] error[E0277]: the trait bound `L: Integer` is not satisfied
[INFO] [stdout]    --> /opt/rustwide/cargo-home/registry/src/github.com-1ecc6299db9ec823/uom-0.23.1/src/si/mod.rs:133:21
[INFO] [stdout]     |
[INFO] [stdout] 133 |                   for Quantity<
[INFO] [stdout]     |  _____________________^
[INFO] [stdout] 134 | |                     Dimension<L = L, M = M, T = T, I = I, Th = Th, N = N, J = J, Kind = $b>,
[INFO] [stdout] 135 | |                     Ul,
[INFO] [stdout] 136 | |                     V,
[INFO] [stdout] 137 | |                 >
[INFO] [stdout]     | |_________________^ the trait `Integer` is not implemented for `L`
[INFO] [stdout] ...
[INFO] [stdout] 212 |       impl_from!(AngleKind, Kind);
[INFO] [stdout]     |       ---------------------------- in this macro invocation
[INFO] [stdout]     | 
[INFO] [stdout]    ::: /opt/rustwide/cargo-home/registry/src/github.com-1ecc6299db9ec823/uom-0.23.1/src/system.rs:236:20
[INFO] [stdout]     |
[INFO] [stdout] 236 |           pub struct Quantity<D, U, V>
[INFO] [stdout]     |                      -------- required by a bound in this
[INFO] [stdout] 237 |           where
[INFO] [stdout] 238 |               D: Dimension + ?Sized,
[INFO] [stdout]     |                  --------- required by this bound in `si::Quantity`
[INFO] [stdout]     |
[INFO] [stdout]     = note: this error originates in a macro (in Nightly builds, run with -Z macro-backtrace for more info)
[INFO] [stdout] help: consider further restricting type parameter `L`
[INFO] [stdout]     |
[INFO] [stdout] 141 |                 V: ::num_traits::Num + ::Conversion<V>, L: typenum::Integer
[INFO] [stdout]     |                                                       ^^^^^^^^^^^^^^^^^^^^^
[INFO] [stdout] 
[INFO] [stdout] 
[INFO] [stdout] error[E0277]: the trait bound `M: Integer` is not satisfied
[INFO] [stdout]    --> /opt/rustwide/cargo-home/registry/src/github.com-1ecc6299db9ec823/uom-0.23.1/src/si/mod.rs:133:21
[INFO] [stdout]     |
[INFO] [stdout] 133 |                   for Quantity<
[INFO] [stdout]     |  _____________________^
[INFO] [stdout] 134 | |                     Dimension<L = L, M = M, T = T, I = I, Th = Th, N = N, J = J, Kind = $b>,
[INFO] [stdout] 135 | |                     Ul,
[INFO] [stdout] 136 | |                     V,
[INFO] [stdout] 137 | |                 >
[INFO] [stdout]     | |_________________^ the trait `Integer` is not implemented for `M`
[INFO] [stdout] ...
[INFO] [stdout] 212 |       impl_from!(AngleKind, Kind);
[INFO] [stdout]     |       ---------------------------- in this macro invocation
[INFO] [stdout]     | 
[INFO] [stdout]    ::: /opt/rustwide/cargo-home/registry/src/github.com-1ecc6299db9ec823/uom-0.23.1/src/system.rs:236:20
[INFO] [stdout]     |
[INFO] [stdout] 236 |           pub struct Quantity<D, U, V>
[INFO] [stdout]     |                      -------- required by a bound in this
[INFO] [stdout] 237 |           where
[INFO] [stdout] 238 |               D: Dimension + ?Sized,
[INFO] [stdout]     |                  --------- required by this bound in `si::Quantity`
[INFO] [stdout]     |
[INFO] [stdout]     = note: this error originates in a macro (in Nightly builds, run with -Z macro-backtrace for more info)
[INFO] [stdout] help: consider further restricting type parameter `M`
[INFO] [stdout]     |
[INFO] [stdout] 141 |                 V: ::num_traits::Num + ::Conversion<V>, M: typenum::Integer
[INFO] [stdout]     |                                                       ^^^^^^^^^^^^^^^^^^^^^
[INFO] [stdout] 
[INFO] [stdout] 
[INFO] [stdout] error[E0277]: the trait bound `T: Integer` is not satisfied
[INFO] [stdout]    --> /opt/rustwide/cargo-home/registry/src/github.com-1ecc6299db9ec823/uom-0.23.1/src/si/mod.rs:133:21
[INFO] [stdout]     |
[INFO] [stdout] 133 |                   for Quantity<
[INFO] [stdout]     |  _____________________^
[INFO] [stdout] 134 | |                     Dimension<L = L, M = M, T = T, I = I, Th = Th, N = N, J = J, Kind = $b>,
[INFO] [stdout] 135 | |                     Ul,
[INFO] [stdout] 136 | |                     V,
[INFO] [stdout] 137 | |                 >
[INFO] [stdout]     | |_________________^ the trait `Integer` is not implemented for `T`
[INFO] [stdout] ...
[INFO] [stdout] 212 |       impl_from!(AngleKind, Kind);
[INFO] [stdout]     |       ---------------------------- in this macro invocation
[INFO] [stdout]     | 
[INFO] [stdout]    ::: /opt/rustwide/cargo-home/registry/src/github.com-1ecc6299db9ec823/uom-0.23.1/src/system.rs:236:20
[INFO] [stdout]     |
[INFO] [stdout] 236 |           pub struct Quantity<D, U, V>
[INFO] [stdout]     |                      -------- required by a bound in this
[INFO] [stdout] 237 |           where
[INFO] [stdout] 238 |               D: Dimension + ?Sized,
[INFO] [stdout]     |                  --------- required by this bound in `si::Quantity`
[INFO] [stdout]     |
[INFO] [stdout]     = note: this error originates in a macro (in Nightly builds, run with -Z macro-backtrace for more info)
[INFO] [stdout] help: consider further restricting type parameter `T`
[INFO] [stdout]     |
[INFO] [stdout] 141 |                 V: ::num_traits::Num + ::Conversion<V>, T: typenum::Integer
[INFO] [stdout]     |                                                       ^^^^^^^^^^^^^^^^^^^^^
[INFO] [stdout] 
[INFO] [stdout] 
[INFO] [stdout] error[E0277]: the trait bound `I: Integer` is not satisfied
[INFO] [stdout]    --> /opt/rustwide/cargo-home/registry/src/github.com-1ecc6299db9ec823/uom-0.23.1/src/si/mod.rs:133:21
[INFO] [stdout]     |
[INFO] [stdout] 133 |                   for Quantity<
[INFO] [stdout]     |  _____________________^
[INFO] [stdout] 134 | |                     Dimension<L = L, M = M, T = T, I = I, Th = Th, N = N, J = J, Kind = $b>,
[INFO] [stdout] 135 | |                     Ul,
[INFO] [stdout] 136 | |                     V,
[INFO] [stdout] 137 | |                 >
[INFO] [stdout]     | |_________________^ the trait `Integer` is not implemented for `I`
[INFO] [stdout] ...
[INFO] [stdout] 212 |       impl_from!(AngleKind, Kind);
[INFO] [stdout]     |       ---------------------------- in this macro invocation
[INFO] [stdout]     | 
[INFO] [stdout]    ::: /opt/rustwide/cargo-home/registry/src/github.com-1ecc6299db9ec823/uom-0.23.1/src/system.rs:236:20
[INFO] [stdout]     |
[INFO] [stdout] 236 |           pub struct Quantity<D, U, V>
[INFO] [stdout]     |                      -------- required by a bound in this
[INFO] [stdout] 237 |           where
[INFO] [stdout] 238 |               D: Dimension + ?Sized,
[INFO] [stdout]     |                  --------- required by this bound in `si::Quantity`
[INFO] [stdout]     |
[INFO] [stdout]     = note: this error originates in a macro (in Nightly builds, run with -Z macro-backtrace for more info)
[INFO] [stdout] help: consider further restricting type parameter `I`
[INFO] [stdout]     |
[INFO] [stdout] 141 |                 V: ::num_traits::Num + ::Conversion<V>, I: typenum::Integer
[INFO] [stdout]     |                                                       ^^^^^^^^^^^^^^^^^^^^^
[INFO] [stdout] 
[INFO] [stdout] 
[INFO] [stdout] error[E0277]: the trait bound `Th: Integer` is not satisfied
[INFO] [stdout]    --> /opt/rustwide/cargo-home/registry/src/github.com-1ecc6299db9ec823/uom-0.23.1/src/si/mod.rs:133:21
[INFO] [stdout]     |
[INFO] [stdout] 133 |                   for Quantity<
[INFO] [stdout]     |  _____________________^
[INFO] [stdout] 134 | |                     Dimension<L = L, M = M, T = T, I = I, Th = Th, N = N, J = J, Kind = $b>,
[INFO] [stdout] 135 | |                     Ul,
[INFO] [stdout] 136 | |                     V,
[INFO] [stdout] 137 | |                 >
[INFO] [stdout]     | |_________________^ the trait `Integer` is not implemented for `Th`
[INFO] [stdout] ...
[INFO] [stdout] 212 |       impl_from!(AngleKind, Kind);
[INFO] [stdout]     |       ---------------------------- in this macro invocation
[INFO] [stdout]     | 
[INFO] [stdout]    ::: /opt/rustwide/cargo-home/registry/src/github.com-1ecc6299db9ec823/uom-0.23.1/src/system.rs:236:20
[INFO] [stdout]     |
[INFO] [stdout] 236 |           pub struct Quantity<D, U, V>
[INFO] [stdout]     |                      -------- required by a bound in this
[INFO] [stdout] 237 |           where
[INFO] [stdout] 238 |               D: Dimension + ?Sized,
[INFO] [stdout]     |                  --------- required by this bound in `si::Quantity`
[INFO] [stdout]     |
[INFO] [stdout]     = note: this error originates in a macro (in Nightly builds, run with -Z macro-backtrace for more info)
[INFO] [stdout] help: consider further restricting type parameter `Th`
[INFO] [stdout]     |
[INFO] [stdout] 141 |                 V: ::num_traits::Num + ::Conversion<V>, Th: typenum::Integer
[INFO] [stdout]     |                                                       ^^^^^^^^^^^^^^^^^^^^^^
[INFO] [stdout] 
[INFO] [stdout] 
[INFO] [stdout] error[E0277]: the trait bound `N: Integer` is not satisfied
[INFO] [stdout]    --> /opt/rustwide/cargo-home/registry/src/github.com-1ecc6299db9ec823/uom-0.23.1/src/si/mod.rs:133:21
[INFO] [stdout]     |
[INFO] [stdout] 133 |                   for Quantity<
[INFO] [stdout]     |  _____________________^
[INFO] [stdout] 134 | |                     Dimension<L = L, M = M, T = T, I = I, Th = Th, N = N, J = J, Kind = $b>,
[INFO] [stdout] 135 | |                     Ul,
[INFO] [stdout] 136 | |                     V,
[INFO] [stdout] 137 | |                 >
[INFO] [stdout]     | |_________________^ the trait `Integer` is not implemented for `N`
[INFO] [stdout] ...
[INFO] [stdout] 212 |       impl_from!(AngleKind, Kind);
[INFO] [stdout]     |       ---------------------------- in this macro invocation
[INFO] [stdout]     | 
[INFO] [stdout]    ::: /opt/rustwide/cargo-home/registry/src/github.com-1ecc6299db9ec823/uom-0.23.1/src/system.rs:236:20
[INFO] [stdout]     |
[INFO] [stdout] 236 |           pub struct Quantity<D, U, V>
[INFO] [stdout]     |                      -------- required by a bound in this
[INFO] [stdout] 237 |           where
[INFO] [stdout] 238 |               D: Dimension + ?Sized,
[INFO] [stdout]     |                  --------- required by this bound in `si::Quantity`
[INFO] [stdout]     |
[INFO] [stdout]     = note: this error originates in a macro (in Nightly builds, run with -Z macro-backtrace for more info)
[INFO] [stdout] help: consider further restricting type parameter `N`
[INFO] [stdout]     |
[INFO] [stdout] 141 |                 V: ::num_traits::Num + ::Conversion<V>, N: typenum::Integer
[INFO] [stdout]     |                                                       ^^^^^^^^^^^^^^^^^^^^^
[INFO] [stdout] 
[INFO] [stdout] 
[INFO] [stdout] error[E0277]: the trait bound `J: Integer` is not satisfied
[INFO] [stdout]    --> /opt/rustwide/cargo-home/registry/src/github.com-1ecc6299db9ec823/uom-0.23.1/src/si/mod.rs:133:21
[INFO] [stdout]     |
[INFO] [stdout] 133 |                   for Quantity<
[INFO] [stdout]     |  _____________________^
[INFO] [stdout] 134 | |                     Dimension<L = L, M = M, T = T, I = I, Th = Th, N = N, J = J, Kind = $b>,
[INFO] [stdout] 135 | |                     Ul,
[INFO] [stdout] 136 | |                     V,
[INFO] [stdout] 137 | |                 >
[INFO] [stdout]     | |_________________^ the trait `Integer` is not implemented for `J`
[INFO] [stdout] ...
[INFO] [stdout] 212 |       impl_from!(AngleKind, Kind);
[INFO] [stdout]     |       ---------------------------- in this macro invocation
[INFO] [stdout]     | 
[INFO] [stdout]    ::: /opt/rustwide/cargo-home/registry/src/github.com-1ecc6299db9ec823/uom-0.23.1/src/system.rs:236:20
[INFO] [stdout]     |
[INFO] [stdout] 236 |           pub struct Quantity<D, U, V>
[INFO] [stdout]     |                      -------- required by a bound in this
[INFO] [stdout] 237 |           where
[INFO] [stdout] 238 |               D: Dimension + ?Sized,
[INFO] [stdout]     |                  --------- required by this bound in `si::Quantity`
[INFO] [stdout]     |
[INFO] [stdout]     = note: this error originates in a macro (in Nightly builds, run with -Z macro-backtrace for more info)
[INFO] [stdout] help: consider further restricting type parameter `J`
[INFO] [stdout]     |
[INFO] [stdout] 141 |                 V: ::num_traits::Num + ::Conversion<V>, J: typenum::Integer
[INFO] [stdout]     |                                                       ^^^^^^^^^^^^^^^^^^^^^
[INFO] [stdout] 
[INFO] [stdout] 
[INFO] [stdout] error[E0277]: the trait bound `L: Integer` is not satisfied
[INFO] [stdout]    --> /opt/rustwide/cargo-home/registry/src/github.com-1ecc6299db9ec823/uom-0.23.1/src/si/mod.rs:133:21
[INFO] [stdout]     |
[INFO] [stdout] 133 |                   for Quantity<
[INFO] [stdout]     |  _____________________^
[INFO] [stdout] 134 | |                     Dimension<L = L, M = M, T = T, I = I, Th = Th, N = N, J = J, Kind = $b>,
[INFO] [stdout] 135 | |                     Ul,
[INFO] [stdout] 136 | |                     V,
[INFO] [stdout] 137 | |                 >
[INFO] [stdout]     | |_________________^ the trait `Integer` is not implemented for `L`
[INFO] [stdout] ...
[INFO] [stdout] 213 |       impl_from!(Kind, AngleKind);
[INFO] [stdout]     |       ---------------------------- in this macro invocation
[INFO] [stdout]     | 
[INFO] [stdout]    ::: /opt/rustwide/cargo-home/registry/src/github.com-1ecc6299db9ec823/uom-0.23.1/src/system.rs:236:20
[INFO] [stdout]     |
[INFO] [stdout] 236 |           pub struct Quantity<D, U, V>
[INFO] [stdout]     |                      -------- required by a bound in this
[INFO] [stdout] 237 |           where
[INFO] [stdout] 238 |               D: Dimension + ?Sized,
[INFO] [stdout]     |                  --------- required by this bound in `si::Quantity`
[INFO] [stdout]     |
[INFO] [stdout]     = note: this error originates in a macro (in Nightly builds, run with -Z macro-backtrace for more info)
[INFO] [stdout] help: consider further restricting type parameter `L`
[INFO] [stdout]     |
[INFO] [stdout] 141 |                 V: ::num_traits::Num + ::Conversion<V>, L: typenum::Integer
[INFO] [stdout]     |                                                       ^^^^^^^^^^^^^^^^^^^^^
[INFO] [stdout] 
[INFO] [stdout] 
[INFO] [stdout] error[E0277]: the trait bound `M: Integer` is not satisfied
[INFO] [stdout]    --> /opt/rustwide/cargo-home/registry/src/github.com-1ecc6299db9ec823/uom-0.23.1/src/si/mod.rs:133:21
[INFO] [stdout]     |
[INFO] [stdout] 133 |                   for Quantity<
[INFO] [stdout]     |  _____________________^
[INFO] [stdout] 134 | |                     Dimension<L = L, M = M, T = T, I = I, Th = Th, N = N, J = J, Kind = $b>,
[INFO] [stdout] 135 | |                     Ul,
[INFO] [stdout] 136 | |                     V,
[INFO] [stdout] 137 | |                 >
[INFO] [stdout]     | |_________________^ the trait `Integer` is not implemented for `M`
[INFO] [stdout] ...
[INFO] [stdout] 213 |       impl_from!(Kind, AngleKind);
[INFO] [stdout]     |       ---------------------------- in this macro invocation
[INFO] [stdout]     | 
[INFO] [stdout]    ::: /opt/rustwide/cargo-home/registry/src/github.com-1ecc6299db9ec823/uom-0.23.1/src/system.rs:236:20
[INFO] [stdout]     |
[INFO] [stdout] 236 |           pub struct Quantity<D, U, V>
[INFO] [stdout]     |                      -------- required by a bound in this
[INFO] [stdout] 237 |           where
[INFO] [stdout] 238 |               D: Dimension + ?Sized,
[INFO] [stdout]     |                  --------- required by this bound in `si::Quantity`
[INFO] [stdout]     |
[INFO] [stdout]     = note: this error originates in a macro (in Nightly builds, run with -Z macro-backtrace for more info)
[INFO] [stdout] help: consider further restricting type parameter `M`
[INFO] [stdout]     |
[INFO] [stdout] 141 |                 V: ::num_traits::Num + ::Conversion<V>, M: typenum::Integer
[INFO] [stdout]     |                                                       ^^^^^^^^^^^^^^^^^^^^^
[INFO] [stdout] 
[INFO] [stdout] 
[INFO] [stdout] error[E0277]: the trait bound `T: Integer` is not satisfied
[INFO] [stdout]    --> /opt/rustwide/cargo-home/registry/src/github.com-1ecc6299db9ec823/uom-0.23.1/src/si/mod.rs:133:21
[INFO] [stdout]     |
[INFO] [stdout] 133 |                   for Quantity<
[INFO] [stdout]     |  _____________________^
[INFO] [stdout] 134 | |                     Dimension<L = L, M = M, T = T, I = I, Th = Th, N = N, J = J, Kind = $b>,
[INFO] [stdout] 135 | |                     Ul,
[INFO] [stdout] 136 | |                     V,
[INFO] [stdout] 137 | |                 >
[INFO] [stdout]     | |_________________^ the trait `Integer` is not implemented for `T`
[INFO] [stdout] ...
[INFO] [stdout] 213 |       impl_from!(Kind, AngleKind);
[INFO] [stdout]     |       ---------------------------- in this macro invocation
[INFO] [stdout]     | 
[INFO] [stdout]    ::: /opt/rustwide/cargo-home/registry/src/github.com-1ecc6299db9ec823/uom-0.23.1/src/system.rs:236:20
[INFO] [stdout]     |
[INFO] [stdout] 236 |           pub struct Quantity<D, U, V>
[INFO] [stdout]     |                      -------- required by a bound in this
[INFO] [stdout] 237 |           where
[INFO] [stdout] 238 |               D: Dimension + ?Sized,
[INFO] [stdout]     |                  --------- required by this bound in `si::Quantity`
[INFO] [stdout]     |
[INFO] [stdout]     = note: this error originates in a macro (in Nightly builds, run with -Z macro-backtrace for more info)
[INFO] [stdout] help: consider further restricting type parameter `T`
[INFO] [stdout]     |
[INFO] [stdout] 141 |                 V: ::num_traits::Num + ::Conversion<V>, T: typenum::Integer
[INFO] [stdout]     |                                                       ^^^^^^^^^^^^^^^^^^^^^
[INFO] [stdout] 
[INFO] [stdout] 
[INFO] [stdout] error[E0277]: the trait bound `I: Integer` is not satisfied
[INFO] [stdout]    --> /opt/rustwide/cargo-home/registry/src/github.com-1ecc6299db9ec823/uom-0.23.1/src/si/mod.rs:133:21
[INFO] [stdout]     |
[INFO] [stdout] 133 |                   for Quantity<
[INFO] [stdout]     |  _____________________^
[INFO] [stdout] 134 | |                     Dimension<L = L, M = M, T = T, I = I, Th = Th, N = N, J = J, Kind = $b>,
[INFO] [stdout] 135 | |                     Ul,
[INFO] [stdout] 136 | |                     V,
[INFO] [stdout] 137 | |                 >
[INFO] [stdout]     | |_________________^ the trait `Integer` is not implemented for `I`
[INFO] [stdout] ...
[INFO] [stdout] 213 |       impl_from!(Kind, AngleKind);
[INFO] [stdout]     |       ---------------------------- in this macro invocation
[INFO] [stdout]     | 
[INFO] [stdout]    ::: /opt/rustwide/cargo-home/registry/src/github.com-1ecc6299db9ec823/uom-0.23.1/src/system.rs:236:20
[INFO] [stdout]     |
[INFO] [stdout] 236 |           pub struct Quantity<D, U, V>
[INFO] [stdout]     |                      -------- required by a bound in this
[INFO] [stdout] 237 |           where
[INFO] [stdout] 238 |               D: Dimension + ?Sized,
[INFO] [stdout]     |                  --------- required by this bound in `si::Quantity`
[INFO] [stdout]     |
[INFO] [stdout]     = note: this error originates in a macro (in Nightly builds, run with -Z macro-backtrace for more info)
[INFO] [stdout] help: consider further restricting type parameter `I`
[INFO] [stdout]     |
[INFO] [stdout] 141 |                 V: ::num_traits::Num + ::Conversion<V>, I: typenum::Integer
[INFO] [stdout]     |                                                       ^^^^^^^^^^^^^^^^^^^^^
[INFO] [stdout] 
[INFO] [stdout] 
[INFO] [stdout] error[E0277]: the trait bound `Th: Integer` is not satisfied
[INFO] [stdout]    --> /opt/rustwide/cargo-home/registry/src/github.com-1ecc6299db9ec823/uom-0.23.1/src/si/mod.rs:133:21
[INFO] [stdout]     |
[INFO] [stdout] 133 |                   for Quantity<
[INFO] [stdout]     |  _____________________^
[INFO] [stdout] 134 | |                     Dimension<L = L, M = M, T = T, I = I, Th = Th, N = N, J = J, Kind = $b>,
[INFO] [stdout] 135 | |                     Ul,
[INFO] [stdout] 136 | |                     V,
[INFO] [stdout] 137 | |                 >
[INFO] [stdout]     | |_________________^ the trait `Integer` is not implemented for `Th`
[INFO] [stdout] ...
[INFO] [stdout] 213 |       impl_from!(Kind, AngleKind);
[INFO] [stdout]     |       ---------------------------- in this macro invocation
[INFO] [stdout]     | 
[INFO] [stdout]    ::: /opt/rustwide/cargo-home/registry/src/github.com-1ecc6299db9ec823/uom-0.23.1/src/system.rs:236:20
[INFO] [stdout]     |
[INFO] [stdout] 236 |           pub struct Quantity<D, U, V>
[INFO] [stdout]     |                      -------- required by a bound in this
[INFO] [stdout] 237 |           where
[INFO] [stdout] 238 |               D: Dimension + ?Sized,
[INFO] [stdout]     |                  --------- required by this bound in `si::Quantity`
[INFO] [stdout]     |
[INFO] [stdout]     = note: this error originates in a macro (in Nightly builds, run with -Z macro-backtrace for more info)
[INFO] [stdout] help: consider further restricting type parameter `Th`
[INFO] [stdout]     |
[INFO] [stdout] 141 |                 V: ::num_traits::Num + ::Conversion<V>, Th: typenum::Integer
[INFO] [stdout]     |                                                       ^^^^^^^^^^^^^^^^^^^^^^
[INFO] [stdout] 
[INFO] [stdout] 
[INFO] [stdout] error[E0277]: the trait bound `N: Integer` is not satisfied
[INFO] [stdout]    --> /opt/rustwide/cargo-home/registry/src/github.com-1ecc6299db9ec823/uom-0.23.1/src/si/mod.rs:133:21
[INFO] [stdout]     |
[INFO] [stdout] 133 |                   for Quantity<
[INFO] [stdout]     |  _____________________^
[INFO] [stdout] 134 | |                     Dimension<L = L, M = M, T = T, I = I, Th = Th, N = N, J = J, Kind = $b>,
[INFO] [stdout] 135 | |                     Ul,
[INFO] [stdout] 136 | |                     V,
[INFO] [stdout] 137 | |                 >
[INFO] [stdout]     | |_________________^ the trait `Integer` is not implemented for `N`
[INFO] [stdout] ...
[INFO] [stdout] 213 |       impl_from!(Kind, AngleKind);
[INFO] [stdout]     |       ---------------------------- in this macro invocation
[INFO] [stdout]     | 
[INFO] [stdout]    ::: /opt/rustwide/cargo-home/registry/src/github.com-1ecc6299db9ec823/uom-0.23.1/src/system.rs:236:20
[INFO] [stdout]     |
[INFO] [stdout] 236 |           pub struct Quantity<D, U, V>
[INFO] [stdout]     |                      -------- required by a bound in this
[INFO] [stdout] 237 |           where
[INFO] [stdout] 238 |               D: Dimension + ?Sized,
[INFO] [stdout]     |                  --------- required by this bound in `si::Quantity`
[INFO] [stdout]     |
[INFO] [stdout]     = note: this error originates in a macro (in Nightly builds, run with -Z macro-backtrace for more info)
[INFO] [stdout] help: consider further restricting type parameter `N`
[INFO] [stdout]     |
[INFO] [stdout] 141 |                 V: ::num_traits::Num + ::Conversion<V>, N: typenum::Integer
[INFO] [stdout]     |                                                       ^^^^^^^^^^^^^^^^^^^^^
[INFO] [stdout] 
[INFO] [stdout] 
[INFO] [stdout] error[E0277]: the trait bound `J: Integer` is not satisfied
[INFO] [stdout]    --> /opt/rustwide/cargo-home/registry/src/github.com-1ecc6299db9ec823/uom-0.23.1/src/si/mod.rs:133:21
[INFO] [stdout]     |
[INFO] [stdout] 133 |                   for Quantity<
[INFO] [stdout]     |  _____________________^
[INFO] [stdout] 134 | |                     Dimension<L = L, M = M, T = T, I = I, Th = Th, N = N, J = J, Kind = $b>,
[INFO] [stdout] 135 | |                     Ul,
[INFO] [stdout] 136 | |                     V,
[INFO] [stdout] 137 | |                 >
[INFO] [stdout]     | |_________________^ the trait `Integer` is not implemented for `J`
[INFO] [stdout] ...
[INFO] [stdout] 213 |       impl_from!(Kind, AngleKind);
[INFO] [stdout]     |       ---------------------------- in this macro invocation
[INFO] [stdout]     | 
[INFO] [stdout]    ::: /opt/rustwide/cargo-home/registry/src/github.com-1ecc6299db9ec823/uom-0.23.1/src/system.rs:236:20
[INFO] [stdout]     |
[INFO] [stdout] 236 |           pub struct Quantity<D, U, V>
[INFO] [stdout]     |                      -------- required by a bound in this
[INFO] [stdout] 237 |           where
[INFO] [stdout] 238 |               D: Dimension + ?Sized,
[INFO] [stdout]     |                  --------- required by this bound in `si::Quantity`
[INFO] [stdout]     |
[INFO] [stdout]     = note: this error originates in a macro (in Nightly builds, run with -Z macro-backtrace for more info)
[INFO] [stdout] help: consider further restricting type parameter `J`
[INFO] [stdout]     |
[INFO] [stdout] 141 |                 V: ::num_traits::Num + ::Conversion<V>, J: typenum::Integer
[INFO] [stdout]     |                                                       ^^^^^^^^^^^^^^^^^^^^^
[INFO] [stdout] 
[INFO] [stdout] 
[INFO] [stdout] error[E0277]: the trait bound `<<D as si::Dimension>::L as std::ops::Neg>::Output: Integer` is not satisfied
[INFO] [stdout]    --> /opt/rustwide/cargo-home/registry/src/github.com-1ecc6299db9ec823/uom-0.23.1/src/system.rs:723:18
[INFO] [stdout]     |
[INFO] [stdout] 236 |           pub struct Quantity<D, U, V>
[INFO] [stdout]     |                      -------- required by a bound in this
[INFO] [stdout] 237 |           where
[INFO] [stdout] 238 |               D: Dimension + ?Sized,
[INFO] [stdout]     |                  --------- required by this bound in `si::Quantity`
[INFO] [stdout] ...
[INFO] [stdout] 723 |               ) -> Quantity<$quantities<$($crate::typenum::Negate<D::$symbol>),+>, U, V>
[INFO] [stdout]     |                    ^^^^^^^^^^^^^^^^^^^^^^^^^^^^^^^^^^^^^^^^^^^^^^^^^^^^^^^^^^^^^^^^^^^^^ the trait `Integer` is not implemented for `<<D as si::Dimension>::L as std::ops::Neg>::Output`
[INFO] [stdout]     | 
[INFO] [stdout]    ::: /opt/rustwide/cargo-home/registry/src/github.com-1ecc6299db9ec823/uom-0.23.1/src/si/mod.rs:10:1
[INFO] [stdout]     |
[INFO] [stdout] 10  | / system! {
[INFO] [stdout] 11  | |     /// [International System of Quantities](http://jcgm.bipm.org/vim/en/1.6.html) (ISQ).
[INFO] [stdout] 12  | |     quantities: ISQ {
[INFO] [stdout] 13  | |         /// Length, one of the base quantities in the ISQ, denoted by the symbol L. The base unit
[INFO] [stdout] ...   |
[INFO] [stdout] 75  | |     }
[INFO] [stdout] 76  | | }
[INFO] [stdout]     | |_- in this macro invocation
[INFO] [stdout]     |
[INFO] [stdout]     = note: this error originates in a macro (in Nightly builds, run with -Z macro-backtrace for more info)
[INFO] [stdout] 
[INFO] [stdout] 
[INFO] [stdout] error[E0277]: the trait bound `<<D as si::Dimension>::M as std::ops::Neg>::Output: Integer` is not satisfied
[INFO] [stdout]    --> /opt/rustwide/cargo-home/registry/src/github.com-1ecc6299db9ec823/uom-0.23.1/src/system.rs:723:18
[INFO] [stdout]     |
[INFO] [stdout] 236 |           pub struct Quantity<D, U, V>
[INFO] [stdout]     |                      -------- required by a bound in this
[INFO] [stdout] 237 |           where
[INFO] [stdout] 238 |               D: Dimension + ?Sized,
[INFO] [stdout]     |                  --------- required by this bound in `si::Quantity`
[INFO] [stdout] ...
[INFO] [stdout] 723 |               ) -> Quantity<$quantities<$($crate::typenum::Negate<D::$symbol>),+>, U, V>
[INFO] [stdout]     |                    ^^^^^^^^^^^^^^^^^^^^^^^^^^^^^^^^^^^^^^^^^^^^^^^^^^^^^^^^^^^^^^^^^^^^^ the trait `Integer` is not implemented for `<<D as si::Dimension>::M as std::ops::Neg>::Output`
[INFO] [stdout]     | 
[INFO] [stdout]    ::: /opt/rustwide/cargo-home/registry/src/github.com-1ecc6299db9ec823/uom-0.23.1/src/si/mod.rs:10:1
[INFO] [stdout]     |
[INFO] [stdout] 10  | / system! {
[INFO] [stdout] 11  | |     /// [International System of Quantities](http://jcgm.bipm.org/vim/en/1.6.html) (ISQ).
[INFO] [stdout] 12  | |     quantities: ISQ {
[INFO] [stdout] 13  | |         /// Length, one of the base quantities in the ISQ, denoted by the symbol L. The base unit
[INFO] [stdout] ...   |
[INFO] [stdout] 75  | |     }
[INFO] [stdout] 76  | | }
[INFO] [stdout]     | |_- in this macro invocation
[INFO] [stdout]     |
[INFO] [stdout]     = note: this error originates in a macro (in Nightly builds, run with -Z macro-backtrace for more info)
[INFO] [stdout] 
[INFO] [stdout] 
[INFO] [stdout] error[E0277]: the trait bound `<<D as si::Dimension>::T as std::ops::Neg>::Output: Integer` is not satisfied
[INFO] [stdout]    --> /opt/rustwide/cargo-home/registry/src/github.com-1ecc6299db9ec823/uom-0.23.1/src/system.rs:723:18
[INFO] [stdout]     |
[INFO] [stdout] 236 |           pub struct Quantity<D, U, V>
[INFO] [stdout]     |                      -------- required by a bound in this
[INFO] [stdout] 237 |           where
[INFO] [stdout] 238 |               D: Dimension + ?Sized,
[INFO] [stdout]     |                  --------- required by this bound in `si::Quantity`
[INFO] [stdout] ...
[INFO] [stdout] 723 |               ) -> Quantity<$quantities<$($crate::typenum::Negate<D::$symbol>),+>, U, V>
[INFO] [stdout]     |                    ^^^^^^^^^^^^^^^^^^^^^^^^^^^^^^^^^^^^^^^^^^^^^^^^^^^^^^^^^^^^^^^^^^^^^ the trait `Integer` is not implemented for `<<D as si::Dimension>::T as std::ops::Neg>::Output`
[INFO] [stdout]     | 
[INFO] [stdout]    ::: /opt/rustwide/cargo-home/registry/src/github.com-1ecc6299db9ec823/uom-0.23.1/src/si/mod.rs:10:1
[INFO] [stdout]     |
[INFO] [stdout] 10  | / system! {
[INFO] [stdout] 11  | |     /// [International System of Quantities](http://jcgm.bipm.org/vim/en/1.6.html) (ISQ).
[INFO] [stdout] 12  | |     quantities: ISQ {
[INFO] [stdout] 13  | |         /// Length, one of the base quantities in the ISQ, denoted by the symbol L. The base unit
[INFO] [stdout] ...   |
[INFO] [stdout] 75  | |     }
[INFO] [stdout] 76  | | }
[INFO] [stdout]     | |_- in this macro invocation
[INFO] [stdout]     |
[INFO] [stdout]     = note: this error originates in a macro (in Nightly builds, run with -Z macro-backtrace for more info)
[INFO] [stdout] 
[INFO] [stdout] 
[INFO] [stdout] error[E0277]: the trait bound `<<D as si::Dimension>::I as std::ops::Neg>::Output: Integer` is not satisfied
[INFO] [stdout]    --> /opt/rustwide/cargo-home/registry/src/github.com-1ecc6299db9ec823/uom-0.23.1/src/system.rs:723:18
[INFO] [stdout]     |
[INFO] [stdout] 236 |           pub struct Quantity<D, U, V>
[INFO] [stdout]     |                      -------- required by a bound in this
[INFO] [stdout] 237 |           where
[INFO] [stdout] 238 |               D: Dimension + ?Sized,
[INFO] [stdout]     |                  --------- required by this bound in `si::Quantity`
[INFO] [stdout] ...
[INFO] [stdout] 723 |               ) -> Quantity<$quantities<$($crate::typenum::Negate<D::$symbol>),+>, U, V>
[INFO] [stdout]     |                    ^^^^^^^^^^^^^^^^^^^^^^^^^^^^^^^^^^^^^^^^^^^^^^^^^^^^^^^^^^^^^^^^^^^^^ the trait `Integer` is not implemented for `<<D as si::Dimension>::I as std::ops::Neg>::Output`
[INFO] [stdout]     | 
[INFO] [stdout]    ::: /opt/rustwide/cargo-home/registry/src/github.com-1ecc6299db9ec823/uom-0.23.1/src/si/mod.rs:10:1
[INFO] [stdout]     |
[INFO] [stdout] 10  | / system! {
[INFO] [stdout] 11  | |     /// [International System of Quantities](http://jcgm.bipm.org/vim/en/1.6.html) (ISQ).
[INFO] [stdout] 12  | |     quantities: ISQ {
[INFO] [stdout] 13  | |         /// Length, one of the base quantities in the ISQ, denoted by the symbol L. The base unit
[INFO] [stdout] ...   |
[INFO] [stdout] 75  | |     }
[INFO] [stdout] 76  | | }
[INFO] [stdout]     | |_- in this macro invocation
[INFO] [stdout]     |
[INFO] [stdout]     = note: this error originates in a macro (in Nightly builds, run with -Z macro-backtrace for more info)
[INFO] [stdout] 
[INFO] [stdout] 
[INFO] [stdout] error[E0277]: the trait bound `<<D as si::Dimension>::Th as std::ops::Neg>::Output: Integer` is not satisfied
[INFO] [stdout]    --> /opt/rustwide/cargo-home/registry/src/github.com-1ecc6299db9ec823/uom-0.23.1/src/system.rs:723:18
[INFO] [stdout]     |
[INFO] [stdout] 236 |           pub struct Quantity<D, U, V>
[INFO] [stdout]     |                      -------- required by a bound in this
[INFO] [stdout] 237 |           where
[INFO] [stdout] 238 |               D: Dimension + ?Sized,
[INFO] [stdout]     |                  --------- required by this bound in `si::Quantity`
[INFO] [stdout] ...
[INFO] [stdout] 723 |               ) -> Quantity<$quantities<$($crate::typenum::Negate<D::$symbol>),+>, U, V>
[INFO] [stdout]     |                    ^^^^^^^^^^^^^^^^^^^^^^^^^^^^^^^^^^^^^^^^^^^^^^^^^^^^^^^^^^^^^^^^^^^^^ the trait `Integer` is not implemented for `<<D as si::Dimension>::Th as std::ops::Neg>::Output`
[INFO] [stdout]     | 
[INFO] [stdout]    ::: /opt/rustwide/cargo-home/registry/src/github.com-1ecc6299db9ec823/uom-0.23.1/src/si/mod.rs:10:1
[INFO] [stdout]     |
[INFO] [stdout] 10  | / system! {
[INFO] [stdout] 11  | |     /// [International System of Quantities](http://jcgm.bipm.org/vim/en/1.6.html) (ISQ).
[INFO] [stdout] 12  | |     quantities: ISQ {
[INFO] [stdout] 13  | |         /// Length, one of the base quantities in the ISQ, denoted by the symbol L. The base unit
[INFO] [stdout] ...   |
[INFO] [stdout] 75  | |     }
[INFO] [stdout] 76  | | }
[INFO] [stdout]     | |_- in this macro invocation
[INFO] [stdout]     |
[INFO] [stdout]     = note: this error originates in a macro (in Nightly builds, run with -Z macro-backtrace for more info)
[INFO] [stdout] 
[INFO] [stdout] 
[INFO] [stdout] error[E0277]: the trait bound `<<D as si::Dimension>::N as std::ops::Neg>::Output: Integer` is not satisfied
[INFO] [stdout]    --> /opt/rustwide/cargo-home/registry/src/github.com-1ecc6299db9ec823/uom-0.23.1/src/system.rs:723:18
[INFO] [stdout]     |
[INFO] [stdout] 236 |           pub struct Quantity<D, U, V>
[INFO] [stdout]     |                      -------- required by a bound in this
[INFO] [stdout] 237 |           where
[INFO] [stdout] 238 |               D: Dimension + ?Sized,
[INFO] [stdout]     |                  --------- required by this bound in `si::Quantity`
[INFO] [stdout] ...
[INFO] [stdout] 723 |               ) -> Quantity<$quantities<$($crate::typenum::Negate<D::$symbol>),+>, U, V>
[INFO] [stdout]     |                    ^^^^^^^^^^^^^^^^^^^^^^^^^^^^^^^^^^^^^^^^^^^^^^^^^^^^^^^^^^^^^^^^^^^^^ the trait `Integer` is not implemented for `<<D as si::Dimension>::N as std::ops::Neg>::Output`
[INFO] [stdout]     | 
[INFO] [stdout]    ::: /opt/rustwide/cargo-home/registry/src/github.com-1ecc6299db9ec823/uom-0.23.1/src/si/mod.rs:10:1
[INFO] [stdout]     |
[INFO] [stdout] 10  | / system! {
[INFO] [stdout] 11  | |     /// [International System of Quantities](http://jcgm.bipm.org/vim/en/1.6.html) (ISQ).
[INFO] [stdout] 12  | |     quantities: ISQ {
[INFO] [stdout] 13  | |         /// Length, one of the base quantities in the ISQ, denoted by the symbol L. The base unit
[INFO] [stdout] ...   |
[INFO] [stdout] 75  | |     }
[INFO] [stdout] 76  | | }
[INFO] [stdout]     | |_- in this macro invocation
[INFO] [stdout]     |
[INFO] [stdout]     = note: this error originates in a macro (in Nightly builds, run with -Z macro-backtrace for more info)
[INFO] [stdout] 
[INFO] [stdout] 
[INFO] [stdout] error[E0277]: the trait bound `<<D as si::Dimension>::J as std::ops::Neg>::Output: Integer` is not satisfied
[INFO] [stdout]    --> /opt/rustwide/cargo-home/registry/src/github.com-1ecc6299db9ec823/uom-0.23.1/src/system.rs:723:18
[INFO] [stdout]     |
[INFO] [stdout] 236 |           pub struct Quantity<D, U, V>
[INFO] [stdout]     |                      -------- required by a bound in this
[INFO] [stdout] 237 |           where
[INFO] [stdout] 238 |               D: Dimension + ?Sized,
[INFO] [stdout]     |                  --------- required by this bound in `si::Quantity`
[INFO] [stdout] ...
[INFO] [stdout] 723 |               ) -> Quantity<$quantities<$($crate::typenum::Negate<D::$symbol>),+>, U, V>
[INFO] [stdout]     |                    ^^^^^^^^^^^^^^^^^^^^^^^^^^^^^^^^^^^^^^^^^^^^^^^^^^^^^^^^^^^^^^^^^^^^^ the trait `Integer` is not implemented for `<<D as si::Dimension>::J as std::ops::Neg>::Output`
[INFO] [stdout]     | 
[INFO] [stdout]    ::: /opt/rustwide/cargo-home/registry/src/github.com-1ecc6299db9ec823/uom-0.23.1/src/si/mod.rs:10:1
[INFO] [stdout]     |
[INFO] [stdout] 10  | / system! {
[INFO] [stdout] 11  | |     /// [International System of Quantities](http://jcgm.bipm.org/vim/en/1.6.html) (ISQ).
[INFO] [stdout] 12  | |     quantities: ISQ {
[INFO] [stdout] 13  | |         /// Length, one of the base quantities in the ISQ, denoted by the symbol L. The base unit
[INFO] [stdout] ...   |
[INFO] [stdout] 75  | |     }
[INFO] [stdout] 76  | | }
[INFO] [stdout]     | |_- in this macro invocation
[INFO] [stdout]     |
[INFO] [stdout]     = note: this error originates in a macro (in Nightly builds, run with -Z macro-backtrace for more info)
[INFO] [stdout] 
[INFO] [stdout] 
[INFO] [stdout] error[E0277]: the trait bound `<<D as si::Dimension>::L as std::ops::Mul<E>>::Output: Integer` is not satisfied
[INFO] [stdout]    --> /opt/rustwide/cargo-home/registry/src/github.com-1ecc6299db9ec823/uom-0.23.1/src/system.rs:747:18
[INFO] [stdout]     |
[INFO] [stdout] 236 |           pub struct Quantity<D, U, V>
[INFO] [stdout]     |                      -------- required by a bound in this
[INFO] [stdout] 237 |           where
[INFO] [stdout] 238 |               D: Dimension + ?Sized,
[INFO] [stdout]     |                  --------- required by this bound in `si::Quantity`
[INFO] [stdout] ...
[INFO] [stdout] 747 |               ) -> Quantity<$quantities<$($crate::typenum::Prod<D::$symbol, E>),+>, U, V>
[INFO] [stdout]     |                    ^^^^^^^^^^^^^^^^^^^^^^^^^^^^^^^^^^^^^^^^^^^^^^^^^^^^^^^^^^^^^^^^^^^^^^ the trait `Integer` is not implemented for `<<D as si::Dimension>::L as std::ops::Mul<E>>::Output`
[INFO] [stdout]     | 
[INFO] [stdout]    ::: /opt/rustwide/cargo-home/registry/src/github.com-1ecc6299db9ec823/uom-0.23.1/src/si/mod.rs:10:1
[INFO] [stdout]     |
[INFO] [stdout] 10  | / system! {
[INFO] [stdout] 11  | |     /// [International System of Quantities](http://jcgm.bipm.org/vim/en/1.6.html) (ISQ).
[INFO] [stdout] 12  | |     quantities: ISQ {
[INFO] [stdout] 13  | |         /// Length, one of the base quantities in the ISQ, denoted by the symbol L. The base unit
[INFO] [stdout] ...   |
[INFO] [stdout] 75  | |     }
[INFO] [stdout] 76  | | }
[INFO] [stdout]     | |_- in this macro invocation
[INFO] [stdout]     |
[INFO] [stdout]     = note: this error originates in a macro (in Nightly builds, run with -Z macro-backtrace for more info)
[INFO] [stdout] 
[INFO] [stdout] 
[INFO] [stdout] error[E0277]: the trait bound `<<D as si::Dimension>::M as std::ops::Mul<E>>::Output: Integer` is not satisfied
[INFO] [stdout]    --> /opt/rustwide/cargo-home/registry/src/github.com-1ecc6299db9ec823/uom-0.23.1/src/system.rs:747:18
[INFO] [stdout]     |
[INFO] [stdout] 236 |           pub struct Quantity<D, U, V>
[INFO] [stdout]     |                      -------- required by a bound in this
[INFO] [stdout] 237 |           where
[INFO] [stdout] 238 |               D: Dimension + ?Sized,
[INFO] [stdout]     |                  --------- required by this bound in `si::Quantity`
[INFO] [stdout] ...
[INFO] [stdout] 747 |               ) -> Quantity<$quantities<$($crate::typenum::Prod<D::$symbol, E>),+>, U, V>
[INFO] [stdout]     |                    ^^^^^^^^^^^^^^^^^^^^^^^^^^^^^^^^^^^^^^^^^^^^^^^^^^^^^^^^^^^^^^^^^^^^^^ the trait `Integer` is not implemented for `<<D as si::Dimension>::M as std::ops::Mul<E>>::Output`
[INFO] [stdout]     | 
[INFO] [stdout]    ::: /opt/rustwide/cargo-home/registry/src/github.com-1ecc6299db9ec823/uom-0.23.1/src/si/mod.rs:10:1
[INFO] [stdout]     |
[INFO] [stdout] 10  | / system! {
[INFO] [stdout] 11  | |     /// [International System of Quantities](http://jcgm.bipm.org/vim/en/1.6.html) (ISQ).
[INFO] [stdout] 12  | |     quantities: ISQ {
[INFO] [stdout] 13  | |         /// Length, one of the base quantities in the ISQ, denoted by the symbol L. The base unit
[INFO] [stdout] ...   |
[INFO] [stdout] 75  | |     }
[INFO] [stdout] 76  | | }
[INFO] [stdout]     | |_- in this macro invocation
[INFO] [stdout]     |
[INFO] [stdout]     = note: this error originates in a macro (in Nightly builds, run with -Z macro-backtrace for more info)
[INFO] [stdout] 
[INFO] [stdout] 
[INFO] [stdout] error[E0277]: the trait bound `<<D as si::Dimension>::T as std::ops::Mul<E>>::Output: Integer` is not satisfied
[INFO] [stdout]    --> /opt/rustwide/cargo-home/registry/src/github.com-1ecc6299db9ec823/uom-0.23.1/src/system.rs:747:18
[INFO] [stdout]     |
[INFO] [stdout] 236 |           pub struct Quantity<D, U, V>
[INFO] [stdout]     |                      -------- required by a bound in this
[INFO] [stdout] 237 |           where
[INFO] [stdout] 238 |               D: Dimension + ?Sized,
[INFO] [stdout]     |                  --------- required by this bound in `si::Quantity`
[INFO] [stdout] ...
[INFO] [stdout] 747 |               ) -> Quantity<$quantities<$($crate::typenum::Prod<D::$symbol, E>),+>, U, V>
[INFO] [stdout]     |                    ^^^^^^^^^^^^^^^^^^^^^^^^^^^^^^^^^^^^^^^^^^^^^^^^^^^^^^^^^^^^^^^^^^^^^^ the trait `Integer` is not implemented for `<<D as si::Dimension>::T as std::ops::Mul<E>>::Output`
[INFO] [stdout]     | 
[INFO] [stdout]    ::: /opt/rustwide/cargo-home/registry/src/github.com-1ecc6299db9ec823/uom-0.23.1/src/si/mod.rs:10:1
[INFO] [stdout]     |
[INFO] [stdout] 10  | / system! {
[INFO] [stdout] 11  | |     /// [International System of Quantities](http://jcgm.bipm.org/vim/en/1.6.html) (ISQ).
[INFO] [stdout] 12  | |     quantities: ISQ {
[INFO] [stdout] 13  | |         /// Length, one of the base quantities in the ISQ, denoted by the symbol L. The base unit
[INFO] [stdout] ...   |
[INFO] [stdout] 75  | |     }
[INFO] [stdout] 76  | | }
[INFO] [stdout]     | |_- in this macro invocation
[INFO] [stdout]     |
[INFO] [stdout]     = note: this error originates in a macro (in Nightly builds, run with -Z macro-backtrace for more info)
[INFO] [stdout] 
[INFO] [stdout] 
[INFO] [stdout] error[E0277]: the trait bound `<<D as si::Dimension>::I as std::ops::Mul<E>>::Output: Integer` is not satisfied
[INFO] [stdout]    --> /opt/rustwide/cargo-home/registry/src/github.com-1ecc6299db9ec823/uom-0.23.1/src/system.rs:747:18
[INFO] [stdout]     |
[INFO] [stdout] 236 |           pub struct Quantity<D, U, V>
[INFO] [stdout]     |                      -------- required by a bound in this
[INFO] [stdout] 237 |           where
[INFO] [stdout] 238 |               D: Dimension + ?Sized,
[INFO] [stdout]     |                  --------- required by this bound in `si::Quantity`
[INFO] [stdout] ...
[INFO] [stdout] 747 |               ) -> Quantity<$quantities<$($crate::typenum::Prod<D::$symbol, E>),+>, U, V>
[INFO] [stdout]     |                    ^^^^^^^^^^^^^^^^^^^^^^^^^^^^^^^^^^^^^^^^^^^^^^^^^^^^^^^^^^^^^^^^^^^^^^ the trait `Integer` is not implemented for `<<D as si::Dimension>::I as std::ops::Mul<E>>::Output`
[INFO] [stdout]     | 
[INFO] [stdout]    ::: /opt/rustwide/cargo-home/registry/src/github.com-1ecc6299db9ec823/uom-0.23.1/src/si/mod.rs:10:1
[INFO] [stdout]     |
[INFO] [stdout] 10  | / system! {
[INFO] [stdout] 11  | |     /// [International System of Quantities](http://jcgm.bipm.org/vim/en/1.6.html) (ISQ).
[INFO] [stdout] 12  | |     quantities: ISQ {
[INFO] [stdout] 13  | |         /// Length, one of the base quantities in the ISQ, denoted by the symbol L. The base unit
[INFO] [stdout] ...   |
[INFO] [stdout] 75  | |     }
[INFO] [stdout] 76  | | }
[INFO] [stdout]     | |_- in this macro invocation
[INFO] [stdout]     |
[INFO] [stdout]     = note: this error originates in a macro (in Nightly builds, run with -Z macro-backtrace for more info)
[INFO] [stdout] 
[INFO] [stdout] 
[INFO] [stdout] error[E0277]: the trait bound `<<D as si::Dimension>::Th as std::ops::Mul<E>>::Output: Integer` is not satisfied
[INFO] [stdout]    --> /opt/rustwide/cargo-home/registry/src/github.com-1ecc6299db9ec823/uom-0.23.1/src/system.rs:747:18
[INFO] [stdout]     |
[INFO] [stdout] 236 |           pub struct Quantity<D, U, V>
[INFO] [stdout]     |                      -------- required by a bound in this
[INFO] [stdout] 237 |           where
[INFO] [stdout] 238 |               D: Dimension + ?Sized,
[INFO] [stdout]     |                  --------- required by this bound in `si::Quantity`
[INFO] [stdout] ...
[INFO] [stdout] 747 |               ) -> Quantity<$quantities<$($crate::typenum::Prod<D::$symbol, E>),+>, U, V>
[INFO] [stdout]     |                    ^^^^^^^^^^^^^^^^^^^^^^^^^^^^^^^^^^^^^^^^^^^^^^^^^^^^^^^^^^^^^^^^^^^^^^ the trait `Integer` is not implemented for `<<D as si::Dimension>::Th as std::ops::Mul<E>>::Output`
[INFO] [stdout]     | 
[INFO] [stdout]    ::: /opt/rustwide/cargo-home/registry/src/github.com-1ecc6299db9ec823/uom-0.23.1/src/si/mod.rs:10:1
[INFO] [stdout]     |
[INFO] [stdout] 10  | / system! {
[INFO] [stdout] 11  | |     /// [International System of Quantities](http://jcgm.bipm.org/vim/en/1.6.html) (ISQ).
[INFO] [stdout] 12  | |     quantities: ISQ {
[INFO] [stdout] 13  | |         /// Length, one of the base quantities in the ISQ, denoted by the symbol L. The base unit
[INFO] [stdout] ...   |
[INFO] [stdout] 75  | |     }
[INFO] [stdout] 76  | | }
[INFO] [stdout]     | |_- in this macro invocation
[INFO] [stdout]     |
[INFO] [stdout]     = note: this error originates in a macro (in Nightly builds, run with -Z macro-backtrace for more info)
[INFO] [stdout] 
[INFO] [stdout] 
[INFO] [stdout] error[E0277]: the trait bound `<<D as si::Dimension>::N as std::ops::Mul<E>>::Output: Integer` is not satisfied
[INFO] [stdout]    --> /opt/rustwide/cargo-home/registry/src/github.com-1ecc6299db9ec823/uom-0.23.1/src/system.rs:747:18
[INFO] [stdout]     |
[INFO] [stdout] 236 |           pub struct Quantity<D, U, V>
[INFO] [stdout]     |                      -------- required by a bound in this
[INFO] [stdout] 237 |           where
[INFO] [stdout] 238 |               D: Dimension + ?Sized,
[INFO] [stdout]     |                  --------- required by this bound in `si::Quantity`
[INFO] [stdout] ...
[INFO] [stdout] 747 |               ) -> Quantity<$quantities<$($crate::typenum::Prod<D::$symbol, E>),+>, U, V>
[INFO] [stdout]     |                    ^^^^^^^^^^^^^^^^^^^^^^^^^^^^^^^^^^^^^^^^^^^^^^^^^^^^^^^^^^^^^^^^^^^^^^ the trait `Integer` is not implemented for `<<D as si::Dimension>::N as std::ops::Mul<E>>::Output`
[INFO] [stdout]     | 
[INFO] [stdout]    ::: /opt/rustwide/cargo-home/registry/src/github.com-1ecc6299db9ec823/uom-0.23.1/src/si/mod.rs:10:1
[INFO] [stdout]     |
[INFO] [stdout] 10  | / system! {
[INFO] [stdout] 11  | |     /// [International System of Quantities](http://jcgm.bipm.org/vim/en/1.6.html) (ISQ).
[INFO] [stdout] 12  | |     quantities: ISQ {
[INFO] [stdout] 13  | |         /// Length, one of the base quantities in the ISQ, denoted by the symbol L. The base unit
[INFO] [stdout] ...   |
[INFO] [stdout] 75  | |     }
[INFO] [stdout] 76  | | }
[INFO] [stdout]     | |_- in this macro invocation
[INFO] [stdout]     |
[INFO] [stdout]     = note: this error originates in a macro (in Nightly builds, run with -Z macro-backtrace for more info)
[INFO] [stdout] 
[INFO] [stdout] 
[INFO] [stdout] error[E0277]: the trait bound `<<D as si::Dimension>::J as std::ops::Mul<E>>::Output: Integer` is not satisfied
[INFO] [stdout]    --> /opt/rustwide/cargo-home/registry/src/github.com-1ecc6299db9ec823/uom-0.23.1/src/system.rs:747:18
[INFO] [stdout]     |
[INFO] [stdout] 236 |           pub struct Quantity<D, U, V>
[INFO] [stdout]     |                      -------- required by a bound in this
[INFO] [stdout] 237 |           where
[INFO] [stdout] 238 |               D: Dimension + ?Sized,
[INFO] [stdout]     |                  --------- required by this bound in `si::Quantity`
[INFO] [stdout] ...
[INFO] [stdout] 747 |               ) -> Quantity<$quantities<$($crate::typenum::Prod<D::$symbol, E>),+>, U, V>
[INFO] [stdout]     |                    ^^^^^^^^^^^^^^^^^^^^^^^^^^^^^^^^^^^^^^^^^^^^^^^^^^^^^^^^^^^^^^^^^^^^^^ the trait `Integer` is not implemented for `<<D as si::Dimension>::J as std::ops::Mul<E>>::Output`
[INFO] [stdout]     | 
[INFO] [stdout]    ::: /opt/rustwide/cargo-home/registry/src/github.com-1ecc6299db9ec823/uom-0.23.1/src/si/mod.rs:10:1
[INFO] [stdout]     |
[INFO] [stdout] 10  | / system! {
[INFO] [stdout] 11  | |     /// [International System of Quantities](http://jcgm.bipm.org/vim/en/1.6.html) (ISQ).
[INFO] [stdout] 12  | |     quantities: ISQ {
[INFO] [stdout] 13  | |         /// Length, one of the base quantities in the ISQ, denoted by the symbol L. The base unit
[INFO] [stdout] ...   |
[INFO] [stdout] 75  | |     }
[INFO] [stdout] 76  | | }
[INFO] [stdout]     | |_- in this macro invocation
[INFO] [stdout]     |
[INFO] [stdout]     = note: this error originates in a macro (in Nightly builds, run with -Z macro-backtrace for more info)
[INFO] [stdout] 
[INFO] [stdout] 
[INFO] [stdout] error[E0277]: the trait bound `<<Dl as si::Dimension>::L as std::ops::Add<<Dr as si::Dimension>::L>>::Output: Integer` is not satisfied
[INFO] [stdout]    --> /opt/rustwide/cargo-home/registry/src/github.com-1ecc6299db9ec823/uom-0.23.1/src/system.rs:424:21
[INFO] [stdout]     |
[INFO] [stdout] 236 |           pub struct Quantity<D, U, V>
[INFO] [stdout]     |                      -------- required by a bound in this
[INFO] [stdout] 237 |           where
[INFO] [stdout] 238 |               D: Dimension + ?Sized,
[INFO] [stdout]     |                  --------- required by this bound in `si::Quantity`
[INFO] [stdout] ...
[INFO] [stdout] 424 | /                     type Output = Quantity<
[INFO] [stdout] 425 | |                         $quantities<$($crate::typenum::$AddSubAlias<Dl::$symbol, Dr::$symbol>,)+>,
[INFO] [stdout] 426 | |                         Ul, V>;
[INFO] [stdout]     | |_______________________________^ the trait `Integer` is not implemented for `<<Dl as si::Dimension>::L as std::ops::Add<<Dr as si::Dimension>::L>>::Output`
[INFO] [stdout]     | 
[INFO] [stdout]    ::: /opt/rustwide/cargo-home/registry/src/github.com-1ecc6299db9ec823/uom-0.23.1/src/si/mod.rs:10:1
[INFO] [stdout]     |
[INFO] [stdout] 10  | / system! {
[INFO] [stdout] 11  | |     /// [International System of Quantities](http://jcgm.bipm.org/vim/en/1.6.html) (ISQ).
[INFO] [stdout] 12  | |     quantities: ISQ {
[INFO] [stdout] 13  | |         /// Length, one of the base quantities in the ISQ, denoted by the symbol L. The base unit
[INFO] [stdout] ...   |
[INFO] [stdout] 75  | |     }
[INFO] [stdout] 76  | | }
[INFO] [stdout]     | |_- in this macro invocation
[INFO] [stdout]     |
[INFO] [stdout]     = note: this error originates in a macro (in Nightly builds, run with -Z macro-backtrace for more info)
[INFO] [stdout] 
[INFO] [stdout] 
[INFO] [stdout] error[E0277]: the trait bound `<<Dl as si::Dimension>::M as std::ops::Add<<Dr as si::Dimension>::M>>::Output: Integer` is not satisfied
[INFO] [stdout]    --> /opt/rustwide/cargo-home/registry/src/github.com-1ecc6299db9ec823/uom-0.23.1/src/system.rs:424:21
[INFO] [stdout]     |
[INFO] [stdout] 236 |           pub struct Quantity<D, U, V>
[INFO] [stdout]     |                      -------- required by a bound in this
[INFO] [stdout] 237 |           where
[INFO] [stdout] 238 |               D: Dimension + ?Sized,
[INFO] [stdout]     |                  --------- required by this bound in `si::Quantity`
[INFO] [stdout] ...
[INFO] [stdout] 424 | /                     type Output = Quantity<
[INFO] [stdout] 425 | |                         $quantities<$($crate::typenum::$AddSubAlias<Dl::$symbol, Dr::$symbol>,)+>,
[INFO] [stdout] 426 | |                         Ul, V>;
[INFO] [stdout]     | |_______________________________^ the trait `Integer` is not implemented for `<<Dl as si::Dimension>::M as std::ops::Add<<Dr as si::Dimension>::M>>::Output`
[INFO] [stdout]     | 
[INFO] [stdout]    ::: /opt/rustwide/cargo-home/registry/src/github.com-1ecc6299db9ec823/uom-0.23.1/src/si/mod.rs:10:1
[INFO] [stdout]     |
[INFO] [stdout] 10  | / system! {
[INFO] [stdout] 11  | |     /// [International System of Quantities](http://jcgm.bipm.org/vim/en/1.6.html) (ISQ).
[INFO] [stdout] 12  | |     quantities: ISQ {
[INFO] [stdout] 13  | |         /// Length, one of the base quantities in the ISQ, denoted by the symbol L. The base unit
[INFO] [stdout] ...   |
[INFO] [stdout] 75  | |     }
[INFO] [stdout] 76  | | }
[INFO] [stdout]     | |_- in this macro invocation
[INFO] [stdout]     |
[INFO] [stdout]     = note: this error originates in a macro (in Nightly builds, run with -Z macro-backtrace for more info)
[INFO] [stdout] 
[INFO] [stdout] 
[INFO] [stdout] error[E0277]: the trait bound `<<Dl as si::Dimension>::T as std::ops::Add<<Dr as si::Dimension>::T>>::Output: Integer` is not satisfied
[INFO] [stdout]    --> /opt/rustwide/cargo-home/registry/src/github.com-1ecc6299db9ec823/uom-0.23.1/src/system.rs:424:21
[INFO] [stdout]     |
[INFO] [stdout] 236 |           pub struct Quantity<D, U, V>
[INFO] [stdout]     |                      -------- required by a bound in this
[INFO] [stdout] 237 |           where
[INFO] [stdout] 238 |               D: Dimension + ?Sized,
[INFO] [stdout]     |                  --------- required by this bound in `si::Quantity`
[INFO] [stdout] ...
[INFO] [stdout] 424 | /                     type Output = Quantity<
[INFO] [stdout] 425 | |                         $quantities<$($crate::typenum::$AddSubAlias<Dl::$symbol, Dr::$symbol>,)+>,
[INFO] [stdout] 426 | |                         Ul, V>;
[INFO] [stdout]     | |_______________________________^ the trait `Integer` is not implemented for `<<Dl as si::Dimension>::T as std::ops::Add<<Dr as si::Dimension>::T>>::Output`
[INFO] [stdout]     | 
[INFO] [stdout]    ::: /opt/rustwide/cargo-home/registry/src/github.com-1ecc6299db9ec823/uom-0.23.1/src/si/mod.rs:10:1
[INFO] [stdout]     |
[INFO] [stdout] 10  | / system! {
[INFO] [stdout] 11  | |     /// [International System of Quantities](http://jcgm.bipm.org/vim/en/1.6.html) (ISQ).
[INFO] [stdout] 12  | |     quantities: ISQ {
[INFO] [stdout] 13  | |         /// Length, one of the base quantities in the ISQ, denoted by the symbol L. The base unit
[INFO] [stdout] ...   |
[INFO] [stdout] 75  | |     }
[INFO] [stdout] 76  | | }
[INFO] [stdout]     | |_- in this macro invocation
[INFO] [stdout]     |
[INFO] [stdout]     = note: this error originates in a macro (in Nightly builds, run with -Z macro-backtrace for more info)
[INFO] [stdout] 
[INFO] [stdout] 
[INFO] [stdout] error[E0277]: the trait bound `<<Dl as si::Dimension>::I as std::ops::Add<<Dr as si::Dimension>::I>>::Output: Integer` is not satisfied
[INFO] [stdout]    --> /opt/rustwide/cargo-home/registry/src/github.com-1ecc6299db9ec823/uom-0.23.1/src/system.rs:424:21
[INFO] [stdout]     |
[INFO] [stdout] 236 |           pub struct Quantity<D, U, V>
[INFO] [stdout]     |                      -------- required by a bound in this
[INFO] [stdout] 237 |           where
[INFO] [stdout] 238 |               D: Dimension + ?Sized,
[INFO] [stdout]     |                  --------- required by this bound in `si::Quantity`
[INFO] [stdout] ...
[INFO] [stdout] 424 | /                     type Output = Quantity<
[INFO] [stdout] 425 | |                         $quantities<$($crate::typenum::$AddSubAlias<Dl::$symbol, Dr::$symbol>,)+>,
[INFO] [stdout] 426 | |                         Ul, V>;
[INFO] [stdout]     | |_______________________________^ the trait `Integer` is not implemented for `<<Dl as si::Dimension>::I as std::ops::Add<<Dr as si::Dimension>::I>>::Output`
[INFO] [stdout]     | 
[INFO] [stdout]    ::: /opt/rustwide/cargo-home/registry/src/github.com-1ecc6299db9ec823/uom-0.23.1/src/si/mod.rs:10:1
[INFO] [stdout]     |
[INFO] [stdout] 10  | / system! {
[INFO] [stdout] 11  | |     /// [International System of Quantities](http://jcgm.bipm.org/vim/en/1.6.html) (ISQ).
[INFO] [stdout] 12  | |     quantities: ISQ {
[INFO] [stdout] 13  | |         /// Length, one of the base quantities in the ISQ, denoted by the symbol L. The base unit
[INFO] [stdout] ...   |
[INFO] [stdout] 75  | |     }
[INFO] [stdout] 76  | | }
[INFO] [stdout]     | |_- in this macro invocation
[INFO] [stdout]     |
[INFO] [stdout]     = note: this error originates in a macro (in Nightly builds, run with -Z macro-backtrace for more info)
[INFO] [stdout] 
[INFO] [stdout] 
[INFO] [stdout] error[E0277]: the trait bound `<<Dl as si::Dimension>::Th as std::ops::Add<<Dr as si::Dimension>::Th>>::Output: Integer` is not satisfied
[INFO] [stdout]    --> /opt/rustwide/cargo-home/registry/src/github.com-1ecc6299db9ec823/uom-0.23.1/src/system.rs:424:21
[INFO] [stdout]     |
[INFO] [stdout] 236 |           pub struct Quantity<D, U, V>
[INFO] [stdout]     |                      -------- required by a bound in this
[INFO] [stdout] 237 |           where
[INFO] [stdout] 238 |               D: Dimension + ?Sized,
[INFO] [stdout]     |                  --------- required by this bound in `si::Quantity`
[INFO] [stdout] ...
[INFO] [stdout] 424 | /                     type Output = Quantity<
[INFO] [stdout] 425 | |                         $quantities<$($crate::typenum::$AddSubAlias<Dl::$symbol, Dr::$symbol>,)+>,
[INFO] [stdout] 426 | |                         Ul, V>;
[INFO] [stdout]     | |_______________________________^ the trait `Integer` is not implemented for `<<Dl as si::Dimension>::Th as std::ops::Add<<Dr as si::Dimension>::Th>>::Output`
[INFO] [stdout]     | 
[INFO] [stdout]    ::: /opt/rustwide/cargo-home/registry/src/github.com-1ecc6299db9ec823/uom-0.23.1/src/si/mod.rs:10:1
[INFO] [stdout]     |
[INFO] [stdout] 10  | / system! {
[INFO] [stdout] 11  | |     /// [International System of Quantities](http://jcgm.bipm.org/vim/en/1.6.html) (ISQ).
[INFO] [stdout] 12  | |     quantities: ISQ {
[INFO] [stdout] 13  | |         /// Length, one of the base quantities in the ISQ, denoted by the symbol L. The base unit
[INFO] [stdout] ...   |
[INFO] [stdout] 75  | |     }
[INFO] [stdout] 76  | | }
[INFO] [stdout]     | |_- in this macro invocation
[INFO] [stdout]     |
[INFO] [stdout]     = note: this error originates in a macro (in Nightly builds, run with -Z macro-backtrace for more info)
[INFO] [stdout] 
[INFO] [stdout] 
[INFO] [stdout] error[E0277]: the trait bound `<<Dl as si::Dimension>::N as std::ops::Add<<Dr as si::Dimension>::N>>::Output: Integer` is not satisfied
[INFO] [stdout]    --> /opt/rustwide/cargo-home/registry/src/github.com-1ecc6299db9ec823/uom-0.23.1/src/system.rs:424:21
[INFO] [stdout]     |
[INFO] [stdout] 236 |           pub struct Quantity<D, U, V>
[INFO] [stdout]     |                      -------- required by a bound in this
[INFO] [stdout] 237 |           where
[INFO] [stdout] 238 |               D: Dimension + ?Sized,
[INFO] [stdout]     |                  --------- required by this bound in `si::Quantity`
[INFO] [stdout] ...
[INFO] [stdout] 424 | /                     type Output = Quantity<
[INFO] [stdout] 425 | |                         $quantities<$($crate::typenum::$AddSubAlias<Dl::$symbol, Dr::$symbol>,)+>,
[INFO] [stdout] 426 | |                         Ul, V>;
[INFO] [stdout]     | |_______________________________^ the trait `Integer` is not implemented for `<<Dl as si::Dimension>::N as std::ops::Add<<Dr as si::Dimension>::N>>::Output`
[INFO] [stdout]     | 
[INFO] [stdout]    ::: /opt/rustwide/cargo-home/registry/src/github.com-1ecc6299db9ec823/uom-0.23.1/src/si/mod.rs:10:1
[INFO] [stdout]     |
[INFO] [stdout] 10  | / system! {
[INFO] [stdout] 11  | |     /// [International System of Quantities](http://jcgm.bipm.org/vim/en/1.6.html) (ISQ).
[INFO] [stdout] 12  | |     quantities: ISQ {
[INFO] [stdout] 13  | |         /// Length, one of the base quantities in the ISQ, denoted by the symbol L. The base unit
[INFO] [stdout] ...   |
[INFO] [stdout] 75  | |     }
[INFO] [stdout] 76  | | }
[INFO] [stdout]     | |_- in this macro invocation
[INFO] [stdout]     |
[INFO] [stdout]     = note: this error originates in a macro (in Nightly builds, run with -Z macro-backtrace for more info)
[INFO] [stdout] 
[INFO] [stdout] 
[INFO] [stdout] error[E0277]: the trait bound `<<Dl as si::Dimension>::J as std::ops::Add<<Dr as si::Dimension>::J>>::Output: Integer` is not satisfied
[INFO] [stdout]    --> /opt/rustwide/cargo-home/registry/src/github.com-1ecc6299db9ec823/uom-0.23.1/src/system.rs:424:21
[INFO] [stdout]     |
[INFO] [stdout] 236 |           pub struct Quantity<D, U, V>
[INFO] [stdout]     |                      -------- required by a bound in this
[INFO] [stdout] 237 |           where
[INFO] [stdout] 238 |               D: Dimension + ?Sized,
[INFO] [stdout]     |                  --------- required by this bound in `si::Quantity`
[INFO] [stdout] ...
[INFO] [stdout] 424 | /                     type Output = Quantity<
[INFO] [stdout] 425 | |                         $quantities<$($crate::typenum::$AddSubAlias<Dl::$symbol, Dr::$symbol>,)+>,
[INFO] [stdout] 426 | |                         Ul, V>;
[INFO] [stdout]     | |_______________________________^ the trait `Integer` is not implemented for `<<Dl as si::Dimension>::J as std::ops::Add<<Dr as si::Dimension>::J>>::Output`
[INFO] [stdout]     | 
[INFO] [stdout]    ::: /opt/rustwide/cargo-home/registry/src/github.com-1ecc6299db9ec823/uom-0.23.1/src/si/mod.rs:10:1
[INFO] [stdout]     |
[INFO] [stdout] 10  | / system! {
[INFO] [stdout] 11  | |     /// [International System of Quantities](http://jcgm.bipm.org/vim/en/1.6.html) (ISQ).
[INFO] [stdout] 12  | |     quantities: ISQ {
[INFO] [stdout] 13  | |         /// Length, one of the base quantities in the ISQ, denoted by the symbol L. The base unit
[INFO] [stdout] ...   |
[INFO] [stdout] 75  | |     }
[INFO] [stdout] 76  | | }
[INFO] [stdout]     | |_- in this macro invocation
[INFO] [stdout]     |
[INFO] [stdout]     = note: this error originates in a macro (in Nightly builds, run with -Z macro-backtrace for more info)
[INFO] [stdout] 
[INFO] [stdout] 
[INFO] [stdout] error[E0277]: the trait bound `<<Dl as si::Dimension>::L as std::ops::Add<<Dr as si::Dimension>::L>>::Output: Integer` is not satisfied
[INFO] [stdout]    --> /opt/rustwide/cargo-home/registry/src/github.com-1ecc6299db9ec823/uom-0.23.1/src/system.rs:429:71
[INFO] [stdout]     |
[INFO] [stdout] 236 |           pub struct Quantity<D, U, V>
[INFO] [stdout]     |                      -------- required by a bound in this
[INFO] [stdout] 237 |           where
[INFO] [stdout] 238 |               D: Dimension + ?Sized,
[INFO] [stdout]     |                  --------- required by this bound in `si::Quantity`
[INFO] [stdout] ...
[INFO] [stdout] 429 |                       fn $muldiv_fun(self, rhs: Quantity<Dr, Ur, V>) -> Self::Output {
[INFO] [stdout]     |                                                                         ^^^^^^^^^^^^ the trait `Integer` is not implemented for `<<Dl as si::Dimension>::L as std::ops::Add<<Dr as si::Dimension>::L>>::Output`
[INFO] [stdout]     | 
[INFO] [stdout]    ::: /opt/rustwide/cargo-home/registry/src/github.com-1ecc6299db9ec823/uom-0.23.1/src/si/mod.rs:10:1
[INFO] [stdout]     |
[INFO] [stdout] 10  | / system! {
[INFO] [stdout] 11  | |     /// [International System of Quantities](http://jcgm.bipm.org/vim/en/1.6.html) (ISQ).
[INFO] [stdout] 12  | |     quantities: ISQ {
[INFO] [stdout] 13  | |         /// Length, one of the base quantities in the ISQ, denoted by the symbol L. The base unit
[INFO] [stdout] ...   |
[INFO] [stdout] 75  | |     }
[INFO] [stdout] 76  | | }
[INFO] [stdout]     | |_- in this macro invocation
[INFO] [stdout]     |
[INFO] [stdout]     = note: this error originates in a macro (in Nightly builds, run with -Z macro-backtrace for more info)
[INFO] [stdout] 
[INFO] [stdout] 
[INFO] [stdout] error[E0277]: the trait bound `<<Dl as si::Dimension>::M as std::ops::Add<<Dr as si::Dimension>::M>>::Output: Integer` is not satisfied
[INFO] [stdout]    --> /opt/rustwide/cargo-home/registry/src/github.com-1ecc6299db9ec823/uom-0.23.1/src/system.rs:429:71
[INFO] [stdout]     |
[INFO] [stdout] 236 |           pub struct Quantity<D, U, V>
[INFO] [stdout]     |                      -------- required by a bound in this
[INFO] [stdout] 237 |           where
[INFO] [stdout] 238 |               D: Dimension + ?Sized,
[INFO] [stdout]     |                  --------- required by this bound in `si::Quantity`
[INFO] [stdout] ...
[INFO] [stdout] 429 |                       fn $muldiv_fun(self, rhs: Quantity<Dr, Ur, V>) -> Self::Output {
[INFO] [stdout]     |                                                                         ^^^^^^^^^^^^ the trait `Integer` is not implemented for `<<Dl as si::Dimension>::M as std::ops::Add<<Dr as si::Dimension>::M>>::Output`
[INFO] [stdout]     | 
[INFO] [stdout]    ::: /opt/rustwide/cargo-home/registry/src/github.com-1ecc6299db9ec823/uom-0.23.1/src/si/mod.rs:10:1
[INFO] [stdout]     |
[INFO] [stdout] 10  | / system! {
[INFO] [stdout] 11  | |     /// [International System of Quantities](http://jcgm.bipm.org/vim/en/1.6.html) (ISQ).
[INFO] [stdout] 12  | |     quantities: ISQ {
[INFO] [stdout] 13  | |         /// Length, one of the base quantities in the ISQ, denoted by the symbol L. The base unit
[INFO] [stdout] ...   |
[INFO] [stdout] 75  | |     }
[INFO] [stdout] 76  | | }
[INFO] [stdout]     | |_- in this macro invocation
[INFO] [stdout]     |
[INFO] [stdout]     = note: this error originates in a macro (in Nightly builds, run with -Z macro-backtrace for more info)
[INFO] [stdout] 
[INFO] [stdout] 
[INFO] [stdout] error[E0277]: the trait bound `<<Dl as si::Dimension>::T as std::ops::Add<<Dr as si::Dimension>::T>>::Output: Integer` is not satisfied
[INFO] [stdout]    --> /opt/rustwide/cargo-home/registry/src/github.com-1ecc6299db9ec823/uom-0.23.1/src/system.rs:429:71
[INFO] [stdout]     |
[INFO] [stdout] 236 |           pub struct Quantity<D, U, V>
[INFO] [stdout]     |                      -------- required by a bound in this
[INFO] [stdout] 237 |           where
[INFO] [stdout] 238 |               D: Dimension + ?Sized,
[INFO] [stdout]     |                  --------- required by this bound in `si::Quantity`
[INFO] [stdout] ...
[INFO] [stdout] 429 |                       fn $muldiv_fun(self, rhs: Quantity<Dr, Ur, V>) -> Self::Output {
[INFO] [stdout]     |                                                                         ^^^^^^^^^^^^ the trait `Integer` is not implemented for `<<Dl as si::Dimension>::T as std::ops::Add<<Dr as si::Dimension>::T>>::Output`
[INFO] [stdout]     | 
[INFO] [stdout]    ::: /opt/rustwide/cargo-home/registry/src/github.com-1ecc6299db9ec823/uom-0.23.1/src/si/mod.rs:10:1
[INFO] [stdout]     |
[INFO] [stdout] 10  | / system! {
[INFO] [stdout] 11  | |     /// [International System of Quantities](http://jcgm.bipm.org/vim/en/1.6.html) (ISQ).
[INFO] [stdout] 12  | |     quantities: ISQ {
[INFO] [stdout] 13  | |         /// Length, one of the base quantities in the ISQ, denoted by the symbol L. The base unit
[INFO] [stdout] ...   |
[INFO] [stdout] 75  | |     }
[INFO] [stdout] 76  | | }
[INFO] [stdout]     | |_- in this macro invocation
[INFO] [stdout]     |
[INFO] [stdout]     = note: this error originates in a macro (in Nightly builds, run with -Z macro-backtrace for more info)
[INFO] [stdout] 
[INFO] [stdout] 
[INFO] [stdout] error[E0277]: the trait bound `<<Dl as si::Dimension>::I as std::ops::Add<<Dr as si::Dimension>::I>>::Output: Integer` is not satisfied
[INFO] [stdout]    --> /opt/rustwide/cargo-home/registry/src/github.com-1ecc6299db9ec823/uom-0.23.1/src/system.rs:429:71
[INFO] [stdout]     |
[INFO] [stdout] 236 |           pub struct Quantity<D, U, V>
[INFO] [stdout]     |                      -------- required by a bound in this
[INFO] [stdout] 237 |           where
[INFO] [stdout] 238 |               D: Dimension + ?Sized,
[INFO] [stdout]     |                  --------- required by this bound in `si::Quantity`
[INFO] [stdout] ...
[INFO] [stdout] 429 |                       fn $muldiv_fun(self, rhs: Quantity<Dr, Ur, V>) -> Self::Output {
[INFO] [stdout]     |                                                                         ^^^^^^^^^^^^ the trait `Integer` is not implemented for `<<Dl as si::Dimension>::I as std::ops::Add<<Dr as si::Dimension>::I>>::Output`
[INFO] [stdout]     | 
[INFO] [stdout]    ::: /opt/rustwide/cargo-home/registry/src/github.com-1ecc6299db9ec823/uom-0.23.1/src/si/mod.rs:10:1
[INFO] [stdout]     |
[INFO] [stdout] 10  | / system! {
[INFO] [stdout] 11  | |     /// [International System of Quantities](http://jcgm.bipm.org/vim/en/1.6.html) (ISQ).
[INFO] [stdout] 12  | |     quantities: ISQ {
[INFO] [stdout] 13  | |         /// Length, one of the base quantities in the ISQ, denoted by the symbol L. The base unit
[INFO] [stdout] ...   |
[INFO] [stdout] 75  | |     }
[INFO] [stdout] 76  | | }
[INFO] [stdout]     | |_- in this macro invocation
[INFO] [stdout]     |
[INFO] [stdout]     = note: this error originates in a macro (in Nightly builds, run with -Z macro-backtrace for more info)
[INFO] [stdout] 
[INFO] [stdout] 
[INFO] [stdout] error[E0277]: the trait bound `<<Dl as si::Dimension>::Th as std::ops::Add<<Dr as si::Dimension>::Th>>::Output: Integer` is not satisfied
[INFO] [stdout]    --> /opt/rustwide/cargo-home/registry/src/github.com-1ecc6299db9ec823/uom-0.23.1/src/system.rs:429:71
[INFO] [stdout]     |
[INFO] [stdout] 236 |           pub struct Quantity<D, U, V>
[INFO] [stdout]     |                      -------- required by a bound in this
[INFO] [stdout] 237 |           where
[INFO] [stdout] 238 |               D: Dimension + ?Sized,
[INFO] [stdout]     |                  --------- required by this bound in `si::Quantity`
[INFO] [stdout] ...
[INFO] [stdout] 429 |                       fn $muldiv_fun(self, rhs: Quantity<Dr, Ur, V>) -> Self::Output {
[INFO] [stdout]     |                                                                         ^^^^^^^^^^^^ the trait `Integer` is not implemented for `<<Dl as si::Dimension>::Th as std::ops::Add<<Dr as si::Dimension>::Th>>::Output`
[INFO] [stdout]     | 
[INFO] [stdout]    ::: /opt/rustwide/cargo-home/registry/src/github.com-1ecc6299db9ec823/uom-0.23.1/src/si/mod.rs:10:1
[INFO] [stdout]     |
[INFO] [stdout] 10  | / system! {
[INFO] [stdout] 11  | |     /// [International System of Quantities](http://jcgm.bipm.org/vim/en/1.6.html) (ISQ).
[INFO] [stdout] 12  | |     quantities: ISQ {
[INFO] [stdout] 13  | |         /// Length, one of the base quantities in the ISQ, denoted by the symbol L. The base unit
[INFO] [stdout] ...   |
[INFO] [stdout] 75  | |     }
[INFO] [stdout] 76  | | }
[INFO] [stdout]     | |_- in this macro invocation
[INFO] [stdout]     |
[INFO] [stdout]     = note: this error originates in a macro (in Nightly builds, run with -Z macro-backtrace for more info)
[INFO] [stdout] 
[INFO] [stdout] 
[INFO] [stdout] error[E0277]: the trait bound `<<Dl as si::Dimension>::N as std::ops::Add<<Dr as si::Dimension>::N>>::Output: Integer` is not satisfied
[INFO] [stdout]    --> /opt/rustwide/cargo-home/registry/src/github.com-1ecc6299db9ec823/uom-0.23.1/src/system.rs:429:71
[INFO] [stdout]     |
[INFO] [stdout] 236 |           pub struct Quantity<D, U, V>
[INFO] [stdout]     |                      -------- required by a bound in this
[INFO] [stdout] 237 |           where
[INFO] [stdout] 238 |               D: Dimension + ?Sized,
[INFO] [stdout]     |                  --------- required by this bound in `si::Quantity`
[INFO] [stdout] ...
[INFO] [stdout] 429 |                       fn $muldiv_fun(self, rhs: Quantity<Dr, Ur, V>) -> Self::Output {
[INFO] [stdout]     |                                                                         ^^^^^^^^^^^^ the trait `Integer` is not implemented for `<<Dl as si::Dimension>::N as std::ops::Add<<Dr as si::Dimension>::N>>::Output`
[INFO] [stdout]     | 
[INFO] [stdout]    ::: /opt/rustwide/cargo-home/registry/src/github.com-1ecc6299db9ec823/uom-0.23.1/src/si/mod.rs:10:1
[INFO] [stdout]     |
[INFO] [stdout] 10  | / system! {
[INFO] [stdout] 11  | |     /// [International System of Quantities](http://jcgm.bipm.org/vim/en/1.6.html) (ISQ).
[INFO] [stdout] 12  | |     quantities: ISQ {
[INFO] [stdout] 13  | |         /// Length, one of the base quantities in the ISQ, denoted by the symbol L. The base unit
[INFO] [stdout] ...   |
[INFO] [stdout] 75  | |     }
[INFO] [stdout] 76  | | }
[INFO] [stdout]     | |_- in this macro invocation
[INFO] [stdout]     |
[INFO] [stdout]     = note: this error originates in a macro (in Nightly builds, run with -Z macro-backtrace for more info)
[INFO] [stdout] 
[INFO] [stdout] 
[INFO] [stdout] error[E0277]: the trait bound `<<Dl as si::Dimension>::J as std::ops::Add<<Dr as si::Dimension>::J>>::Output: Integer` is not satisfied
[INFO] [stdout]    --> /opt/rustwide/cargo-home/registry/src/github.com-1ecc6299db9ec823/uom-0.23.1/src/system.rs:429:71
[INFO] [stdout]     |
[INFO] [stdout] 236 |           pub struct Quantity<D, U, V>
[INFO] [stdout]     |                      -------- required by a bound in this
[INFO] [stdout] 237 |           where
[INFO] [stdout] 238 |               D: Dimension + ?Sized,
[INFO] [stdout]     |                  --------- required by this bound in `si::Quantity`
[INFO] [stdout] ...
[INFO] [stdout] 429 |                       fn $muldiv_fun(self, rhs: Quantity<Dr, Ur, V>) -> Self::Output {
[INFO] [stdout]     |                                                                         ^^^^^^^^^^^^ the trait `Integer` is not implemented for `<<Dl as si::Dimension>::J as std::ops::Add<<Dr as si::Dimension>::J>>::Output`
[INFO] [stdout]     | 
[INFO] [stdout]    ::: /opt/rustwide/cargo-home/registry/src/github.com-1ecc6299db9ec823/uom-0.23.1/src/si/mod.rs:10:1
[INFO] [stdout]     |
[INFO] [stdout] 10  | / system! {
[INFO] [stdout] 11  | |     /// [International System of Quantities](http://jcgm.bipm.org/vim/en/1.6.html) (ISQ).
[INFO] [stdout] 12  | |     quantities: ISQ {
[INFO] [stdout] 13  | |         /// Length, one of the base quantities in the ISQ, denoted by the symbol L. The base unit
[INFO] [stdout] ...   |
[INFO] [stdout] 75  | |     }
[INFO] [stdout] 76  | | }
[INFO] [stdout]     | |_- in this macro invocation
[INFO] [stdout]     |
[INFO] [stdout]     = note: this error originates in a macro (in Nightly builds, run with -Z macro-backtrace for more info)
[INFO] [stdout] 
[INFO] [stdout] 
[INFO] [stdout] error[E0277]: the trait bound `<Z0 as std::ops::Add<<D as si::Dimension>::L>>::Output: Integer` is not satisfied
[INFO] [stdout]    --> /opt/rustwide/cargo-home/registry/src/github.com-1ecc6299db9ec823/uom-0.23.1/src/system.rs:509:29
[INFO] [stdout]     |
[INFO] [stdout] 236 |           pub struct Quantity<D, U, V>
[INFO] [stdout]     |                      -------- required by a bound in this
[INFO] [stdout] 237 |           where
[INFO] [stdout] 238 |               D: Dimension + ?Sized,
[INFO] [stdout]     |                  --------- required by this bound in `si::Quantity`
[INFO] [stdout] ...
[INFO] [stdout] 509 | /                             type Output = Quantity<
[INFO] [stdout] 510 | |                                 $quantities<
[INFO] [stdout] 511 | |                                     $($crate::typenum::$AddSubAlias<
[INFO] [stdout] 512 | |                                       $crate::typenum::Z0,
[INFO] [stdout] 513 | |                                       D::$symbol>,)+
[INFO] [stdout] 514 | |                                       D::Kind>,
[INFO] [stdout] 515 | |                                 U, V>;
[INFO] [stdout]     | |______________________________________^ the trait `Integer` is not implemented for `<Z0 as std::ops::Add<<D as si::Dimension>::L>>::Output`
[INFO] [stdout]     | 
[INFO] [stdout]    ::: /opt/rustwide/cargo-home/registry/src/github.com-1ecc6299db9ec823/uom-0.23.1/src/si/mod.rs:10:1
[INFO] [stdout]     |
[INFO] [stdout] 10  | / system! {
[INFO] [stdout] 11  | |     /// [International System of Quantities](http://jcgm.bipm.org/vim/en/1.6.html) (ISQ).
[INFO] [stdout] 12  | |     quantities: ISQ {
[INFO] [stdout] 13  | |         /// Length, one of the base quantities in the ISQ, denoted by the symbol L. The base unit
[INFO] [stdout] ...   |
[INFO] [stdout] 75  | |     }
[INFO] [stdout] 76  | | }
[INFO] [stdout]     | |_- in this macro invocation
[INFO] [stdout]     |
[INFO] [stdout]     = note: this error originates in a macro (in Nightly builds, run with -Z macro-backtrace for more info)
[INFO] [stdout] 
[INFO] [stdout] 
[INFO] [stdout] error[E0277]: the trait bound `<Z0 as std::ops::Add<<D as si::Dimension>::M>>::Output: Integer` is not satisfied
[INFO] [stdout]    --> /opt/rustwide/cargo-home/registry/src/github.com-1ecc6299db9ec823/uom-0.23.1/src/system.rs:509:29
[INFO] [stdout]     |
[INFO] [stdout] 236 |           pub struct Quantity<D, U, V>
[INFO] [stdout]     |                      -------- required by a bound in this
[INFO] [stdout] 237 |           where
[INFO] [stdout] 238 |               D: Dimension + ?Sized,
[INFO] [stdout]     |                  --------- required by this bound in `si::Quantity`
[INFO] [stdout] ...
[INFO] [stdout] 509 | /                             type Output = Quantity<
[INFO] [stdout] 510 | |                                 $quantities<
[INFO] [stdout] 511 | |                                     $($crate::typenum::$AddSubAlias<
[INFO] [stdout] 512 | |                                       $crate::typenum::Z0,
[INFO] [stdout] 513 | |                                       D::$symbol>,)+
[INFO] [stdout] 514 | |                                       D::Kind>,
[INFO] [stdout] 515 | |                                 U, V>;
[INFO] [stdout]     | |______________________________________^ the trait `Integer` is not implemented for `<Z0 as std::ops::Add<<D as si::Dimension>::M>>::Output`
[INFO] [stdout]     | 
[INFO] [stdout]    ::: /opt/rustwide/cargo-home/registry/src/github.com-1ecc6299db9ec823/uom-0.23.1/src/si/mod.rs:10:1
[INFO] [stdout]     |
[INFO] [stdout] 10  | / system! {
[INFO] [stdout] 11  | |     /// [International System of Quantities](http://jcgm.bipm.org/vim/en/1.6.html) (ISQ).
[INFO] [stdout] 12  | |     quantities: ISQ {
[INFO] [stdout] 13  | |         /// Length, one of the base quantities in the ISQ, denoted by the symbol L. The base unit
[INFO] [stdout] ...   |
[INFO] [stdout] 75  | |     }
[INFO] [stdout] 76  | | }
[INFO] [stdout]     | |_- in this macro invocation
[INFO] [stdout]     |
[INFO] [stdout]     = note: this error originates in a macro (in Nightly builds, run with -Z macro-backtrace for more info)
[INFO] [stdout] 
[INFO] [stdout] 
[INFO] [stdout] error[E0277]: the trait bound `<Z0 as std::ops::Add<<D as si::Dimension>::T>>::Output: Integer` is not satisfied
[INFO] [stdout]    --> /opt/rustwide/cargo-home/registry/src/github.com-1ecc6299db9ec823/uom-0.23.1/src/system.rs:509:29
[INFO] [stdout]     |
[INFO] [stdout] 236 |           pub struct Quantity<D, U, V>
[INFO] [stdout]     |                      -------- required by a bound in this
[INFO] [stdout] 237 |           where
[INFO] [stdout] 238 |               D: Dimension + ?Sized,
[INFO] [stdout]     |                  --------- required by this bound in `si::Quantity`
[INFO] [stdout] ...
[INFO] [stdout] 509 | /                             type Output = Quantity<
[INFO] [stdout] 510 | |                                 $quantities<
[INFO] [stdout] 511 | |                                     $($crate::typenum::$AddSubAlias<
[INFO] [stdout] 512 | |                                       $crate::typenum::Z0,
[INFO] [stdout] 513 | |                                       D::$symbol>,)+
[INFO] [stdout] 514 | |                                       D::Kind>,
[INFO] [stdout] 515 | |                                 U, V>;
[INFO] [stdout]     | |______________________________________^ the trait `Integer` is not implemented for `<Z0 as std::ops::Add<<D as si::Dimension>::T>>::Output`
[INFO] [stdout]     | 
[INFO] [stdout]    ::: /opt/rustwide/cargo-home/registry/src/github.com-1ecc6299db9ec823/uom-0.23.1/src/si/mod.rs:10:1
[INFO] [stdout]     |
[INFO] [stdout] 10  | / system! {
[INFO] [stdout] 11  | |     /// [International System of Quantities](http://jcgm.bipm.org/vim/en/1.6.html) (ISQ).
[INFO] [stdout] 12  | |     quantities: ISQ {
[INFO] [stdout] 13  | |         /// Length, one of the base quantities in the ISQ, denoted by the symbol L. The base unit
[INFO] [stdout] ...   |
[INFO] [stdout] 75  | |     }
[INFO] [stdout] 76  | | }
[INFO] [stdout]     | |_- in this macro invocation
[INFO] [stdout]     |
[INFO] [stdout]     = note: this error originates in a macro (in Nightly builds, run with -Z macro-backtrace for more info)
[INFO] [stdout] 
[INFO] [stdout] 
[INFO] [stdout] error[E0277]: the trait bound `<Z0 as std::ops::Add<<D as si::Dimension>::I>>::Output: Integer` is not satisfied
[INFO] [stdout]    --> /opt/rustwide/cargo-home/registry/src/github.com-1ecc6299db9ec823/uom-0.23.1/src/system.rs:509:29
[INFO] [stdout]     |
[INFO] [stdout] 236 |           pub struct Quantity<D, U, V>
[INFO] [stdout]     |                      -------- required by a bound in this
[INFO] [stdout] 237 |           where
[INFO] [stdout] 238 |               D: Dimension + ?Sized,
[INFO] [stdout]     |                  --------- required by this bound in `si::Quantity`
[INFO] [stdout] ...
[INFO] [stdout] 509 | /                             type Output = Quantity<
[INFO] [stdout] 510 | |                                 $quantities<
[INFO] [stdout] 511 | |                                     $($crate::typenum::$AddSubAlias<
[INFO] [stdout] 512 | |                                       $crate::typenum::Z0,
[INFO] [stdout] 513 | |                                       D::$symbol>,)+
[INFO] [stdout] 514 | |                                       D::Kind>,
[INFO] [stdout] 515 | |                                 U, V>;
[INFO] [stdout]     | |______________________________________^ the trait `Integer` is not implemented for `<Z0 as std::ops::Add<<D as si::Dimension>::I>>::Output`
[INFO] [stdout]     | 
[INFO] [stdout]    ::: /opt/rustwide/cargo-home/registry/src/github.com-1ecc6299db9ec823/uom-0.23.1/src/si/mod.rs:10:1
[INFO] [stdout]     |
[INFO] [stdout] 10  | / system! {
[INFO] [stdout] 11  | |     /// [International System of Quantities](http://jcgm.bipm.org/vim/en/1.6.html) (ISQ).
[INFO] [stdout] 12  | |     quantities: ISQ {
[INFO] [stdout] 13  | |         /// Length, one of the base quantities in the ISQ, denoted by the symbol L. The base unit
[INFO] [stdout] ...   |
[INFO] [stdout] 75  | |     }
[INFO] [stdout] 76  | | }
[INFO] [stdout]     | |_- in this macro invocation
[INFO] [stdout]     |
[INFO] [stdout]     = note: this error originates in a macro (in Nightly builds, run with -Z macro-backtrace for more info)
[INFO] [stdout] 
[INFO] [stdout] 
[INFO] [stdout] error[E0277]: the trait bound `<Z0 as std::ops::Add<<D as si::Dimension>::Th>>::Output: Integer` is not satisfied
[INFO] [stdout]    --> /opt/rustwide/cargo-home/registry/src/github.com-1ecc6299db9ec823/uom-0.23.1/src/system.rs:509:29
[INFO] [stdout]     |
[INFO] [stdout] 236 |           pub struct Quantity<D, U, V>
[INFO] [stdout]     |                      -------- required by a bound in this
[INFO] [stdout] 237 |           where
[INFO] [stdout] 238 |               D: Dimension + ?Sized,
[INFO] [stdout]     |                  --------- required by this bound in `si::Quantity`
[INFO] [stdout] ...
[INFO] [stdout] 509 | /                             type Output = Quantity<
[INFO] [stdout] 510 | |                                 $quantities<
[INFO] [stdout] 511 | |                                     $($crate::typenum::$AddSubAlias<
[INFO] [stdout] 512 | |                                       $crate::typenum::Z0,
[INFO] [stdout] 513 | |                                       D::$symbol>,)+
[INFO] [stdout] 514 | |                                       D::Kind>,
[INFO] [stdout] 515 | |                                 U, V>;
[INFO] [stdout]     | |______________________________________^ the trait `Integer` is not implemented for `<Z0 as std::ops::Add<<D as si::Dimension>::Th>>::Output`
[INFO] [stdout]     | 
[INFO] [stdout]    ::: /opt/rustwide/cargo-home/registry/src/github.com-1ecc6299db9ec823/uom-0.23.1/src/si/mod.rs:10:1
[INFO] [stdout]     |
[INFO] [stdout] 10  | / system! {
[INFO] [stdout] 11  | |     /// [International System of Quantities](http://jcgm.bipm.org/vim/en/1.6.html) (ISQ).
[INFO] [stdout] 12  | |     quantities: ISQ {
[INFO] [stdout] 13  | |         /// Length, one of the base quantities in the ISQ, denoted by the symbol L. The base unit
[INFO] [stdout] ...   |
[INFO] [stdout] 75  | |     }
[INFO] [stdout] 76  | | }
[INFO] [stdout]     | |_- in this macro invocation
[INFO] [stdout]     |
[INFO] [stdout]     = note: this error originates in a macro (in Nightly builds, run with -Z macro-backtrace for more info)
[INFO] [stdout] 
[INFO] [stdout] 
[INFO] [stdout] error[E0277]: the trait bound `<Z0 as std::ops::Add<<D as si::Dimension>::N>>::Output: Integer` is not satisfied
[INFO] [stdout]    --> /opt/rustwide/cargo-home/registry/src/github.com-1ecc6299db9ec823/uom-0.23.1/src/system.rs:509:29
[INFO] [stdout]     |
[INFO] [stdout] 236 |           pub struct Quantity<D, U, V>
[INFO] [stdout]     |                      -------- required by a bound in this
[INFO] [stdout] 237 |           where
[INFO] [stdout] 238 |               D: Dimension + ?Sized,
[INFO] [stdout]     |                  --------- required by this bound in `si::Quantity`
[INFO] [stdout] ...
[INFO] [stdout] 509 | /                             type Output = Quantity<
[INFO] [stdout] 510 | |                                 $quantities<
[INFO] [stdout] 511 | |                                     $($crate::typenum::$AddSubAlias<
[INFO] [stdout] 512 | |                                       $crate::typenum::Z0,
[INFO] [stdout] 513 | |                                       D::$symbol>,)+
[INFO] [stdout] 514 | |                                       D::Kind>,
[INFO] [stdout] 515 | |                                 U, V>;
[INFO] [stdout]     | |______________________________________^ the trait `Integer` is not implemented for `<Z0 as std::ops::Add<<D as si::Dimension>::N>>::Output`
[INFO] [stdout]     | 
[INFO] [stdout]    ::: /opt/rustwide/cargo-home/registry/src/github.com-1ecc6299db9ec823/uom-0.23.1/src/si/mod.rs:10:1
[INFO] [stdout]     |
[INFO] [stdout] 10  | / system! {
[INFO] [stdout] 11  | |     /// [International System of Quantities](http://jcgm.bipm.org/vim/en/1.6.html) (ISQ).
[INFO] [stdout] 12  | |     quantities: ISQ {
[INFO] [stdout] 13  | |         /// Length, one of the base quantities in the ISQ, denoted by the symbol L. The base unit
[INFO] [stdout] ...   |
[INFO] [stdout] 75  | |     }
[INFO] [stdout] 76  | | }
[INFO] [stdout]     | |_- in this macro invocation
[INFO] [stdout]     |
[INFO] [stdout]     = note: this error originates in a macro (in Nightly builds, run with -Z macro-backtrace for more info)
[INFO] [stdout] 
[INFO] [stdout] 
[INFO] [stdout] error[E0277]: the trait bound `<Z0 as std::ops::Add<<D as si::Dimension>::J>>::Output: Integer` is not satisfied
[INFO] [stdout]    --> /opt/rustwide/cargo-home/registry/src/github.com-1ecc6299db9ec823/uom-0.23.1/src/system.rs:509:29
[INFO] [stdout]     |
[INFO] [stdout] 236 |           pub struct Quantity<D, U, V>
[INFO] [stdout]     |                      -------- required by a bound in this
[INFO] [stdout] 237 |           where
[INFO] [stdout] 238 |               D: Dimension + ?Sized,
[INFO] [stdout]     |                  --------- required by this bound in `si::Quantity`
[INFO] [stdout] ...
[INFO] [stdout] 509 | /                             type Output = Quantity<
[INFO] [stdout] 510 | |                                 $quantities<
[INFO] [stdout] 511 | |                                     $($crate::typenum::$AddSubAlias<
[INFO] [stdout] 512 | |                                       $crate::typenum::Z0,
[INFO] [stdout] 513 | |                                       D::$symbol>,)+
[INFO] [stdout] 514 | |                                       D::Kind>,
[INFO] [stdout] 515 | |                                 U, V>;
[INFO] [stdout]     | |______________________________________^ the trait `Integer` is not implemented for `<Z0 as std::ops::Add<<D as si::Dimension>::J>>::Output`
[INFO] [stdout]     | 
[INFO] [stdout]    ::: /opt/rustwide/cargo-home/registry/src/github.com-1ecc6299db9ec823/uom-0.23.1/src/si/mod.rs:10:1
[INFO] [stdout]     |
[INFO] [stdout] 10  | / system! {
[INFO] [stdout] 11  | |     /// [International System of Quantities](http://jcgm.bipm.org/vim/en/1.6.html) (ISQ).
[INFO] [stdout] 12  | |     quantities: ISQ {
[INFO] [stdout] 13  | |         /// Length, one of the base quantities in the ISQ, denoted by the symbol L. The base unit
[INFO] [stdout] ...   |
[INFO] [stdout] 75  | |     }
[INFO] [stdout] 76  | | }
[INFO] [stdout]     | |_- in this macro invocation
[INFO] [stdout]     |
[INFO] [stdout]     = note: this error originates in a macro (in Nightly builds, run with -Z macro-backtrace for more info)
[INFO] [stdout] 
[INFO] [stdout] 
[INFO] [stdout] error[E0277]: the trait bound `<Z0 as std::ops::Add<<D as si::Dimension>::L>>::Output: Integer` is not satisfied
[INFO] [stdout]    --> /opt/rustwide/cargo-home/registry/src/github.com-1ecc6299db9ec823/uom-0.23.1/src/system.rs:518:77
[INFO] [stdout]     |
[INFO] [stdout] 236 |           pub struct Quantity<D, U, V>
[INFO] [stdout]     |                      -------- required by a bound in this
[INFO] [stdout] 237 |           where
[INFO] [stdout] 238 |               D: Dimension + ?Sized,
[INFO] [stdout]     |                  --------- required by this bound in `si::Quantity`
[INFO] [stdout] ...
[INFO] [stdout] 518 |                               fn $muldiv_fun(self, rhs: Quantity<D, U, V>) -> Self::Output {
[INFO] [stdout]     |                                                                               ^^^^^^^^^^^^ the trait `Integer` is not implemented for `<Z0 as std::ops::Add<<D as si::Dimension>::L>>::Output`
[INFO] [stdout]     | 
[INFO] [stdout]    ::: /opt/rustwide/cargo-home/registry/src/github.com-1ecc6299db9ec823/uom-0.23.1/src/si/mod.rs:10:1
[INFO] [stdout]     |
[INFO] [stdout] 10  | / system! {
[INFO] [stdout] 11  | |     /// [International System of Quantities](http://jcgm.bipm.org/vim/en/1.6.html) (ISQ).
[INFO] [stdout] 12  | |     quantities: ISQ {
[INFO] [stdout] 13  | |         /// Length, one of the base quantities in the ISQ, denoted by the symbol L. The base unit
[INFO] [stdout] ...   |
[INFO] [stdout] 75  | |     }
[INFO] [stdout] 76  | | }
[INFO] [stdout]     | |_- in this macro invocation
[INFO] [stdout]     |
[INFO] [stdout]     = note: this error originates in a macro (in Nightly builds, run with -Z macro-backtrace for more info)
[INFO] [stdout] 
[INFO] [stdout] 
[INFO] [stdout] error[E0277]: the trait bound `<Z0 as std::ops::Add<<D as si::Dimension>::M>>::Output: Integer` is not satisfied
[INFO] [stdout]    --> /opt/rustwide/cargo-home/registry/src/github.com-1ecc6299db9ec823/uom-0.23.1/src/system.rs:518:77
[INFO] [stdout]     |
[INFO] [stdout] 236 |           pub struct Quantity<D, U, V>
[INFO] [stdout]     |                      -------- required by a bound in this
[INFO] [stdout] 237 |           where
[INFO] [stdout] 238 |               D: Dimension + ?Sized,
[INFO] [stdout]     |                  --------- required by this bound in `si::Quantity`
[INFO] [stdout] ...
[INFO] [stdout] 518 |                               fn $muldiv_fun(self, rhs: Quantity<D, U, V>) -> Self::Output {
[INFO] [stdout]     |                                                                               ^^^^^^^^^^^^ the trait `Integer` is not implemented for `<Z0 as std::ops::Add<<D as si::Dimension>::M>>::Output`
[INFO] [stdout]     | 
[INFO] [stdout]    ::: /opt/rustwide/cargo-home/registry/src/github.com-1ecc6299db9ec823/uom-0.23.1/src/si/mod.rs:10:1
[INFO] [stdout]     |
[INFO] [stdout] 10  | / system! {
[INFO] [stdout] 11  | |     /// [International System of Quantities](http://jcgm.bipm.org/vim/en/1.6.html) (ISQ).
[INFO] [stdout] 12  | |     quantities: ISQ {
[INFO] [stdout] 13  | |         /// Length, one of the base quantities in the ISQ, denoted by the symbol L. The base unit
[INFO] [stdout] ...   |
[INFO] [stdout] 75  | |     }
[INFO] [stdout] 76  | | }
[INFO] [stdout]     | |_- in this macro invocation
[INFO] [stdout]     |
[INFO] [stdout]     = note: this error originates in a macro (in Nightly builds, run with -Z macro-backtrace for more info)
[INFO] [stdout] 
[INFO] [stdout] 
[INFO] [stdout] error[E0277]: the trait bound `<Z0 as std::ops::Add<<D as si::Dimension>::T>>::Output: Integer` is not satisfied
[INFO] [stdout]    --> /opt/rustwide/cargo-home/registry/src/github.com-1ecc6299db9ec823/uom-0.23.1/src/system.rs:518:77
[INFO] [stdout]     |
[INFO] [stdout] 236 |           pub struct Quantity<D, U, V>
[INFO] [stdout]     |                      -------- required by a bound in this
[INFO] [stdout] 237 |           where
[INFO] [stdout] 238 |               D: Dimension + ?Sized,
[INFO] [stdout]     |                  --------- required by this bound in `si::Quantity`
[INFO] [stdout] ...
[INFO] [stdout] 518 |                               fn $muldiv_fun(self, rhs: Quantity<D, U, V>) -> Self::Output {
[INFO] [stdout]     |                                                                               ^^^^^^^^^^^^ the trait `Integer` is not implemented for `<Z0 as std::ops::Add<<D as si::Dimension>::T>>::Output`
[INFO] [stdout]     | 
[INFO] [stdout]    ::: /opt/rustwide/cargo-home/registry/src/github.com-1ecc6299db9ec823/uom-0.23.1/src/si/mod.rs:10:1
[INFO] [stdout]     |
[INFO] [stdout] 10  | / system! {
[INFO] [stdout] 11  | |     /// [International System of Quantities](http://jcgm.bipm.org/vim/en/1.6.html) (ISQ).
[INFO] [stdout] 12  | |     quantities: ISQ {
[INFO] [stdout] 13  | |         /// Length, one of the base quantities in the ISQ, denoted by the symbol L. The base unit
[INFO] [stdout] ...   |
[INFO] [stdout] 75  | |     }
[INFO] [stdout] 76  | | }
[INFO] [stdout]     | |_- in this macro invocation
[INFO] [stdout]     |
[INFO] [stdout]     = note: this error originates in a macro (in Nightly builds, run with -Z macro-backtrace for more info)
[INFO] [stdout] 
[INFO] [stdout] 
[INFO] [stdout] error[E0277]: the trait bound `<Z0 as std::ops::Add<<D as si::Dimension>::I>>::Output: Integer` is not satisfied
[INFO] [stdout]    --> /opt/rustwide/cargo-home/registry/src/github.com-1ecc6299db9ec823/uom-0.23.1/src/system.rs:518:77
[INFO] [stdout]     |
[INFO] [stdout] 236 |           pub struct Quantity<D, U, V>
[INFO] [stdout]     |                      -------- required by a bound in this
[INFO] [stdout] 237 |           where
[INFO] [stdout] 238 |               D: Dimension + ?Sized,
[INFO] [stdout]     |                  --------- required by this bound in `si::Quantity`
[INFO] [stdout] ...
[INFO] [stdout] 518 |                               fn $muldiv_fun(self, rhs: Quantity<D, U, V>) -> Self::Output {
[INFO] [stdout]     |                                                                               ^^^^^^^^^^^^ the trait `Integer` is not implemented for `<Z0 as std::ops::Add<<D as si::Dimension>::I>>::Output`
[INFO] [stdout]     | 
[INFO] [stdout]    ::: /opt/rustwide/cargo-home/registry/src/github.com-1ecc6299db9ec823/uom-0.23.1/src/si/mod.rs:10:1
[INFO] [stdout]     |
[INFO] [stdout] 10  | / system! {
[INFO] [stdout] 11  | |     /// [International System of Quantities](http://jcgm.bipm.org/vim/en/1.6.html) (ISQ).
[INFO] [stdout] 12  | |     quantities: ISQ {
[INFO] [stdout] 13  | |         /// Length, one of the base quantities in the ISQ, denoted by the symbol L. The base unit
[INFO] [stdout] ...   |
[INFO] [stdout] 75  | |     }
[INFO] [stdout] 76  | | }
[INFO] [stdout]     | |_- in this macro invocation
[INFO] [stdout]     |
[INFO] [stdout]     = note: this error originates in a macro (in Nightly builds, run with -Z macro-backtrace for more info)
[INFO] [stdout] 
[INFO] [stdout] 
[INFO] [stdout] error[E0277]: the trait bound `<Z0 as std::ops::Add<<D as si::Dimension>::Th>>::Output: Integer` is not satisfied
[INFO] [stdout]    --> /opt/rustwide/cargo-home/registry/src/github.com-1ecc6299db9ec823/uom-0.23.1/src/system.rs:518:77
[INFO] [stdout]     |
[INFO] [stdout] 236 |           pub struct Quantity<D, U, V>
[INFO] [stdout]     |                      -------- required by a bound in this
[INFO] [stdout] 237 |           where
[INFO] [stdout] 238 |               D: Dimension + ?Sized,
[INFO] [stdout]     |                  --------- required by this bound in `si::Quantity`
[INFO] [stdout] ...
[INFO] [stdout] 518 |                               fn $muldiv_fun(self, rhs: Quantity<D, U, V>) -> Self::Output {
[INFO] [stdout]     |                                                                               ^^^^^^^^^^^^ the trait `Integer` is not implemented for `<Z0 as std::ops::Add<<D as si::Dimension>::Th>>::Output`
[INFO] [stdout]     | 
[INFO] [stdout]    ::: /opt/rustwide/cargo-home/registry/src/github.com-1ecc6299db9ec823/uom-0.23.1/src/si/mod.rs:10:1
[INFO] [stdout]     |
[INFO] [stdout] 10  | / system! {
[INFO] [stdout] 11  | |     /// [International System of Quantities](http://jcgm.bipm.org/vim/en/1.6.html) (ISQ).
[INFO] [stdout] 12  | |     quantities: ISQ {
[INFO] [stdout] 13  | |         /// Length, one of the base quantities in the ISQ, denoted by the symbol L. The base unit
[INFO] [stdout] ...   |
[INFO] [stdout] 75  | |     }
[INFO] [stdout] 76  | | }
[INFO] [stdout]     | |_- in this macro invocation
[INFO] [stdout]     |
[INFO] [stdout]     = note: this error originates in a macro (in Nightly builds, run with -Z macro-backtrace for more info)
[INFO] [stdout] 
[INFO] [stdout] 
[INFO] [stdout] error[E0277]: the trait bound `<Z0 as std::ops::Add<<D as si::Dimension>::N>>::Output: Integer` is not satisfied
[INFO] [stdout]    --> /opt/rustwide/cargo-home/registry/src/github.com-1ecc6299db9ec823/uom-0.23.1/src/system.rs:518:77
[INFO] [stdout]     |
[INFO] [stdout] 236 |           pub struct Quantity<D, U, V>
[INFO] [stdout]     |                      -------- required by a bound in this
[INFO] [stdout] 237 |           where
[INFO] [stdout] 238 |               D: Dimension + ?Sized,
[INFO] [stdout]     |                  --------- required by this bound in `si::Quantity`
[INFO] [stdout] ...
[INFO] [stdout] 518 |                               fn $muldiv_fun(self, rhs: Quantity<D, U, V>) -> Self::Output {
[INFO] [stdout]     |                                                                               ^^^^^^^^^^^^ the trait `Integer` is not implemented for `<Z0 as std::ops::Add<<D as si::Dimension>::N>>::Output`
[INFO] [stdout]     | 
[INFO] [stdout]    ::: /opt/rustwide/cargo-home/registry/src/github.com-1ecc6299db9ec823/uom-0.23.1/src/si/mod.rs:10:1
[INFO] [stdout]     |
[INFO] [stdout] 10  | / system! {
[INFO] [stdout] 11  | |     /// [International System of Quantities](http://jcgm.bipm.org/vim/en/1.6.html) (ISQ).
[INFO] [stdout] 12  | |     quantities: ISQ {
[INFO] [stdout] 13  | |         /// Length, one of the base quantities in the ISQ, denoted by the symbol L. The base unit
[INFO] [stdout] ...   |
[INFO] [stdout] 75  | |     }
[INFO] [stdout] 76  | | }
[INFO] [stdout]     | |_- in this macro invocation
[INFO] [stdout]     |
[INFO] [stdout]     = note: this error originates in a macro (in Nightly builds, run with -Z macro-backtrace for more info)
[INFO] [stdout] 
[INFO] [stdout] 
[INFO] [stdout] error[E0277]: the trait bound `<Z0 as std::ops::Add<<D as si::Dimension>::J>>::Output: Integer` is not satisfied
[INFO] [stdout]    --> /opt/rustwide/cargo-home/registry/src/github.com-1ecc6299db9ec823/uom-0.23.1/src/system.rs:518:77
[INFO] [stdout]     |
[INFO] [stdout] 236 |           pub struct Quantity<D, U, V>
[INFO] [stdout]     |                      -------- required by a bound in this
[INFO] [stdout] 237 |           where
[INFO] [stdout] 238 |               D: Dimension + ?Sized,
[INFO] [stdout]     |                  --------- required by this bound in `si::Quantity`
[INFO] [stdout] ...
[INFO] [stdout] 518 |                               fn $muldiv_fun(self, rhs: Quantity<D, U, V>) -> Self::Output {
[INFO] [stdout]     |                                                                               ^^^^^^^^^^^^ the trait `Integer` is not implemented for `<Z0 as std::ops::Add<<D as si::Dimension>::J>>::Output`
[INFO] [stdout]     | 
[INFO] [stdout]    ::: /opt/rustwide/cargo-home/registry/src/github.com-1ecc6299db9ec823/uom-0.23.1/src/si/mod.rs:10:1
[INFO] [stdout]     |
[INFO] [stdout] 10  | / system! {
[INFO] [stdout] 11  | |     /// [International System of Quantities](http://jcgm.bipm.org/vim/en/1.6.html) (ISQ).
[INFO] [stdout] 12  | |     quantities: ISQ {
[INFO] [stdout] 13  | |         /// Length, one of the base quantities in the ISQ, denoted by the symbol L. The base unit
[INFO] [stdout] ...   |
[INFO] [stdout] 75  | |     }
[INFO] [stdout] 76  | | }
[INFO] [stdout]     | |_- in this macro invocation
[INFO] [stdout]     |
[INFO] [stdout]     = note: this error originates in a macro (in Nightly builds, run with -Z macro-backtrace for more info)
[INFO] [stdout] 
[INFO] [stdout] 
[INFO] [stdout] error[E0277]: the trait bound `<<Dl as si::Dimension>::L as std::ops::Sub<<Dr as si::Dimension>::L>>::Output: Integer` is not satisfied
[INFO] [stdout]    --> /opt/rustwide/cargo-home/registry/src/github.com-1ecc6299db9ec823/uom-0.23.1/src/system.rs:424:21
[INFO] [stdout]     |
[INFO] [stdout] 236 |           pub struct Quantity<D, U, V>
[INFO] [stdout]     |                      -------- required by a bound in this
[INFO] [stdout] 237 |           where
[INFO] [stdout] 238 |               D: Dimension + ?Sized,
[INFO] [stdout]     |                  --------- required by this bound in `si::Quantity`
[INFO] [stdout] ...
[INFO] [stdout] 424 | /                     type Output = Quantity<
[INFO] [stdout] 425 | |                         $quantities<$($crate::typenum::$AddSubAlias<Dl::$symbol, Dr::$symbol>,)+>,
[INFO] [stdout] 426 | |                         Ul, V>;
[INFO] [stdout]     | |_______________________________^ the trait `Integer` is not implemented for `<<Dl as si::Dimension>::L as std::ops::Sub<<Dr as si::Dimension>::L>>::Output`
[INFO] [stdout]     | 
[INFO] [stdout]    ::: /opt/rustwide/cargo-home/registry/src/github.com-1ecc6299db9ec823/uom-0.23.1/src/si/mod.rs:10:1
[INFO] [stdout]     |
[INFO] [stdout] 10  | / system! {
[INFO] [stdout] 11  | |     /// [International System of Quantities](http://jcgm.bipm.org/vim/en/1.6.html) (ISQ).
[INFO] [stdout] 12  | |     quantities: ISQ {
[INFO] [stdout] 13  | |         /// Length, one of the base quantities in the ISQ, denoted by the symbol L. The base unit
[INFO] [stdout] ...   |
[INFO] [stdout] 75  | |     }
[INFO] [stdout] 76  | | }
[INFO] [stdout]     | |_- in this macro invocation
[INFO] [stdout]     |
[INFO] [stdout]     = note: this error originates in a macro (in Nightly builds, run with -Z macro-backtrace for more info)
[INFO] [stdout] 
[INFO] [stdout] 
[INFO] [stdout] error[E0277]: the trait bound `<<Dl as si::Dimension>::M as std::ops::Sub<<Dr as si::Dimension>::M>>::Output: Integer` is not satisfied
[INFO] [stdout]    --> /opt/rustwide/cargo-home/registry/src/github.com-1ecc6299db9ec823/uom-0.23.1/src/system.rs:424:21
[INFO] [stdout]     |
[INFO] [stdout] 236 |           pub struct Quantity<D, U, V>
[INFO] [stdout]     |                      -------- required by a bound in this
[INFO] [stdout] 237 |           where
[INFO] [stdout] 238 |               D: Dimension + ?Sized,
[INFO] [stdout]     |                  --------- required by this bound in `si::Quantity`
[INFO] [stdout] ...
[INFO] [stdout] 424 | /                     type Output = Quantity<
[INFO] [stdout] 425 | |                         $quantities<$($crate::typenum::$AddSubAlias<Dl::$symbol, Dr::$symbol>,)+>,
[INFO] [stdout] 426 | |                         Ul, V>;
[INFO] [stdout]     | |_______________________________^ the trait `Integer` is not implemented for `<<Dl as si::Dimension>::M as std::ops::Sub<<Dr as si::Dimension>::M>>::Output`
[INFO] [stdout]     | 
[INFO] [stdout]    ::: /opt/rustwide/cargo-home/registry/src/github.com-1ecc6299db9ec823/uom-0.23.1/src/si/mod.rs:10:1
[INFO] [stdout]     |
[INFO] [stdout] 10  | / system! {
[INFO] [stdout] 11  | |     /// [International System of Quantities](http://jcgm.bipm.org/vim/en/1.6.html) (ISQ).
[INFO] [stdout] 12  | |     quantities: ISQ {
[INFO] [stdout] 13  | |         /// Length, one of the base quantities in the ISQ, denoted by the symbol L. The base unit
[INFO] [stdout] ...   |
[INFO] [stdout] 75  | |     }
[INFO] [stdout] 76  | | }
[INFO] [stdout]     | |_- in this macro invocation
[INFO] [stdout]     |
[INFO] [stdout]     = note: this error originates in a macro (in Nightly builds, run with -Z macro-backtrace for more info)
[INFO] [stdout] 
[INFO] [stdout] 
[INFO] [stdout] error[E0277]: the trait bound `<<Dl as si::Dimension>::T as std::ops::Sub<<Dr as si::Dimension>::T>>::Output: Integer` is not satisfied
[INFO] [stdout]    --> /opt/rustwide/cargo-home/registry/src/github.com-1ecc6299db9ec823/uom-0.23.1/src/system.rs:424:21
[INFO] [stdout]     |
[INFO] [stdout] 236 |           pub struct Quantity<D, U, V>
[INFO] [stdout]     |                      -------- required by a bound in this
[INFO] [stdout] 237 |           where
[INFO] [stdout] 238 |               D: Dimension + ?Sized,
[INFO] [stdout]     |                  --------- required by this bound in `si::Quantity`
[INFO] [stdout] ...
[INFO] [stdout] 424 | /                     type Output = Quantity<
[INFO] [stdout] 425 | |                         $quantities<$($crate::typenum::$AddSubAlias<Dl::$symbol, Dr::$symbol>,)+>,
[INFO] [stdout] 426 | |                         Ul, V>;
[INFO] [stdout]     | |_______________________________^ the trait `Integer` is not implemented for `<<Dl as si::Dimension>::T as std::ops::Sub<<Dr as si::Dimension>::T>>::Output`
[INFO] [stdout]     | 
[INFO] [stdout]    ::: /opt/rustwide/cargo-home/registry/src/github.com-1ecc6299db9ec823/uom-0.23.1/src/si/mod.rs:10:1
[INFO] [stdout]     |
[INFO] [stdout] 10  | / system! {
[INFO] [stdout] 11  | |     /// [International System of Quantities](http://jcgm.bipm.org/vim/en/1.6.html) (ISQ).
[INFO] [stdout] 12  | |     quantities: ISQ {
[INFO] [stdout] 13  | |         /// Length, one of the base quantities in the ISQ, denoted by the symbol L. The base unit
[INFO] [stdout] ...   |
[INFO] [stdout] 75  | |     }
[INFO] [stdout] 76  | | }
[INFO] [stdout]     | |_- in this macro invocation
[INFO] [stdout]     |
[INFO] [stdout]     = note: this error originates in a macro (in Nightly builds, run with -Z macro-backtrace for more info)
[INFO] [stdout] 
[INFO] [stdout] 
[INFO] [stdout] error[E0277]: the trait bound `<<Dl as si::Dimension>::I as std::ops::Sub<<Dr as si::Dimension>::I>>::Output: Integer` is not satisfied
[INFO] [stdout]    --> /opt/rustwide/cargo-home/registry/src/github.com-1ecc6299db9ec823/uom-0.23.1/src/system.rs:424:21
[INFO] [stdout]     |
[INFO] [stdout] 236 |           pub struct Quantity<D, U, V>
[INFO] [stdout]     |                      -------- required by a bound in this
[INFO] [stdout] 237 |           where
[INFO] [stdout] 238 |               D: Dimension + ?Sized,
[INFO] [stdout]     |                  --------- required by this bound in `si::Quantity`
[INFO] [stdout] ...
[INFO] [stdout] 424 | /                     type Output = Quantity<
[INFO] [stdout] 425 | |                         $quantities<$($crate::typenum::$AddSubAlias<Dl::$symbol, Dr::$symbol>,)+>,
[INFO] [stdout] 426 | |                         Ul, V>;
[INFO] [stdout]     | |_______________________________^ the trait `Integer` is not implemented for `<<Dl as si::Dimension>::I as std::ops::Sub<<Dr as si::Dimension>::I>>::Output`
[INFO] [stdout]     | 
[INFO] [stdout]    ::: /opt/rustwide/cargo-home/registry/src/github.com-1ecc6299db9ec823/uom-0.23.1/src/si/mod.rs:10:1
[INFO] [stdout]     |
[INFO] [stdout] 10  | / system! {
[INFO] [stdout] 11  | |     /// [International System of Quantities](http://jcgm.bipm.org/vim/en/1.6.html) (ISQ).
[INFO] [stdout] 12  | |     quantities: ISQ {
[INFO] [stdout] 13  | |         /// Length, one of the base quantities in the ISQ, denoted by the symbol L. The base unit
[INFO] [stdout] ...   |
[INFO] [stdout] 75  | |     }
[INFO] [stdout] 76  | | }
[INFO] [stdout]     | |_- in this macro invocation
[INFO] [stdout]     |
[INFO] [stdout]     = note: this error originates in a macro (in Nightly builds, run with -Z macro-backtrace for more info)
[INFO] [stdout] 
[INFO] [stdout] 
[INFO] [stdout] error[E0277]: the trait bound `<<Dl as si::Dimension>::Th as std::ops::Sub<<Dr as si::Dimension>::Th>>::Output: Integer` is not satisfied
[INFO] [stdout]    --> /opt/rustwide/cargo-home/registry/src/github.com-1ecc6299db9ec823/uom-0.23.1/src/system.rs:424:21
[INFO] [stdout]     |
[INFO] [stdout] 236 |           pub struct Quantity<D, U, V>
[INFO] [stdout]     |                      -------- required by a bound in this
[INFO] [stdout] 237 |           where
[INFO] [stdout] 238 |               D: Dimension + ?Sized,
[INFO] [stdout]     |                  --------- required by this bound in `si::Quantity`
[INFO] [stdout] ...
[INFO] [stdout] 424 | /                     type Output = Quantity<
[INFO] [stdout] 425 | |                         $quantities<$($crate::typenum::$AddSubAlias<Dl::$symbol, Dr::$symbol>,)+>,
[INFO] [stdout] 426 | |                         Ul, V>;
[INFO] [stdout]     | |_______________________________^ the trait `Integer` is not implemented for `<<Dl as si::Dimension>::Th as std::ops::Sub<<Dr as si::Dimension>::Th>>::Output`
[INFO] [stdout]     | 
[INFO] [stdout]    ::: /opt/rustwide/cargo-home/registry/src/github.com-1ecc6299db9ec823/uom-0.23.1/src/si/mod.rs:10:1
[INFO] [stdout]     |
[INFO] [stdout] 10  | / system! {
[INFO] [stdout] 11  | |     /// [International System of Quantities](http://jcgm.bipm.org/vim/en/1.6.html) (ISQ).
[INFO] [stdout] 12  | |     quantities: ISQ {
[INFO] [stdout] 13  | |         /// Length, one of the base quantities in the ISQ, denoted by the symbol L. The base unit
[INFO] [stdout] ...   |
[INFO] [stdout] 75  | |     }
[INFO] [stdout] 76  | | }
[INFO] [stdout]     | |_- in this macro invocation
[INFO] [stdout]     |
[INFO] [stdout]     = note: this error originates in a macro (in Nightly builds, run with -Z macro-backtrace for more info)
[INFO] [stdout] 
[INFO] [stdout] 
[INFO] [stdout] error[E0277]: the trait bound `<<Dl as si::Dimension>::N as std::ops::Sub<<Dr as si::Dimension>::N>>::Output: Integer` is not satisfied
[INFO] [stdout]    --> /opt/rustwide/cargo-home/registry/src/github.com-1ecc6299db9ec823/uom-0.23.1/src/system.rs:424:21
[INFO] [stdout]     |
[INFO] [stdout] 236 |           pub struct Quantity<D, U, V>
[INFO] [stdout]     |                      -------- required by a bound in this
[INFO] [stdout] 237 |           where
[INFO] [stdout] 238 |               D: Dimension + ?Sized,
[INFO] [stdout]     |                  --------- required by this bound in `si::Quantity`
[INFO] [stdout] ...
[INFO] [stdout] 424 | /                     type Output = Quantity<
[INFO] [stdout] 425 | |                         $quantities<$($crate::typenum::$AddSubAlias<Dl::$symbol, Dr::$symbol>,)+>,
[INFO] [stdout] 426 | |                         Ul, V>;
[INFO] [stdout]     | |_______________________________^ the trait `Integer` is not implemented for `<<Dl as si::Dimension>::N as std::ops::Sub<<Dr as si::Dimension>::N>>::Output`
[INFO] [stdout]     | 
[INFO] [stdout]    ::: /opt/rustwide/cargo-home/registry/src/github.com-1ecc6299db9ec823/uom-0.23.1/src/si/mod.rs:10:1
[INFO] [stdout]     |
[INFO] [stdout] 10  | / system! {
[INFO] [stdout] 11  | |     /// [International System of Quantities](http://jcgm.bipm.org/vim/en/1.6.html) (ISQ).
[INFO] [stdout] 12  | |     quantities: ISQ {
[INFO] [stdout] 13  | |         /// Length, one of the base quantities in the ISQ, denoted by the symbol L. The base unit
[INFO] [stdout] ...   |
[INFO] [stdout] 75  | |     }
[INFO] [stdout] 76  | | }
[INFO] [stdout]     | |_- in this macro invocation
[INFO] [stdout]     |
[INFO] [stdout]     = note: this error originates in a macro (in Nightly builds, run with -Z macro-backtrace for more info)
[INFO] [stdout] 
[INFO] [stdout] 
[INFO] [stdout] error[E0277]: the trait bound `<<Dl as si::Dimension>::J as std::ops::Sub<<Dr as si::Dimension>::J>>::Output: Integer` is not satisfied
[INFO] [stdout]    --> /opt/rustwide/cargo-home/registry/src/github.com-1ecc6299db9ec823/uom-0.23.1/src/system.rs:424:21
[INFO] [stdout]     |
[INFO] [stdout] 236 |           pub struct Quantity<D, U, V>
[INFO] [stdout]     |                      -------- required by a bound in this
[INFO] [stdout] 237 |           where
[INFO] [stdout] 238 |               D: Dimension + ?Sized,
[INFO] [stdout]     |                  --------- required by this bound in `si::Quantity`
[INFO] [stdout] ...
[INFO] [stdout] 424 | /                     type Output = Quantity<
[INFO] [stdout] 425 | |                         $quantities<$($crate::typenum::$AddSubAlias<Dl::$symbol, Dr::$symbol>,)+>,
[INFO] [stdout] 426 | |                         Ul, V>;
[INFO] [stdout]     | |_______________________________^ the trait `Integer` is not implemented for `<<Dl as si::Dimension>::J as std::ops::Sub<<Dr as si::Dimension>::J>>::Output`
[INFO] [stdout]     | 
[INFO] [stdout]    ::: /opt/rustwide/cargo-home/registry/src/github.com-1ecc6299db9ec823/uom-0.23.1/src/si/mod.rs:10:1
[INFO] [stdout]     |
[INFO] [stdout] 10  | / system! {
[INFO] [stdout] 11  | |     /// [International System of Quantities](http://jcgm.bipm.org/vim/en/1.6.html) (ISQ).
[INFO] [stdout] 12  | |     quantities: ISQ {
[INFO] [stdout] 13  | |         /// Length, one of the base quantities in the ISQ, denoted by the symbol L. The base unit
[INFO] [stdout] ...   |
[INFO] [stdout] 75  | |     }
[INFO] [stdout] 76  | | }
[INFO] [stdout]     | |_- in this macro invocation
[INFO] [stdout]     |
[INFO] [stdout]     = note: this error originates in a macro (in Nightly builds, run with -Z macro-backtrace for more info)
[INFO] [stdout] 
[INFO] [stdout] 
[INFO] [stdout] error[E0277]: the trait bound `<<Dl as si::Dimension>::L as std::ops::Sub<<Dr as si::Dimension>::L>>::Output: Integer` is not satisfied
[INFO] [stdout]    --> /opt/rustwide/cargo-home/registry/src/github.com-1ecc6299db9ec823/uom-0.23.1/src/system.rs:429:71
[INFO] [stdout]     |
[INFO] [stdout] 236 |           pub struct Quantity<D, U, V>
[INFO] [stdout]     |                      -------- required by a bound in this
[INFO] [stdout] 237 |           where
[INFO] [stdout] 238 |               D: Dimension + ?Sized,
[INFO] [stdout]     |                  --------- required by this bound in `si::Quantity`
[INFO] [stdout] ...
[INFO] [stdout] 429 |                       fn $muldiv_fun(self, rhs: Quantity<Dr, Ur, V>) -> Self::Output {
[INFO] [stdout]     |                                                                         ^^^^^^^^^^^^ the trait `Integer` is not implemented for `<<Dl as si::Dimension>::L as std::ops::Sub<<Dr as si::Dimension>::L>>::Output`
[INFO] [stdout]     | 
[INFO] [stdout]    ::: /opt/rustwide/cargo-home/registry/src/github.com-1ecc6299db9ec823/uom-0.23.1/src/si/mod.rs:10:1
[INFO] [stdout]     |
[INFO] [stdout] 10  | / system! {
[INFO] [stdout] 11  | |     /// [International System of Quantities](http://jcgm.bipm.org/vim/en/1.6.html) (ISQ).
[INFO] [stdout] 12  | |     quantities: ISQ {
[INFO] [stdout] 13  | |         /// Length, one of the base quantities in the ISQ, denoted by the symbol L. The base unit
[INFO] [stdout] ...   |
[INFO] [stdout] 75  | |     }
[INFO] [stdout] 76  | | }
[INFO] [stdout]     | |_- in this macro invocation
[INFO] [stdout]     |
[INFO] [stdout]     = note: this error originates in a macro (in Nightly builds, run with -Z macro-backtrace for more info)
[INFO] [stdout] 
[INFO] [stdout] 
[INFO] [stdout] error[E0277]: the trait bound `<<Dl as si::Dimension>::M as std::ops::Sub<<Dr as si::Dimension>::M>>::Output: Integer` is not satisfied
[INFO] [stdout]    --> /opt/rustwide/cargo-home/registry/src/github.com-1ecc6299db9ec823/uom-0.23.1/src/system.rs:429:71
[INFO] [stdout]     |
[INFO] [stdout] 236 |           pub struct Quantity<D, U, V>
[INFO] [stdout]     |                      -------- required by a bound in this
[INFO] [stdout] 237 |           where
[INFO] [stdout] 238 |               D: Dimension + ?Sized,
[INFO] [stdout]     |                  --------- required by this bound in `si::Quantity`
[INFO] [stdout] ...
[INFO] [stdout] 429 |                       fn $muldiv_fun(self, rhs: Quantity<Dr, Ur, V>) -> Self::Output {
[INFO] [stdout]     |                                                                         ^^^^^^^^^^^^ the trait `Integer` is not implemented for `<<Dl as si::Dimension>::M as std::ops::Sub<<Dr as si::Dimension>::M>>::Output`
[INFO] [stdout]     | 
[INFO] [stdout]    ::: /opt/rustwide/cargo-home/registry/src/github.com-1ecc6299db9ec823/uom-0.23.1/src/si/mod.rs:10:1
[INFO] [stdout]     |
[INFO] [stdout] 10  | / system! {
[INFO] [stdout] 11  | |     /// [International System of Quantities](http://jcgm.bipm.org/vim/en/1.6.html) (ISQ).
[INFO] [stdout] 12  | |     quantities: ISQ {
[INFO] [stdout] 13  | |         /// Length, one of the base quantities in the ISQ, denoted by the symbol L. The base unit
[INFO] [stdout] ...   |
[INFO] [stdout] 75  | |     }
[INFO] [stdout] 76  | | }
[INFO] [stdout]     | |_- in this macro invocation
[INFO] [stdout]     |
[INFO] [stdout]     = note: this error originates in a macro (in Nightly builds, run with -Z macro-backtrace for more info)
[INFO] [stdout] 
[INFO] [stdout] 
[INFO] [stdout] error[E0277]: the trait bound `<<Dl as si::Dimension>::T as std::ops::Sub<<Dr as si::Dimension>::T>>::Output: Integer` is not satisfied
[INFO] [stdout]    --> /opt/rustwide/cargo-home/registry/src/github.com-1ecc6299db9ec823/uom-0.23.1/src/system.rs:429:71
[INFO] [stdout]     |
[INFO] [stdout] 236 |           pub struct Quantity<D, U, V>
[INFO] [stdout]     |                      -------- required by a bound in this
[INFO] [stdout] 237 |           where
[INFO] [stdout] 238 |               D: Dimension + ?Sized,
[INFO] [stdout]     |                  --------- required by this bound in `si::Quantity`
[INFO] [stdout] ...
[INFO] [stdout] 429 |                       fn $muldiv_fun(self, rhs: Quantity<Dr, Ur, V>) -> Self::Output {
[INFO] [stdout]     |                                                                         ^^^^^^^^^^^^ the trait `Integer` is not implemented for `<<Dl as si::Dimension>::T as std::ops::Sub<<Dr as si::Dimension>::T>>::Output`
[INFO] [stdout]     | 
[INFO] [stdout]    ::: /opt/rustwide/cargo-home/registry/src/github.com-1ecc6299db9ec823/uom-0.23.1/src/si/mod.rs:10:1
[INFO] [stdout]     |
[INFO] [stdout] 10  | / system! {
[INFO] [stdout] 11  | |     /// [International System of Quantities](http://jcgm.bipm.org/vim/en/1.6.html) (ISQ).
[INFO] [stdout] 12  | |     quantities: ISQ {
[INFO] [stdout] 13  | |         /// Length, one of the base quantities in the ISQ, denoted by the symbol L. The base unit
[INFO] [stdout] ...   |
[INFO] [stdout] 75  | |     }
[INFO] [stdout] 76  | | }
[INFO] [stdout]     | |_- in this macro invocation
[INFO] [stdout]     |
[INFO] [stdout]     = note: this error originates in a macro (in Nightly builds, run with -Z macro-backtrace for more info)
[INFO] [stdout] 
[INFO] [stdout] 
[INFO] [stdout] error[E0277]: the trait bound `<<Dl as si::Dimension>::I as std::ops::Sub<<Dr as si::Dimension>::I>>::Output: Integer` is not satisfied
[INFO] [stdout]    --> /opt/rustwide/cargo-home/registry/src/github.com-1ecc6299db9ec823/uom-0.23.1/src/system.rs:429:71
[INFO] [stdout]     |
[INFO] [stdout] 236 |           pub struct Quantity<D, U, V>
[INFO] [stdout]     |                      -------- required by a bound in this
[INFO] [stdout] 237 |           where
[INFO] [stdout] 238 |               D: Dimension + ?Sized,
[INFO] [stdout]     |                  --------- required by this bound in `si::Quantity`
[INFO] [stdout] ...
[INFO] [stdout] 429 |                       fn $muldiv_fun(self, rhs: Quantity<Dr, Ur, V>) -> Self::Output {
[INFO] [stdout]     |                                                                         ^^^^^^^^^^^^ the trait `Integer` is not implemented for `<<Dl as si::Dimension>::I as std::ops::Sub<<Dr as si::Dimension>::I>>::Output`
[INFO] [stdout]     | 
[INFO] [stdout]    ::: /opt/rustwide/cargo-home/registry/src/github.com-1ecc6299db9ec823/uom-0.23.1/src/si/mod.rs:10:1
[INFO] [stdout]     |
[INFO] [stdout] 10  | / system! {
[INFO] [stdout] 11  | |     /// [International System of Quantities](http://jcgm.bipm.org/vim/en/1.6.html) (ISQ).
[INFO] [stdout] 12  | |     quantities: ISQ {
[INFO] [stdout] 13  | |         /// Length, one of the base quantities in the ISQ, denoted by the symbol L. The base unit
[INFO] [stdout] ...   |
[INFO] [stdout] 75  | |     }
[INFO] [stdout] 76  | | }
[INFO] [stdout]     | |_- in this macro invocation
[INFO] [stdout]     |
[INFO] [stdout]     = note: this error originates in a macro (in Nightly builds, run with -Z macro-backtrace for more info)
[INFO] [stdout] 
[INFO] [stdout] 
[INFO] [stdout] error[E0277]: the trait bound `<<Dl as si::Dimension>::Th as std::ops::Sub<<Dr as si::Dimension>::Th>>::Output: Integer` is not satisfied
[INFO] [stdout]    --> /opt/rustwide/cargo-home/registry/src/github.com-1ecc6299db9ec823/uom-0.23.1/src/system.rs:429:71
[INFO] [stdout]     |
[INFO] [stdout] 236 |           pub struct Quantity<D, U, V>
[INFO] [stdout]     |                      -------- required by a bound in this
[INFO] [stdout] 237 |           where
[INFO] [stdout] 238 |               D: Dimension + ?Sized,
[INFO] [stdout]     |                  --------- required by this bound in `si::Quantity`
[INFO] [stdout] ...
[INFO] [stdout] 429 |                       fn $muldiv_fun(self, rhs: Quantity<Dr, Ur, V>) -> Self::Output {
[INFO] [stdout]     |                                                                         ^^^^^^^^^^^^ the trait `Integer` is not implemented for `<<Dl as si::Dimension>::Th as std::ops::Sub<<Dr as si::Dimension>::Th>>::Output`
[INFO] [stdout]     | 
[INFO] [stdout]    ::: /opt/rustwide/cargo-home/registry/src/github.com-1ecc6299db9ec823/uom-0.23.1/src/si/mod.rs:10:1
[INFO] [stdout]     |
[INFO] [stdout] 10  | / system! {
[INFO] [stdout] 11  | |     /// [International System of Quantities](http://jcgm.bipm.org/vim/en/1.6.html) (ISQ).
[INFO] [stdout] 12  | |     quantities: ISQ {
[INFO] [stdout] 13  | |         /// Length, one of the base quantities in the ISQ, denoted by the symbol L. The base unit
[INFO] [stdout] ...   |
[INFO] [stdout] 75  | |     }
[INFO] [stdout] 76  | | }
[INFO] [stdout]     | |_- in this macro invocation
[INFO] [stdout]     |
[INFO] [stdout]     = note: this error originates in a macro (in Nightly builds, run with -Z macro-backtrace for more info)
[INFO] [stdout] 
[INFO] [stdout] 
[INFO] [stdout] error[E0277]: the trait bound `<<Dl as si::Dimension>::N as std::ops::Sub<<Dr as si::Dimension>::N>>::Output: Integer` is not satisfied
[INFO] [stdout]    --> /opt/rustwide/cargo-home/registry/src/github.com-1ecc6299db9ec823/uom-0.23.1/src/system.rs:429:71
[INFO] [stdout]     |
[INFO] [stdout] 236 |           pub struct Quantity<D, U, V>
[INFO] [stdout]     |                      -------- required by a bound in this
[INFO] [stdout] 237 |           where
[INFO] [stdout] 238 |               D: Dimension + ?Sized,
[INFO] [stdout]     |                  --------- required by this bound in `si::Quantity`
[INFO] [stdout] ...
[INFO] [stdout] 429 |                       fn $muldiv_fun(self, rhs: Quantity<Dr, Ur, V>) -> Self::Output {
[INFO] [stdout]     |                                                                         ^^^^^^^^^^^^ the trait `Integer` is not implemented for `<<Dl as si::Dimension>::N as std::ops::Sub<<Dr as si::Dimension>::N>>::Output`
[INFO] [stdout]     | 
[INFO] [stdout]    ::: /opt/rustwide/cargo-home/registry/src/github.com-1ecc6299db9ec823/uom-0.23.1/src/si/mod.rs:10:1
[INFO] [stdout]     |
[INFO] [stdout] 10  | / system! {
[INFO] [stdout] 11  | |     /// [International System of Quantities](http://jcgm.bipm.org/vim/en/1.6.html) (ISQ).
[INFO] [stdout] 12  | |     quantities: ISQ {
[INFO] [stdout] 13  | |         /// Length, one of the base quantities in the ISQ, denoted by the symbol L. The base unit
[INFO] [stdout] ...   |
[INFO] [stdout] 75  | |     }
[INFO] [stdout] 76  | | }
[INFO] [stdout]     | |_- in this macro invocation
[INFO] [stdout]     |
[INFO] [stdout]     = note: this error originates in a macro (in Nightly builds, run with -Z macro-backtrace for more info)
[INFO] [stdout] 
[INFO] [stdout] 
[INFO] [stdout] error[E0277]: the trait bound `<<Dl as si::Dimension>::J as std::ops::Sub<<Dr as si::Dimension>::J>>::Output: Integer` is not satisfied
[INFO] [stdout]    --> /opt/rustwide/cargo-home/registry/src/github.com-1ecc6299db9ec823/uom-0.23.1/src/system.rs:429:71
[INFO] [stdout]     |
[INFO] [stdout] 236 |           pub struct Quantity<D, U, V>
[INFO] [stdout]     |                      -------- required by a bound in this
[INFO] [stdout] 237 |           where
[INFO] [stdout] 238 |               D: Dimension + ?Sized,
[INFO] [stdout]     |                  --------- required by this bound in `si::Quantity`
[INFO] [stdout] ...
[INFO] [stdout] 429 |                       fn $muldiv_fun(self, rhs: Quantity<Dr, Ur, V>) -> Self::Output {
[INFO] [stdout]     |                                                                         ^^^^^^^^^^^^ the trait `Integer` is not implemented for `<<Dl as si::Dimension>::J as std::ops::Sub<<Dr as si::Dimension>::J>>::Output`
[INFO] [stdout]     | 
[INFO] [stdout]    ::: /opt/rustwide/cargo-home/registry/src/github.com-1ecc6299db9ec823/uom-0.23.1/src/si/mod.rs:10:1
[INFO] [stdout]     |
[INFO] [stdout] 10  | / system! {
[INFO] [stdout] 11  | |     /// [International System of Quantities](http://jcgm.bipm.org/vim/en/1.6.html) (ISQ).
[INFO] [stdout] 12  | |     quantities: ISQ {
[INFO] [stdout] 13  | |         /// Length, one of the base quantities in the ISQ, denoted by the symbol L. The base unit
[INFO] [stdout] ...   |
[INFO] [stdout] 75  | |     }
[INFO] [stdout] 76  | | }
[INFO] [stdout]     | |_- in this macro invocation
[INFO] [stdout]     |
[INFO] [stdout]     = note: this error originates in a macro (in Nightly builds, run with -Z macro-backtrace for more info)
[INFO] [stdout] 
[INFO] [stdout] 
[INFO] [stdout] error[E0277]: the trait bound `<Z0 as std::ops::Sub<<D as si::Dimension>::L>>::Output: Integer` is not satisfied
[INFO] [stdout]    --> /opt/rustwide/cargo-home/registry/src/github.com-1ecc6299db9ec823/uom-0.23.1/src/system.rs:509:29
[INFO] [stdout]     |
[INFO] [stdout] 236 |           pub struct Quantity<D, U, V>
[INFO] [stdout]     |                      -------- required by a bound in this
[INFO] [stdout] 237 |           where
[INFO] [stdout] 238 |               D: Dimension + ?Sized,
[INFO] [stdout]     |                  --------- required by this bound in `si::Quantity`
[INFO] [stdout] ...
[INFO] [stdout] 509 | /                             type Output = Quantity<
[INFO] [stdout] 510 | |                                 $quantities<
[INFO] [stdout] 511 | |                                     $($crate::typenum::$AddSubAlias<
[INFO] [stdout] 512 | |                                       $crate::typenum::Z0,
[INFO] [stdout] 513 | |                                       D::$symbol>,)+
[INFO] [stdout] 514 | |                                       D::Kind>,
[INFO] [stdout] 515 | |                                 U, V>;
[INFO] [stdout]     | |______________________________________^ the trait `Integer` is not implemented for `<Z0 as std::ops::Sub<<D as si::Dimension>::L>>::Output`
[INFO] [stdout]     | 
[INFO] [stdout]    ::: /opt/rustwide/cargo-home/registry/src/github.com-1ecc6299db9ec823/uom-0.23.1/src/si/mod.rs:10:1
[INFO] [stdout]     |
[INFO] [stdout] 10  | / system! {
[INFO] [stdout] 11  | |     /// [International System of Quantities](http://jcgm.bipm.org/vim/en/1.6.html) (ISQ).
[INFO] [stdout] 12  | |     quantities: ISQ {
[INFO] [stdout] 13  | |         /// Length, one of the base quantities in the ISQ, denoted by the symbol L. The base unit
[INFO] [stdout] ...   |
[INFO] [stdout] 75  | |     }
[INFO] [stdout] 76  | | }
[INFO] [stdout]     | |_- in this macro invocation
[INFO] [stdout]     |
[INFO] [stdout]     = note: this error originates in a macro (in Nightly builds, run with -Z macro-backtrace for more info)
[INFO] [stdout] 
[INFO] [stdout] 
[INFO] [stdout] error[E0277]: the trait bound `<Z0 as std::ops::Sub<<D as si::Dimension>::M>>::Output: Integer` is not satisfied
[INFO] [stdout]    --> /opt/rustwide/cargo-home/registry/src/github.com-1ecc6299db9ec823/uom-0.23.1/src/system.rs:509:29
[INFO] [stdout]     |
[INFO] [stdout] 236 |           pub struct Quantity<D, U, V>
[INFO] [stdout]     |                      -------- required by a bound in this
[INFO] [stdout] 237 |           where
[INFO] [stdout] 238 |               D: Dimension + ?Sized,
[INFO] [stdout]     |                  --------- required by this bound in `si::Quantity`
[INFO] [stdout] ...
[INFO] [stdout] 509 | /                             type Output = Quantity<
[INFO] [stdout] 510 | |                                 $quantities<
[INFO] [stdout] 511 | |                                     $($crate::typenum::$AddSubAlias<
[INFO] [stdout] 512 | |                                       $crate::typenum::Z0,
[INFO] [stdout] 513 | |                                       D::$symbol>,)+
[INFO] [stdout] 514 | |                                       D::Kind>,
[INFO] [stdout] 515 | |                                 U, V>;
[INFO] [stdout]     | |______________________________________^ the trait `Integer` is not implemented for `<Z0 as std::ops::Sub<<D as si::Dimension>::M>>::Output`
[INFO] [stdout]     | 
[INFO] [stdout]    ::: /opt/rustwide/cargo-home/registry/src/github.com-1ecc6299db9ec823/uom-0.23.1/src/si/mod.rs:10:1
[INFO] [stdout]     |
[INFO] [stdout] 10  | / system! {
[INFO] [stdout] 11  | |     /// [International System of Quantities](http://jcgm.bipm.org/vim/en/1.6.html) (ISQ).
[INFO] [stdout] 12  | |     quantities: ISQ {
[INFO] [stdout] 13  | |         /// Length, one of the base quantities in the ISQ, denoted by the symbol L. The base unit
[INFO] [stdout] ...   |
[INFO] [stdout] 75  | |     }
[INFO] [stdout] 76  | | }
[INFO] [stdout]     | |_- in this macro invocation
[INFO] [stdout]     |
[INFO] [stdout]     = note: this error originates in a macro (in Nightly builds, run with -Z macro-backtrace for more info)
[INFO] [stdout] 
[INFO] [stdout] 
[INFO] [stdout] error[E0277]: the trait bound `<Z0 as std::ops::Sub<<D as si::Dimension>::T>>::Output: Integer` is not satisfied
[INFO] [stdout]    --> /opt/rustwide/cargo-home/registry/src/github.com-1ecc6299db9ec823/uom-0.23.1/src/system.rs:509:29
[INFO] [stdout]     |
[INFO] [stdout] 236 |           pub struct Quantity<D, U, V>
[INFO] [stdout]     |                      -------- required by a bound in this
[INFO] [stdout] 237 |           where
[INFO] [stdout] 238 |               D: Dimension + ?Sized,
[INFO] [stdout]     |                  --------- required by this bound in `si::Quantity`
[INFO] [stdout] ...
[INFO] [stdout] 509 | /                             type Output = Quantity<
[INFO] [stdout] 510 | |                                 $quantities<
[INFO] [stdout] 511 | |                                     $($crate::typenum::$AddSubAlias<
[INFO] [stdout] 512 | |                                       $crate::typenum::Z0,
[INFO] [stdout] 513 | |                                       D::$symbol>,)+
[INFO] [stdout] 514 | |                                       D::Kind>,
[INFO] [stdout] 515 | |                                 U, V>;
[INFO] [stdout]     | |______________________________________^ the trait `Integer` is not implemented for `<Z0 as std::ops::Sub<<D as si::Dimension>::T>>::Output`
[INFO] [stdout]     | 
[INFO] [stdout]    ::: /opt/rustwide/cargo-home/registry/src/github.com-1ecc6299db9ec823/uom-0.23.1/src/si/mod.rs:10:1
[INFO] [stdout]     |
[INFO] [stdout] 10  | / system! {
[INFO] [stdout] 11  | |     /// [International System of Quantities](http://jcgm.bipm.org/vim/en/1.6.html) (ISQ).
[INFO] [stdout] 12  | |     quantities: ISQ {
[INFO] [stdout] 13  | |         /// Length, one of the base quantities in the ISQ, denoted by the symbol L. The base unit
[INFO] [stdout] ...   |
[INFO] [stdout] 75  | |     }
[INFO] [stdout] 76  | | }
[INFO] [stdout]     | |_- in this macro invocation
[INFO] [stdout]     |
[INFO] [stdout]     = note: this error originates in a macro (in Nightly builds, run with -Z macro-backtrace for more info)
[INFO] [stdout] 
[INFO] [stdout] 
[INFO] [stdout] error[E0277]: the trait bound `<Z0 as std::ops::Sub<<D as si::Dimension>::I>>::Output: Integer` is not satisfied
[INFO] [stdout]    --> /opt/rustwide/cargo-home/registry/src/github.com-1ecc6299db9ec823/uom-0.23.1/src/system.rs:509:29
[INFO] [stdout]     |
[INFO] [stdout] 236 |           pub struct Quantity<D, U, V>
[INFO] [stdout]     |                      -------- required by a bound in this
[INFO] [stdout] 237 |           where
[INFO] [stdout] 238 |               D: Dimension + ?Sized,
[INFO] [stdout]     |                  --------- required by this bound in `si::Quantity`
[INFO] [stdout] ...
[INFO] [stdout] 509 | /                             type Output = Quantity<
[INFO] [stdout] 510 | |                                 $quantities<
[INFO] [stdout] 511 | |                                     $($crate::typenum::$AddSubAlias<
[INFO] [stdout] 512 | |                                       $crate::typenum::Z0,
[INFO] [stdout] 513 | |                                       D::$symbol>,)+
[INFO] [stdout] 514 | |                                       D::Kind>,
[INFO] [stdout] 515 | |                                 U, V>;
[INFO] [stdout]     | |______________________________________^ the trait `Integer` is not implemented for `<Z0 as std::ops::Sub<<D as si::Dimension>::I>>::Output`
[INFO] [stdout]     | 
[INFO] [stdout]    ::: /opt/rustwide/cargo-home/registry/src/github.com-1ecc6299db9ec823/uom-0.23.1/src/si/mod.rs:10:1
[INFO] [stdout]     |
[INFO] [stdout] 10  | / system! {
[INFO] [stdout] 11  | |     /// [International System of Quantities](http://jcgm.bipm.org/vim/en/1.6.html) (ISQ).
[INFO] [stdout] 12  | |     quantities: ISQ {
[INFO] [stdout] 13  | |         /// Length, one of the base quantities in the ISQ, denoted by the symbol L. The base unit
[INFO] [stdout] ...   |
[INFO] [stdout] 75  | |     }
[INFO] [stdout] 76  | | }
[INFO] [stdout]     | |_- in this macro invocation
[INFO] [stdout]     |
[INFO] [stdout]     = note: this error originates in a macro (in Nightly builds, run with -Z macro-backtrace for more info)
[INFO] [stdout] 
[INFO] [stdout] 
[INFO] [stdout] error[E0277]: the trait bound `<Z0 as std::ops::Sub<<D as si::Dimension>::Th>>::Output: Integer` is not satisfied
[INFO] [stdout]    --> /opt/rustwide/cargo-home/registry/src/github.com-1ecc6299db9ec823/uom-0.23.1/src/system.rs:509:29
[INFO] [stdout]     |
[INFO] [stdout] 236 |           pub struct Quantity<D, U, V>
[INFO] [stdout]     |                      -------- required by a bound in this
[INFO] [stdout] 237 |           where
[INFO] [stdout] 238 |               D: Dimension + ?Sized,
[INFO] [stdout]     |                  --------- required by this bound in `si::Quantity`
[INFO] [stdout] ...
[INFO] [stdout] 509 | /                             type Output = Quantity<
[INFO] [stdout] 510 | |                                 $quantities<
[INFO] [stdout] 511 | |                                     $($crate::typenum::$AddSubAlias<
[INFO] [stdout] 512 | |                                       $crate::typenum::Z0,
[INFO] [stdout] 513 | |                                       D::$symbol>,)+
[INFO] [stdout] 514 | |                                       D::Kind>,
[INFO] [stdout] 515 | |                                 U, V>;
[INFO] [stdout]     | |______________________________________^ the trait `Integer` is not implemented for `<Z0 as std::ops::Sub<<D as si::Dimension>::Th>>::Output`
[INFO] [stdout]     | 
[INFO] [stdout]    ::: /opt/rustwide/cargo-home/registry/src/github.com-1ecc6299db9ec823/uom-0.23.1/src/si/mod.rs:10:1
[INFO] [stdout]     |
[INFO] [stdout] 10  | / system! {
[INFO] [stdout] 11  | |     /// [International System of Quantities](http://jcgm.bipm.org/vim/en/1.6.html) (ISQ).
[INFO] [stdout] 12  | |     quantities: ISQ {
[INFO] [stdout] 13  | |         /// Length, one of the base quantities in the ISQ, denoted by the symbol L. The base unit
[INFO] [stdout] ...   |
[INFO] [stdout] 75  | |     }
[INFO] [stdout] 76  | | }
[INFO] [stdout]     | |_- in this macro invocation
[INFO] [stdout]     |
[INFO] [stdout]     = note: this error originates in a macro (in Nightly builds, run with -Z macro-backtrace for more info)
[INFO] [stdout] 
[INFO] [stdout] 
[INFO] [stdout] error[E0277]: the trait bound `<Z0 as std::ops::Sub<<D as si::Dimension>::N>>::Output: Integer` is not satisfied
[INFO] [stdout]    --> /opt/rustwide/cargo-home/registry/src/github.com-1ecc6299db9ec823/uom-0.23.1/src/system.rs:509:29
[INFO] [stdout]     |
[INFO] [stdout] 236 |           pub struct Quantity<D, U, V>
[INFO] [stdout]     |                      -------- required by a bound in this
[INFO] [stdout] 237 |           where
[INFO] [stdout] 238 |               D: Dimension + ?Sized,
[INFO] [stdout]     |                  --------- required by this bound in `si::Quantity`
[INFO] [stdout] ...
[INFO] [stdout] 509 | /                             type Output = Quantity<
[INFO] [stdout] 510 | |                                 $quantities<
[INFO] [stdout] 511 | |                                     $($crate::typenum::$AddSubAlias<
[INFO] [stdout] 512 | |                                       $crate::typenum::Z0,
[INFO] [stdout] 513 | |                                       D::$symbol>,)+
[INFO] [stdout] 514 | |                                       D::Kind>,
[INFO] [stdout] 515 | |                                 U, V>;
[INFO] [stdout]     | |______________________________________^ the trait `Integer` is not implemented for `<Z0 as std::ops::Sub<<D as si::Dimension>::N>>::Output`
[INFO] [stdout]     | 
[INFO] [stdout]    ::: /opt/rustwide/cargo-home/registry/src/github.com-1ecc6299db9ec823/uom-0.23.1/src/si/mod.rs:10:1
[INFO] [stdout]     |
[INFO] [stdout] 10  | / system! {
[INFO] [stdout] 11  | |     /// [International System of Quantities](http://jcgm.bipm.org/vim/en/1.6.html) (ISQ).
[INFO] [stdout] 12  | |     quantities: ISQ {
[INFO] [stdout] 13  | |         /// Length, one of the base quantities in the ISQ, denoted by the symbol L. The base unit
[INFO] [stdout] ...   |
[INFO] [stdout] 75  | |     }
[INFO] [stdout] 76  | | }
[INFO] [stdout]     | |_- in this macro invocation
[INFO] [stdout]     |
[INFO] [stdout]     = note: this error originates in a macro (in Nightly builds, run with -Z macro-backtrace for more info)
[INFO] [stdout] 
[INFO] [stdout] 
[INFO] [stdout] error[E0277]: the trait bound `<Z0 as std::ops::Sub<<D as si::Dimension>::J>>::Output: Integer` is not satisfied
[INFO] [stdout]    --> /opt/rustwide/cargo-home/registry/src/github.com-1ecc6299db9ec823/uom-0.23.1/src/system.rs:509:29
[INFO] [stdout]     |
[INFO] [stdout] 236 |           pub struct Quantity<D, U, V>
[INFO] [stdout]     |                      -------- required by a bound in this
[INFO] [stdout] 237 |           where
[INFO] [stdout] 238 |               D: Dimension + ?Sized,
[INFO] [stdout]     |                  --------- required by this bound in `si::Quantity`
[INFO] [stdout] ...
[INFO] [stdout] 509 | /                             type Output = Quantity<
[INFO] [stdout] 510 | |                                 $quantities<
[INFO] [stdout] 511 | |                                     $($crate::typenum::$AddSubAlias<
[INFO] [stdout] 512 | |                                       $crate::typenum::Z0,
[INFO] [stdout] 513 | |                                       D::$symbol>,)+
[INFO] [stdout] 514 | |                                       D::Kind>,
[INFO] [stdout] 515 | |                                 U, V>;
[INFO] [stdout]     | |______________________________________^ the trait `Integer` is not implemented for `<Z0 as std::ops::Sub<<D as si::Dimension>::J>>::Output`
[INFO] [stdout]     | 
[INFO] [stdout]    ::: /opt/rustwide/cargo-home/registry/src/github.com-1ecc6299db9ec823/uom-0.23.1/src/si/mod.rs:10:1
[INFO] [stdout]     |
[INFO] [stdout] 10  | / system! {
[INFO] [stdout] 11  | |     /// [International System of Quantities](http://jcgm.bipm.org/vim/en/1.6.html) (ISQ).
[INFO] [stdout] 12  | |     quantities: ISQ {
[INFO] [stdout] 13  | |         /// Length, one of the base quantities in the ISQ, denoted by the symbol L. The base unit
[INFO] [stdout] ...   |
[INFO] [stdout] 75  | |     }
[INFO] [stdout] 76  | | }
[INFO] [stdout]     | |_- in this macro invocation
[INFO] [stdout]     |
[INFO] [stdout]     = note: this error originates in a macro (in Nightly builds, run with -Z macro-backtrace for more info)
[INFO] [stdout] 
[INFO] [stdout] 
[INFO] [stdout] error[E0277]: the trait bound `<Z0 as std::ops::Sub<<D as si::Dimension>::L>>::Output: Integer` is not satisfied
[INFO] [stdout]    --> /opt/rustwide/cargo-home/registry/src/github.com-1ecc6299db9ec823/uom-0.23.1/src/system.rs:518:77
[INFO] [stdout]     |
[INFO] [stdout] 236 |           pub struct Quantity<D, U, V>
[INFO] [stdout]     |                      -------- required by a bound in this
[INFO] [stdout] 237 |           where
[INFO] [stdout] 238 |               D: Dimension + ?Sized,
[INFO] [stdout]     |                  --------- required by this bound in `si::Quantity`
[INFO] [stdout] ...
[INFO] [stdout] 518 |                               fn $muldiv_fun(self, rhs: Quantity<D, U, V>) -> Self::Output {
[INFO] [stdout]     |                                                                               ^^^^^^^^^^^^ the trait `Integer` is not implemented for `<Z0 as std::ops::Sub<<D as si::Dimension>::L>>::Output`
[INFO] [stdout]     | 
[INFO] [stdout]    ::: /opt/rustwide/cargo-home/registry/src/github.com-1ecc6299db9ec823/uom-0.23.1/src/si/mod.rs:10:1
[INFO] [stdout]     |
[INFO] [stdout] 10  | / system! {
[INFO] [stdout] 11  | |     /// [International System of Quantities](http://jcgm.bipm.org/vim/en/1.6.html) (ISQ).
[INFO] [stdout] 12  | |     quantities: ISQ {
[INFO] [stdout] 13  | |         /// Length, one of the base quantities in the ISQ, denoted by the symbol L. The base unit
[INFO] [stdout] ...   |
[INFO] [stdout] 75  | |     }
[INFO] [stdout] 76  | | }
[INFO] [stdout]     | |_- in this macro invocation
[INFO] [stdout]     |
[INFO] [stdout]     = note: this error originates in a macro (in Nightly builds, run with -Z macro-backtrace for more info)
[INFO] [stdout] 
[INFO] [stdout] 
[INFO] [stdout] error[E0277]: the trait bound `<Z0 as std::ops::Sub<<D as si::Dimension>::M>>::Output: Integer` is not satisfied
[INFO] [stdout]    --> /opt/rustwide/cargo-home/registry/src/github.com-1ecc6299db9ec823/uom-0.23.1/src/system.rs:518:77
[INFO] [stdout]     |
[INFO] [stdout] 236 |           pub struct Quantity<D, U, V>
[INFO] [stdout]     |                      -------- required by a bound in this
[INFO] [stdout] 237 |           where
[INFO] [stdout] 238 |               D: Dimension + ?Sized,
[INFO] [stdout]     |                  --------- required by this bound in `si::Quantity`
[INFO] [stdout] ...
[INFO] [stdout] 518 |                               fn $muldiv_fun(self, rhs: Quantity<D, U, V>) -> Self::Output {
[INFO] [stdout]     |                                                                               ^^^^^^^^^^^^ the trait `Integer` is not implemented for `<Z0 as std::ops::Sub<<D as si::Dimension>::M>>::Output`
[INFO] [stdout]     | 
[INFO] [stdout]    ::: /opt/rustwide/cargo-home/registry/src/github.com-1ecc6299db9ec823/uom-0.23.1/src/si/mod.rs:10:1
[INFO] [stdout]     |
[INFO] [stdout] 10  | / system! {
[INFO] [stdout] 11  | |     /// [International System of Quantities](http://jcgm.bipm.org/vim/en/1.6.html) (ISQ).
[INFO] [stdout] 12  | |     quantities: ISQ {
[INFO] [stdout] 13  | |         /// Length, one of the base quantities in the ISQ, denoted by the symbol L. The base unit
[INFO] [stdout] ...   |
[INFO] [stdout] 75  | |     }
[INFO] [stdout] 76  | | }
[INFO] [stdout]     | |_- in this macro invocation
[INFO] [stdout]     |
[INFO] [stdout]     = note: this error originates in a macro (in Nightly builds, run with -Z macro-backtrace for more info)
[INFO] [stdout] 
[INFO] [stdout] 
[INFO] [stdout] error[E0277]: the trait bound `<Z0 as std::ops::Sub<<D as si::Dimension>::T>>::Output: Integer` is not satisfied
[INFO] [stdout]    --> /opt/rustwide/cargo-home/registry/src/github.com-1ecc6299db9ec823/uom-0.23.1/src/system.rs:518:77
[INFO] [stdout]     |
[INFO] [stdout] 236 |           pub struct Quantity<D, U, V>
[INFO] [stdout]     |                      -------- required by a bound in this
[INFO] [stdout] 237 |           where
[INFO] [stdout] 238 |               D: Dimension + ?Sized,
[INFO] [stdout]     |                  --------- required by this bound in `si::Quantity`
[INFO] [stdout] ...
[INFO] [stdout] 518 |                               fn $muldiv_fun(self, rhs: Quantity<D, U, V>) -> Self::Output {
[INFO] [stdout]     |                                                                               ^^^^^^^^^^^^ the trait `Integer` is not implemented for `<Z0 as std::ops::Sub<<D as si::Dimension>::T>>::Output`
[INFO] [stdout]     | 
[INFO] [stdout]    ::: /opt/rustwide/cargo-home/registry/src/github.com-1ecc6299db9ec823/uom-0.23.1/src/si/mod.rs:10:1
[INFO] [stdout]     |
[INFO] [stdout] 10  | / system! {
[INFO] [stdout] 11  | |     /// [International System of Quantities](http://jcgm.bipm.org/vim/en/1.6.html) (ISQ).
[INFO] [stdout] 12  | |     quantities: ISQ {
[INFO] [stdout] 13  | |         /// Length, one of the base quantities in the ISQ, denoted by the symbol L. The base unit
[INFO] [stdout] ...   |
[INFO] [stdout] 75  | |     }
[INFO] [stdout] 76  | | }
[INFO] [stdout]     | |_- in this macro invocation
[INFO] [stdout]     |
[INFO] [stdout]     = note: this error originates in a macro (in Nightly builds, run with -Z macro-backtrace for more info)
[INFO] [stdout] 
[INFO] [stdout] 
[INFO] [stdout] error[E0277]: the trait bound `<Z0 as std::ops::Sub<<D as si::Dimension>::I>>::Output: Integer` is not satisfied
[INFO] [stdout]    --> /opt/rustwide/cargo-home/registry/src/github.com-1ecc6299db9ec823/uom-0.23.1/src/system.rs:518:77
[INFO] [stdout]     |
[INFO] [stdout] 236 |           pub struct Quantity<D, U, V>
[INFO] [stdout]     |                      -------- required by a bound in this
[INFO] [stdout] 237 |           where
[INFO] [stdout] 238 |               D: Dimension + ?Sized,
[INFO] [stdout]     |                  --------- required by this bound in `si::Quantity`
[INFO] [stdout] ...
[INFO] [stdout] 518 |                               fn $muldiv_fun(self, rhs: Quantity<D, U, V>) -> Self::Output {
[INFO] [stdout]     |                                                                               ^^^^^^^^^^^^ the trait `Integer` is not implemented for `<Z0 as std::ops::Sub<<D as si::Dimension>::I>>::Output`
[INFO] [stdout]     | 
[INFO] [stdout]    ::: /opt/rustwide/cargo-home/registry/src/github.com-1ecc6299db9ec823/uom-0.23.1/src/si/mod.rs:10:1
[INFO] [stdout]     |
[INFO] [stdout] 10  | / system! {
[INFO] [stdout] 11  | |     /// [International System of Quantities](http://jcgm.bipm.org/vim/en/1.6.html) (ISQ).
[INFO] [stdout] 12  | |     quantities: ISQ {
[INFO] [stdout] 13  | |         /// Length, one of the base quantities in the ISQ, denoted by the symbol L. The base unit
[INFO] [stdout] ...   |
[INFO] [stdout] 75  | |     }
[INFO] [stdout] 76  | | }
[INFO] [stdout]     | |_- in this macro invocation
[INFO] [stdout]     |
[INFO] [stdout]     = note: this error originates in a macro (in Nightly builds, run with -Z macro-backtrace for more info)
[INFO] [stdout] 
[INFO] [stdout] 
[INFO] [stdout] error[E0277]: the trait bound `<Z0 as std::ops::Sub<<D as si::Dimension>::Th>>::Output: Integer` is not satisfied
[INFO] [stdout]    --> /opt/rustwide/cargo-home/registry/src/github.com-1ecc6299db9ec823/uom-0.23.1/src/system.rs:518:77
[INFO] [stdout]     |
[INFO] [stdout] 236 |           pub struct Quantity<D, U, V>
[INFO] [stdout]     |                      -------- required by a bound in this
[INFO] [stdout] 237 |           where
[INFO] [stdout] 238 |               D: Dimension + ?Sized,
[INFO] [stdout]     |                  --------- required by this bound in `si::Quantity`
[INFO] [stdout] ...
[INFO] [stdout] 518 |                               fn $muldiv_fun(self, rhs: Quantity<D, U, V>) -> Self::Output {
[INFO] [stdout]     |                                                                               ^^^^^^^^^^^^ the trait `Integer` is not implemented for `<Z0 as std::ops::Sub<<D as si::Dimension>::Th>>::Output`
[INFO] [stdout]     | 
[INFO] [stdout]    ::: /opt/rustwide/cargo-home/registry/src/github.com-1ecc6299db9ec823/uom-0.23.1/src/si/mod.rs:10:1
[INFO] [stdout]     |
[INFO] [stdout] 10  | / system! {
[INFO] [stdout] 11  | |     /// [International System of Quantities](http://jcgm.bipm.org/vim/en/1.6.html) (ISQ).
[INFO] [stdout] 12  | |     quantities: ISQ {
[INFO] [stdout] 13  | |         /// Length, one of the base quantities in the ISQ, denoted by the symbol L. The base unit
[INFO] [stdout] ...   |
[INFO] [stdout] 75  | |     }
[INFO] [stdout] 76  | | }
[INFO] [stdout]     | |_- in this macro invocation
[INFO] [stdout]     |
[INFO] [stdout]     = note: this error originates in a macro (in Nightly builds, run with -Z macro-backtrace for more info)
[INFO] [stdout] 
[INFO] [stdout] 
[INFO] [stdout] error[E0277]: the trait bound `<Z0 as std::ops::Sub<<D as si::Dimension>::N>>::Output: Integer` is not satisfied
[INFO] [stdout]    --> /opt/rustwide/cargo-home/registry/src/github.com-1ecc6299db9ec823/uom-0.23.1/src/system.rs:518:77
[INFO] [stdout]     |
[INFO] [stdout] 236 |           pub struct Quantity<D, U, V>
[INFO] [stdout]     |                      -------- required by a bound in this
[INFO] [stdout] 237 |           where
[INFO] [stdout] 238 |               D: Dimension + ?Sized,
[INFO] [stdout]     |                  --------- required by this bound in `si::Quantity`
[INFO] [stdout] ...
[INFO] [stdout] 518 |                               fn $muldiv_fun(self, rhs: Quantity<D, U, V>) -> Self::Output {
[INFO] [stdout]     |                                                                               ^^^^^^^^^^^^ the trait `Integer` is not implemented for `<Z0 as std::ops::Sub<<D as si::Dimension>::N>>::Output`
[INFO] [stdout]     | 
[INFO] [stdout]    ::: /opt/rustwide/cargo-home/registry/src/github.com-1ecc6299db9ec823/uom-0.23.1/src/si/mod.rs:10:1
[INFO] [stdout]     |
[INFO] [stdout] 10  | / system! {
[INFO] [stdout] 11  | |     /// [International System of Quantities](http://jcgm.bipm.org/vim/en/1.6.html) (ISQ).
[INFO] [stdout] 12  | |     quantities: ISQ {
[INFO] [stdout] 13  | |         /// Length, one of the base quantities in the ISQ, denoted by the symbol L. The base unit
[INFO] [stdout] ...   |
[INFO] [stdout] 75  | |     }
[INFO] [stdout] 76  | | }
[INFO] [stdout]     | |_- in this macro invocation
[INFO] [stdout]     |
[INFO] [stdout]     = note: this error originates in a macro (in Nightly builds, run with -Z macro-backtrace for more info)
[INFO] [stdout] 
[INFO] [stdout] 
[INFO] [stdout] error[E0277]: the trait bound `<Z0 as std::ops::Sub<<D as si::Dimension>::J>>::Output: Integer` is not satisfied
[INFO] [stdout]    --> /opt/rustwide/cargo-home/registry/src/github.com-1ecc6299db9ec823/uom-0.23.1/src/system.rs:518:77
[INFO] [stdout]     |
[INFO] [stdout] 236 |           pub struct Quantity<D, U, V>
[INFO] [stdout]     |                      -------- required by a bound in this
[INFO] [stdout] 237 |           where
[INFO] [stdout] 238 |               D: Dimension + ?Sized,
[INFO] [stdout]     |                  --------- required by this bound in `si::Quantity`
[INFO] [stdout] ...
[INFO] [stdout] 518 |                               fn $muldiv_fun(self, rhs: Quantity<D, U, V>) -> Self::Output {
[INFO] [stdout]     |                                                                               ^^^^^^^^^^^^ the trait `Integer` is not implemented for `<Z0 as std::ops::Sub<<D as si::Dimension>::J>>::Output`
[INFO] [stdout]     | 
[INFO] [stdout]    ::: /opt/rustwide/cargo-home/registry/src/github.com-1ecc6299db9ec823/uom-0.23.1/src/si/mod.rs:10:1
[INFO] [stdout]     |
[INFO] [stdout] 10  | / system! {
[INFO] [stdout] 11  | |     /// [International System of Quantities](http://jcgm.bipm.org/vim/en/1.6.html) (ISQ).
[INFO] [stdout] 12  | |     quantities: ISQ {
[INFO] [stdout] 13  | |         /// Length, one of the base quantities in the ISQ, denoted by the symbol L. The base unit
[INFO] [stdout] ...   |
[INFO] [stdout] 75  | |     }
[INFO] [stdout] 76  | | }
[INFO] [stdout]     | |_- in this macro invocation
[INFO] [stdout]     |
[INFO] [stdout]     = note: this error originates in a macro (in Nightly builds, run with -Z macro-backtrace for more info)
[INFO] [stdout] 
[INFO] [stdout] 
[INFO] [stdout] error[E0277]: the trait bound `<<D as si::Dimension>::L as typenum::PartialDiv<PInt<UInt<UInt<UTerm, B1>, B1>>>>::Output: Integer` is not satisfied
[INFO] [stdout]    --> /opt/rustwide/cargo-home/registry/src/github.com-1ecc6299db9ec823/uom-0.23.1/src/system.rs:616:18
[INFO] [stdout]     |
[INFO] [stdout] 236 |           pub struct Quantity<D, U, V>
[INFO] [stdout]     |                      -------- required by a bound in this
[INFO] [stdout] 237 |           where
[INFO] [stdout] 238 |               D: Dimension + ?Sized,
[INFO] [stdout]     |                  --------- required by this bound in `si::Quantity`
[INFO] [stdout] ...
[INFO] [stdout] 616 |               ) -> Quantity<
[INFO] [stdout]     |  __________________^
[INFO] [stdout] 617 | |                 $quantities<$($crate::typenum::PartialQuot<D::$symbol, $crate::typenum::P3>),+>,
[INFO] [stdout] 618 | |                 U, V>
[INFO] [stdout]     | |_____________________^ the trait `Integer` is not implemented for `<<D as si::Dimension>::L as typenum::PartialDiv<PInt<UInt<UInt<UTerm, B1>, B1>>>>::Output`
[INFO] [stdout]     | 
[INFO] [stdout]    ::: /opt/rustwide/cargo-home/registry/src/github.com-1ecc6299db9ec823/uom-0.23.1/src/si/mod.rs:10:1
[INFO] [stdout]     |
[INFO] [stdout] 10  | / system! {
[INFO] [stdout] 11  | |     /// [International System of Quantities](http://jcgm.bipm.org/vim/en/1.6.html) (ISQ).
[INFO] [stdout] 12  | |     quantities: ISQ {
[INFO] [stdout] 13  | |         /// Length, one of the base quantities in the ISQ, denoted by the symbol L. The base unit
[INFO] [stdout] ...   |
[INFO] [stdout] 75  | |     }
[INFO] [stdout] 76  | | }
[INFO] [stdout]     | |_- in this macro invocation
[INFO] [stdout]     |
[INFO] [stdout]     = note: this error originates in a macro (in Nightly builds, run with -Z macro-backtrace for more info)
[INFO] [stdout] 
[INFO] [stdout] 
[INFO] [stdout] error[E0277]: the trait bound `<<D as si::Dimension>::M as typenum::PartialDiv<PInt<UInt<UInt<UTerm, B1>, B1>>>>::Output: Integer` is not satisfied
[INFO] [stdout]    --> /opt/rustwide/cargo-home/registry/src/github.com-1ecc6299db9ec823/uom-0.23.1/src/system.rs:616:18
[INFO] [stdout]     |
[INFO] [stdout] 236 |           pub struct Quantity<D, U, V>
[INFO] [stdout]     |                      -------- required by a bound in this
[INFO] [stdout] 237 |           where
[INFO] [stdout] 238 |               D: Dimension + ?Sized,
[INFO] [stdout]     |                  --------- required by this bound in `si::Quantity`
[INFO] [stdout] ...
[INFO] [stdout] 616 |               ) -> Quantity<
[INFO] [stdout]     |  __________________^
[INFO] [stdout] 617 | |                 $quantities<$($crate::typenum::PartialQuot<D::$symbol, $crate::typenum::P3>),+>,
[INFO] [stdout] 618 | |                 U, V>
[INFO] [stdout]     | |_____________________^ the trait `Integer` is not implemented for `<<D as si::Dimension>::M as typenum::PartialDiv<PInt<UInt<UInt<UTerm, B1>, B1>>>>::Output`
[INFO] [stdout]     | 
[INFO] [stdout]    ::: /opt/rustwide/cargo-home/registry/src/github.com-1ecc6299db9ec823/uom-0.23.1/src/si/mod.rs:10:1
[INFO] [stdout]     |
[INFO] [stdout] 10  | / system! {
[INFO] [stdout] 11  | |     /// [International System of Quantities](http://jcgm.bipm.org/vim/en/1.6.html) (ISQ).
[INFO] [stdout] 12  | |     quantities: ISQ {
[INFO] [stdout] 13  | |         /// Length, one of the base quantities in the ISQ, denoted by the symbol L. The base unit
[INFO] [stdout] ...   |
[INFO] [stdout] 75  | |     }
[INFO] [stdout] 76  | | }
[INFO] [stdout]     | |_- in this macro invocation
[INFO] [stdout]     |
[INFO] [stdout]     = note: this error originates in a macro (in Nightly builds, run with -Z macro-backtrace for more info)
[INFO] [stdout] 
[INFO] [stdout] 
[INFO] [stdout] error[E0277]: the trait bound `<<D as si::Dimension>::T as typenum::PartialDiv<PInt<UInt<UInt<UTerm, B1>, B1>>>>::Output: Integer` is not satisfied
[INFO] [stdout]    --> /opt/rustwide/cargo-home/registry/src/github.com-1ecc6299db9ec823/uom-0.23.1/src/system.rs:616:18
[INFO] [stdout]     |
[INFO] [stdout] 236 |           pub struct Quantity<D, U, V>
[INFO] [stdout]     |                      -------- required by a bound in this
[INFO] [stdout] 237 |           where
[INFO] [stdout] 238 |               D: Dimension + ?Sized,
[INFO] [stdout]     |                  --------- required by this bound in `si::Quantity`
[INFO] [stdout] ...
[INFO] [stdout] 616 |               ) -> Quantity<
[INFO] [stdout]     |  __________________^
[INFO] [stdout] 617 | |                 $quantities<$($crate::typenum::PartialQuot<D::$symbol, $crate::typenum::P3>),+>,
[INFO] [stdout] 618 | |                 U, V>
[INFO] [stdout]     | |_____________________^ the trait `Integer` is not implemented for `<<D as si::Dimension>::T as typenum::PartialDiv<PInt<UInt<UInt<UTerm, B1>, B1>>>>::Output`
[INFO] [stdout]     | 
[INFO] [stdout]    ::: /opt/rustwide/cargo-home/registry/src/github.com-1ecc6299db9ec823/uom-0.23.1/src/si/mod.rs:10:1
[INFO] [stdout]     |
[INFO] [stdout] 10  | / system! {
[INFO] [stdout] 11  | |     /// [International System of Quantities](http://jcgm.bipm.org/vim/en/1.6.html) (ISQ).
[INFO] [stdout] 12  | |     quantities: ISQ {
[INFO] [stdout] 13  | |         /// Length, one of the base quantities in the ISQ, denoted by the symbol L. The base unit
[INFO] [stdout] ...   |
[INFO] [stdout] 75  | |     }
[INFO] [stdout] 76  | | }
[INFO] [stdout]     | |_- in this macro invocation
[INFO] [stdout]     |
[INFO] [stdout]     = note: this error originates in a macro (in Nightly builds, run with -Z macro-backtrace for more info)
[INFO] [stdout] 
[INFO] [stdout] 
[INFO] [stdout] error[E0277]: the trait bound `<<D as si::Dimension>::I as typenum::PartialDiv<PInt<UInt<UInt<UTerm, B1>, B1>>>>::Output: Integer` is not satisfied
[INFO] [stdout]    --> /opt/rustwide/cargo-home/registry/src/github.com-1ecc6299db9ec823/uom-0.23.1/src/system.rs:616:18
[INFO] [stdout]     |
[INFO] [stdout] 236 |           pub struct Quantity<D, U, V>
[INFO] [stdout]     |                      -------- required by a bound in this
[INFO] [stdout] 237 |           where
[INFO] [stdout] 238 |               D: Dimension + ?Sized,
[INFO] [stdout]     |                  --------- required by this bound in `si::Quantity`
[INFO] [stdout] ...
[INFO] [stdout] 616 |               ) -> Quantity<
[INFO] [stdout]     |  __________________^
[INFO] [stdout] 617 | |                 $quantities<$($crate::typenum::PartialQuot<D::$symbol, $crate::typenum::P3>),+>,
[INFO] [stdout] 618 | |                 U, V>
[INFO] [stdout]     | |_____________________^ the trait `Integer` is not implemented for `<<D as si::Dimension>::I as typenum::PartialDiv<PInt<UInt<UInt<UTerm, B1>, B1>>>>::Output`
[INFO] [stdout]     | 
[INFO] [stdout]    ::: /opt/rustwide/cargo-home/registry/src/github.com-1ecc6299db9ec823/uom-0.23.1/src/si/mod.rs:10:1
[INFO] [stdout]     |
[INFO] [stdout] 10  | / system! {
[INFO] [stdout] 11  | |     /// [International System of Quantities](http://jcgm.bipm.org/vim/en/1.6.html) (ISQ).
[INFO] [stdout] 12  | |     quantities: ISQ {
[INFO] [stdout] 13  | |         /// Length, one of the base quantities in the ISQ, denoted by the symbol L. The base unit
[INFO] [stdout] ...   |
[INFO] [stdout] 75  | |     }
[INFO] [stdout] 76  | | }
[INFO] [stdout]     | |_- in this macro invocation
[INFO] [stdout]     |
[INFO] [stdout]     = note: this error originates in a macro (in Nightly builds, run with -Z macro-backtrace for more info)
[INFO] [stdout] 
[INFO] [stdout] 
[INFO] [stdout] error[E0277]: the trait bound `<<D as si::Dimension>::Th as typenum::PartialDiv<PInt<UInt<UInt<UTerm, B1>, B1>>>>::Output: Integer` is not satisfied
[INFO] [stdout]    --> /opt/rustwide/cargo-home/registry/src/github.com-1ecc6299db9ec823/uom-0.23.1/src/system.rs:616:18
[INFO] [stdout]     |
[INFO] [stdout] 236 |           pub struct Quantity<D, U, V>
[INFO] [stdout]     |                      -------- required by a bound in this
[INFO] [stdout] 237 |           where
[INFO] [stdout] 238 |               D: Dimension + ?Sized,
[INFO] [stdout]     |                  --------- required by this bound in `si::Quantity`
[INFO] [stdout] ...
[INFO] [stdout] 616 |               ) -> Quantity<
[INFO] [stdout]     |  __________________^
[INFO] [stdout] 617 | |                 $quantities<$($crate::typenum::PartialQuot<D::$symbol, $crate::typenum::P3>),+>,
[INFO] [stdout] 618 | |                 U, V>
[INFO] [stdout]     | |_____________________^ the trait `Integer` is not implemented for `<<D as si::Dimension>::Th as typenum::PartialDiv<PInt<UInt<UInt<UTerm, B1>, B1>>>>::Output`
[INFO] [stdout]     | 
[INFO] [stdout]    ::: /opt/rustwide/cargo-home/registry/src/github.com-1ecc6299db9ec823/uom-0.23.1/src/si/mod.rs:10:1
[INFO] [stdout]     |
[INFO] [stdout] 10  | / system! {
[INFO] [stdout] 11  | |     /// [International System of Quantities](http://jcgm.bipm.org/vim/en/1.6.html) (ISQ).
[INFO] [stdout] 12  | |     quantities: ISQ {
[INFO] [stdout] 13  | |         /// Length, one of the base quantities in the ISQ, denoted by the symbol L. The base unit
[INFO] [stdout] ...   |
[INFO] [stdout] 75  | |     }
[INFO] [stdout] 76  | | }
[INFO] [stdout]     | |_- in this macro invocation
[INFO] [stdout]     |
[INFO] [stdout]     = note: this error originates in a macro (in Nightly builds, run with -Z macro-backtrace for more info)
[INFO] [stdout] 
[INFO] [stdout] 
[INFO] [stdout] error[E0277]: the trait bound `<<D as si::Dimension>::N as typenum::PartialDiv<PInt<UInt<UInt<UTerm, B1>, B1>>>>::Output: Integer` is not satisfied
[INFO] [stdout]    --> /opt/rustwide/cargo-home/registry/src/github.com-1ecc6299db9ec823/uom-0.23.1/src/system.rs:616:18
[INFO] [stdout]     |
[INFO] [stdout] 236 |           pub struct Quantity<D, U, V>
[INFO] [stdout]     |                      -------- required by a bound in this
[INFO] [stdout] 237 |           where
[INFO] [stdout] 238 |               D: Dimension + ?Sized,
[INFO] [stdout]     |                  --------- required by this bound in `si::Quantity`
[INFO] [stdout] ...
[INFO] [stdout] 616 |               ) -> Quantity<
[INFO] [stdout]     |  __________________^
[INFO] [stdout] 617 | |                 $quantities<$($crate::typenum::PartialQuot<D::$symbol, $crate::typenum::P3>),+>,
[INFO] [stdout] 618 | |                 U, V>
[INFO] [stdout]     | |_____________________^ the trait `Integer` is not implemented for `<<D as si::Dimension>::N as typenum::PartialDiv<PInt<UInt<UInt<UTerm, B1>, B1>>>>::Output`
[INFO] [stdout]     | 
[INFO] [stdout]    ::: /opt/rustwide/cargo-home/registry/src/github.com-1ecc6299db9ec823/uom-0.23.1/src/si/mod.rs:10:1
[INFO] [stdout]     |
[INFO] [stdout] 10  | / system! {
[INFO] [stdout] 11  | |     /// [International System of Quantities](http://jcgm.bipm.org/vim/en/1.6.html) (ISQ).
[INFO] [stdout] 12  | |     quantities: ISQ {
[INFO] [stdout] 13  | |         /// Length, one of the base quantities in the ISQ, denoted by the symbol L. The base unit
[INFO] [stdout] ...   |
[INFO] [stdout] 75  | |     }
[INFO] [stdout] 76  | | }
[INFO] [stdout]     | |_- in this macro invocation
[INFO] [stdout]     |
[INFO] [stdout]     = note: this error originates in a macro (in Nightly builds, run with -Z macro-backtrace for more info)
[INFO] [stdout] 
[INFO] [stdout] 
[INFO] [stdout] error[E0277]: the trait bound `<<D as si::Dimension>::J as typenum::PartialDiv<PInt<UInt<UInt<UTerm, B1>, B1>>>>::Output: Integer` is not satisfied
[INFO] [stdout]    --> /opt/rustwide/cargo-home/registry/src/github.com-1ecc6299db9ec823/uom-0.23.1/src/system.rs:616:18
[INFO] [stdout]     |
[INFO] [stdout] 236 |           pub struct Quantity<D, U, V>
[INFO] [stdout]     |                      -------- required by a bound in this
[INFO] [stdout] 237 |           where
[INFO] [stdout] 238 |               D: Dimension + ?Sized,
[INFO] [stdout]     |                  --------- required by this bound in `si::Quantity`
[INFO] [stdout] ...
[INFO] [stdout] 616 |               ) -> Quantity<
[INFO] [stdout]     |  __________________^
[INFO] [stdout] 617 | |                 $quantities<$($crate::typenum::PartialQuot<D::$symbol, $crate::typenum::P3>),+>,
[INFO] [stdout] 618 | |                 U, V>
[INFO] [stdout]     | |_____________________^ the trait `Integer` is not implemented for `<<D as si::Dimension>::J as typenum::PartialDiv<PInt<UInt<UInt<UTerm, B1>, B1>>>>::Output`
[INFO] [stdout]     | 
[INFO] [stdout]    ::: /opt/rustwide/cargo-home/registry/src/github.com-1ecc6299db9ec823/uom-0.23.1/src/si/mod.rs:10:1
[INFO] [stdout]     |
[INFO] [stdout] 10  | / system! {
[INFO] [stdout] 11  | |     /// [International System of Quantities](http://jcgm.bipm.org/vim/en/1.6.html) (ISQ).
[INFO] [stdout] 12  | |     quantities: ISQ {
[INFO] [stdout] 13  | |         /// Length, one of the base quantities in the ISQ, denoted by the symbol L. The base unit
[INFO] [stdout] ...   |
[INFO] [stdout] 75  | |     }
[INFO] [stdout] 76  | | }
[INFO] [stdout]     | |_- in this macro invocation
[INFO] [stdout]     |
[INFO] [stdout]     = note: this error originates in a macro (in Nightly builds, run with -Z macro-backtrace for more info)
[INFO] [stdout] 
[INFO] [stdout] 
[INFO] [stdout] error[E0277]: the trait bound `<<D as si::Dimension>::L as std::ops::Add<<Da as si::Dimension>::L>>::Output: Integer` is not satisfied
[INFO] [stdout]    --> /opt/rustwide/cargo-home/registry/src/github.com-1ecc6299db9ec823/uom-0.23.1/src/system.rs:693:20
[INFO] [stdout]     |
[INFO] [stdout] 236 |           pub struct Quantity<D, U, V>
[INFO] [stdout]     |                      -------- required by a bound in this
[INFO] [stdout] 237 |           where
[INFO] [stdout] 238 |               D: Dimension + ?Sized,
[INFO] [stdout]     |                  --------- required by this bound in `si::Quantity`
[INFO] [stdout] ...
[INFO] [stdout] 693 |                   b: Quantity<$quantities<$($crate::typenum::Sum<D::$symbol, Da::$symbol>),+>, Ub, V>,
[INFO] [stdout]     |                      ^^^^^^^^^^^^^^^^^^^^^^^^^^^^^^^^^^^^^^^^^^^^^^^^^^^^^^^^^^^^^^^^^^^^^^^^^^^^^^^^ the trait `Integer` is not implemented for `<<D as si::Dimension>::L as std::ops::Add<<Da as si::Dimension>::L>>::Output`
[INFO] [stdout]     | 
[INFO] [stdout]    ::: /opt/rustwide/cargo-home/registry/src/github.com-1ecc6299db9ec823/uom-0.23.1/src/si/mod.rs:10:1
[INFO] [stdout]     |
[INFO] [stdout] 10  | / system! {
[INFO] [stdout] 11  | |     /// [International System of Quantities](http://jcgm.bipm.org/vim/en/1.6.html) (ISQ).
[INFO] [stdout] 12  | |     quantities: ISQ {
[INFO] [stdout] 13  | |         /// Length, one of the base quantities in the ISQ, denoted by the symbol L. The base unit
[INFO] [stdout] ...   |
[INFO] [stdout] 75  | |     }
[INFO] [stdout] 76  | | }
[INFO] [stdout]     | |_- in this macro invocation
[INFO] [stdout]     |
[INFO] [stdout]     = note: this error originates in a macro (in Nightly builds, run with -Z macro-backtrace for more info)
[INFO] [stdout] 
[INFO] [stdout] 
[INFO] [stdout] error[E0277]: the trait bound `<<D as si::Dimension>::M as std::ops::Add<<Da as si::Dimension>::M>>::Output: Integer` is not satisfied
[INFO] [stdout]    --> /opt/rustwide/cargo-home/registry/src/github.com-1ecc6299db9ec823/uom-0.23.1/src/system.rs:693:20
[INFO] [stdout]     |
[INFO] [stdout] 236 |           pub struct Quantity<D, U, V>
[INFO] [stdout]     |                      -------- required by a bound in this
[INFO] [stdout] 237 |           where
[INFO] [stdout] 238 |               D: Dimension + ?Sized,
[INFO] [stdout]     |                  --------- required by this bound in `si::Quantity`
[INFO] [stdout] ...
[INFO] [stdout] 693 |                   b: Quantity<$quantities<$($crate::typenum::Sum<D::$symbol, Da::$symbol>),+>, Ub, V>,
[INFO] [stdout]     |                      ^^^^^^^^^^^^^^^^^^^^^^^^^^^^^^^^^^^^^^^^^^^^^^^^^^^^^^^^^^^^^^^^^^^^^^^^^^^^^^^^ the trait `Integer` is not implemented for `<<D as si::Dimension>::M as std::ops::Add<<Da as si::Dimension>::M>>::Output`
[INFO] [stdout]     | 
[INFO] [stdout]    ::: /opt/rustwide/cargo-home/registry/src/github.com-1ecc6299db9ec823/uom-0.23.1/src/si/mod.rs:10:1
[INFO] [stdout]     |
[INFO] [stdout] 10  | / system! {
[INFO] [stdout] 11  | |     /// [International System of Quantities](http://jcgm.bipm.org/vim/en/1.6.html) (ISQ).
[INFO] [stdout] 12  | |     quantities: ISQ {
[INFO] [stdout] 13  | |         /// Length, one of the base quantities in the ISQ, denoted by the symbol L. The base unit
[INFO] [stdout] ...   |
[INFO] [stdout] 75  | |     }
[INFO] [stdout] 76  | | }
[INFO] [stdout]     | |_- in this macro invocation
[INFO] [stdout]     |
[INFO] [stdout]     = note: this error originates in a macro (in Nightly builds, run with -Z macro-backtrace for more info)
[INFO] [stdout] 
[INFO] [stdout] 
[INFO] [stdout] error[E0277]: the trait bound `<<D as si::Dimension>::T as std::ops::Add<<Da as si::Dimension>::T>>::Output: Integer` is not satisfied
[INFO] [stdout]    --> /opt/rustwide/cargo-home/registry/src/github.com-1ecc6299db9ec823/uom-0.23.1/src/system.rs:693:20
[INFO] [stdout]     |
[INFO] [stdout] 236 |           pub struct Quantity<D, U, V>
[INFO] [stdout]     |                      -------- required by a bound in this
[INFO] [stdout] 237 |           where
[INFO] [stdout] 238 |               D: Dimension + ?Sized,
[INFO] [stdout]     |                  --------- required by this bound in `si::Quantity`
[INFO] [stdout] ...
[INFO] [stdout] 693 |                   b: Quantity<$quantities<$($crate::typenum::Sum<D::$symbol, Da::$symbol>),+>, Ub, V>,
[INFO] [stdout]     |                      ^^^^^^^^^^^^^^^^^^^^^^^^^^^^^^^^^^^^^^^^^^^^^^^^^^^^^^^^^^^^^^^^^^^^^^^^^^^^^^^^ the trait `Integer` is not implemented for `<<D as si::Dimension>::T as std::ops::Add<<Da as si::Dimension>::T>>::Output`
[INFO] [stdout]     | 
[INFO] [stdout]    ::: /opt/rustwide/cargo-home/registry/src/github.com-1ecc6299db9ec823/uom-0.23.1/src/si/mod.rs:10:1
[INFO] [stdout]     |
[INFO] [stdout] 10  | / system! {
[INFO] [stdout] 11  | |     /// [International System of Quantities](http://jcgm.bipm.org/vim/en/1.6.html) (ISQ).
[INFO] [stdout] 12  | |     quantities: ISQ {
[INFO] [stdout] 13  | |         /// Length, one of the base quantities in the ISQ, denoted by the symbol L. The base unit
[INFO] [stdout] ...   |
[INFO] [stdout] 75  | |     }
[INFO] [stdout] 76  | | }
[INFO] [stdout]     | |_- in this macro invocation
[INFO] [stdout]     |
[INFO] [stdout]     = note: this error originates in a macro (in Nightly builds, run with -Z macro-backtrace for more info)
[INFO] [stdout] 
[INFO] [stdout] 
[INFO] [stdout] error[E0277]: the trait bound `<<D as si::Dimension>::I as std::ops::Add<<Da as si::Dimension>::I>>::Output: Integer` is not satisfied
[INFO] [stdout]    --> /opt/rustwide/cargo-home/registry/src/github.com-1ecc6299db9ec823/uom-0.23.1/src/system.rs:693:20
[INFO] [stdout]     |
[INFO] [stdout] 236 |           pub struct Quantity<D, U, V>
[INFO] [stdout]     |                      -------- required by a bound in this
[INFO] [stdout] 237 |           where
[INFO] [stdout] 238 |               D: Dimension + ?Sized,
[INFO] [stdout]     |                  --------- required by this bound in `si::Quantity`
[INFO] [stdout] ...
[INFO] [stdout] 693 |                   b: Quantity<$quantities<$($crate::typenum::Sum<D::$symbol, Da::$symbol>),+>, Ub, V>,
[INFO] [stdout]     |                      ^^^^^^^^^^^^^^^^^^^^^^^^^^^^^^^^^^^^^^^^^^^^^^^^^^^^^^^^^^^^^^^^^^^^^^^^^^^^^^^^ the trait `Integer` is not implemented for `<<D as si::Dimension>::I as std::ops::Add<<Da as si::Dimension>::I>>::Output`
[INFO] [stdout]     | 
[INFO] [stdout]    ::: /opt/rustwide/cargo-home/registry/src/github.com-1ecc6299db9ec823/uom-0.23.1/src/si/mod.rs:10:1
[INFO] [stdout]     |
[INFO] [stdout] 10  | / system! {
[INFO] [stdout] 11  | |     /// [International System of Quantities](http://jcgm.bipm.org/vim/en/1.6.html) (ISQ).
[INFO] [stdout] 12  | |     quantities: ISQ {
[INFO] [stdout] 13  | |         /// Length, one of the base quantities in the ISQ, denoted by the symbol L. The base unit
[INFO] [stdout] ...   |
[INFO] [stdout] 75  | |     }
[INFO] [stdout] 76  | | }
[INFO] [stdout]     | |_- in this macro invocation
[INFO] [stdout]     |
[INFO] [stdout]     = note: this error originates in a macro (in Nightly builds, run with -Z macro-backtrace for more info)
[INFO] [stdout] 
[INFO] [stdout] 
[INFO] [stdout] error[E0277]: the trait bound `<<D as si::Dimension>::Th as std::ops::Add<<Da as si::Dimension>::Th>>::Output: Integer` is not satisfied
[INFO] [stdout]    --> /opt/rustwide/cargo-home/registry/src/github.com-1ecc6299db9ec823/uom-0.23.1/src/system.rs:693:20
[INFO] [stdout]     |
[INFO] [stdout] 236 |           pub struct Quantity<D, U, V>
[INFO] [stdout]     |                      -------- required by a bound in this
[INFO] [stdout] 237 |           where
[INFO] [stdout] 238 |               D: Dimension + ?Sized,
[INFO] [stdout]     |                  --------- required by this bound in `si::Quantity`
[INFO] [stdout] ...
[INFO] [stdout] 693 |                   b: Quantity<$quantities<$($crate::typenum::Sum<D::$symbol, Da::$symbol>),+>, Ub, V>,
[INFO] [stdout]     |                      ^^^^^^^^^^^^^^^^^^^^^^^^^^^^^^^^^^^^^^^^^^^^^^^^^^^^^^^^^^^^^^^^^^^^^^^^^^^^^^^^ the trait `Integer` is not implemented for `<<D as si::Dimension>::Th as std::ops::Add<<Da as si::Dimension>::Th>>::Output`
[INFO] [stdout]     | 
[INFO] [stdout]    ::: /opt/rustwide/cargo-home/registry/src/github.com-1ecc6299db9ec823/uom-0.23.1/src/si/mod.rs:10:1
[INFO] [stdout]     |
[INFO] [stdout] 10  | / system! {
[INFO] [stdout] 11  | |     /// [International System of Quantities](http://jcgm.bipm.org/vim/en/1.6.html) (ISQ).
[INFO] [stdout] 12  | |     quantities: ISQ {
[INFO] [stdout] 13  | |         /// Length, one of the base quantities in the ISQ, denoted by the symbol L. The base unit
[INFO] [stdout] ...   |
[INFO] [stdout] 75  | |     }
[INFO] [stdout] 76  | | }
[INFO] [stdout]     | |_- in this macro invocation
[INFO] [stdout]     |
[INFO] [stdout]     = note: this error originates in a macro (in Nightly builds, run with -Z macro-backtrace for more info)
[INFO] [stdout] 
[INFO] [stdout] 
[INFO] [stdout] error[E0277]: the trait bound `<<D as si::Dimension>::N as std::ops::Add<<Da as si::Dimension>::N>>::Output: Integer` is not satisfied
[INFO] [stdout]    --> /opt/rustwide/cargo-home/registry/src/github.com-1ecc6299db9ec823/uom-0.23.1/src/system.rs:693:20
[INFO] [stdout]     |
[INFO] [stdout] 236 |           pub struct Quantity<D, U, V>
[INFO] [stdout]     |                      -------- required by a bound in this
[INFO] [stdout] 237 |           where
[INFO] [stdout] 238 |               D: Dimension + ?Sized,
[INFO] [stdout]     |                  --------- required by this bound in `si::Quantity`
[INFO] [stdout] ...
[INFO] [stdout] 693 |                   b: Quantity<$quantities<$($crate::typenum::Sum<D::$symbol, Da::$symbol>),+>, Ub, V>,
[INFO] [stdout]     |                      ^^^^^^^^^^^^^^^^^^^^^^^^^^^^^^^^^^^^^^^^^^^^^^^^^^^^^^^^^^^^^^^^^^^^^^^^^^^^^^^^ the trait `Integer` is not implemented for `<<D as si::Dimension>::N as std::ops::Add<<Da as si::Dimension>::N>>::Output`
[INFO] [stdout]     | 
[INFO] [stdout]    ::: /opt/rustwide/cargo-home/registry/src/github.com-1ecc6299db9ec823/uom-0.23.1/src/si/mod.rs:10:1
[INFO] [stdout]     |
[INFO] [stdout] 10  | / system! {
[INFO] [stdout] 11  | |     /// [International System of Quantities](http://jcgm.bipm.org/vim/en/1.6.html) (ISQ).
[INFO] [stdout] 12  | |     quantities: ISQ {
[INFO] [stdout] 13  | |         /// Length, one of the base quantities in the ISQ, denoted by the symbol L. The base unit
[INFO] [stdout] ...   |
[INFO] [stdout] 75  | |     }
[INFO] [stdout] 76  | | }
[INFO] [stdout]     | |_- in this macro invocation
[INFO] [stdout]     |
[INFO] [stdout]     = note: this error originates in a macro (in Nightly builds, run with -Z macro-backtrace for more info)
[INFO] [stdout] 
[INFO] [stdout] 
[INFO] [stdout] error[E0277]: the trait bound `<<D as si::Dimension>::J as std::ops::Add<<Da as si::Dimension>::J>>::Output: Integer` is not satisfied
[INFO] [stdout]    --> /opt/rustwide/cargo-home/registry/src/github.com-1ecc6299db9ec823/uom-0.23.1/src/system.rs:693:20
[INFO] [stdout]     |
[INFO] [stdout] 236 |           pub struct Quantity<D, U, V>
[INFO] [stdout]     |                      -------- required by a bound in this
[INFO] [stdout] 237 |           where
[INFO] [stdout] 238 |               D: Dimension + ?Sized,
[INFO] [stdout]     |                  --------- required by this bound in `si::Quantity`
[INFO] [stdout] ...
[INFO] [stdout] 693 |                   b: Quantity<$quantities<$($crate::typenum::Sum<D::$symbol, Da::$symbol>),+>, Ub, V>,
[INFO] [stdout]     |                      ^^^^^^^^^^^^^^^^^^^^^^^^^^^^^^^^^^^^^^^^^^^^^^^^^^^^^^^^^^^^^^^^^^^^^^^^^^^^^^^^ the trait `Integer` is not implemented for `<<D as si::Dimension>::J as std::ops::Add<<Da as si::Dimension>::J>>::Output`
[INFO] [stdout]     | 
[INFO] [stdout]    ::: /opt/rustwide/cargo-home/registry/src/github.com-1ecc6299db9ec823/uom-0.23.1/src/si/mod.rs:10:1
[INFO] [stdout]     |
[INFO] [stdout] 10  | / system! {
[INFO] [stdout] 11  | |     /// [International System of Quantities](http://jcgm.bipm.org/vim/en/1.6.html) (ISQ).
[INFO] [stdout] 12  | |     quantities: ISQ {
[INFO] [stdout] 13  | |         /// Length, one of the base quantities in the ISQ, denoted by the symbol L. The base unit
[INFO] [stdout] ...   |
[INFO] [stdout] 75  | |     }
[INFO] [stdout] 76  | | }
[INFO] [stdout]     | |_- in this macro invocation
[INFO] [stdout]     |
[INFO] [stdout]     = note: this error originates in a macro (in Nightly builds, run with -Z macro-backtrace for more info)
[INFO] [stdout] 
[INFO] [stdout] 
[INFO] [stdout] error[E0277]: the trait bound `<<D as si::Dimension>::L as typenum::PartialDiv<PInt<UInt<UInt<UTerm, B1>, B0>>>>::Output: Integer` is not satisfied
[INFO] [stdout]    --> /opt/rustwide/cargo-home/registry/src/github.com-1ecc6299db9ec823/uom-0.23.1/src/system.rs:784:18
[INFO] [stdout]     |
[INFO] [stdout] 236 |           pub struct Quantity<D, U, V>
[INFO] [stdout]     |                      -------- required by a bound in this
[INFO] [stdout] 237 |           where
[INFO] [stdout] 238 |               D: Dimension + ?Sized,
[INFO] [stdout]     |                  --------- required by this bound in `si::Quantity`
[INFO] [stdout] ...
[INFO] [stdout] 784 |               ) -> Quantity<
[INFO] [stdout]     |  __________________^
[INFO] [stdout] 785 | |                 $quantities<$($crate::typenum::PartialQuot<D::$symbol, $crate::typenum::P2>),+>,
[INFO] [stdout] 786 | |                 U, V>
[INFO] [stdout]     | |_____________________^ the trait `Integer` is not implemented for `<<D as si::Dimension>::L as typenum::PartialDiv<PInt<UInt<UInt<UTerm, B1>, B0>>>>::Output`
[INFO] [stdout]     | 
[INFO] [stdout]    ::: /opt/rustwide/cargo-home/registry/src/github.com-1ecc6299db9ec823/uom-0.23.1/src/si/mod.rs:10:1
[INFO] [stdout]     |
[INFO] [stdout] 10  | / system! {
[INFO] [stdout] 11  | |     /// [International System of Quantities](http://jcgm.bipm.org/vim/en/1.6.html) (ISQ).
[INFO] [stdout] 12  | |     quantities: ISQ {
[INFO] [stdout] 13  | |         /// Length, one of the base quantities in the ISQ, denoted by the symbol L. The base unit
[INFO] [stdout] ...   |
[INFO] [stdout] 75  | |     }
[INFO] [stdout] 76  | | }
[INFO] [stdout]     | |_- in this macro invocation
[INFO] [stdout]     |
[INFO] [stdout]     = note: this error originates in a macro (in Nightly builds, run with -Z macro-backtrace for more info)
[INFO] [stdout] 
[INFO] [stdout] 
[INFO] [stdout] error[E0277]: the trait bound `<<D as si::Dimension>::M as typenum::PartialDiv<PInt<UInt<UInt<UTerm, B1>, B0>>>>::Output: Integer` is not satisfied
[INFO] [stdout]    --> /opt/rustwide/cargo-home/registry/src/github.com-1ecc6299db9ec823/uom-0.23.1/src/system.rs:784:18
[INFO] [stdout]     |
[INFO] [stdout] 236 |           pub struct Quantity<D, U, V>
[INFO] [stdout]     |                      -------- required by a bound in this
[INFO] [stdout] 237 |           where
[INFO] [stdout] 238 |               D: Dimension + ?Sized,
[INFO] [stdout]     |                  --------- required by this bound in `si::Quantity`
[INFO] [stdout] ...
[INFO] [stdout] 784 |               ) -> Quantity<
[INFO] [stdout]     |  __________________^
[INFO] [stdout] 785 | |                 $quantities<$($crate::typenum::PartialQuot<D::$symbol, $crate::typenum::P2>),+>,
[INFO] [stdout] 786 | |                 U, V>
[INFO] [stdout]     | |_____________________^ the trait `Integer` is not implemented for `<<D as si::Dimension>::M as typenum::PartialDiv<PInt<UInt<UInt<UTerm, B1>, B0>>>>::Output`
[INFO] [stdout]     | 
[INFO] [stdout]    ::: /opt/rustwide/cargo-home/registry/src/github.com-1ecc6299db9ec823/uom-0.23.1/src/si/mod.rs:10:1
[INFO] [stdout]     |
[INFO] [stdout] 10  | / system! {
[INFO] [stdout] 11  | |     /// [International System of Quantities](http://jcgm.bipm.org/vim/en/1.6.html) (ISQ).
[INFO] [stdout] 12  | |     quantities: ISQ {
[INFO] [stdout] 13  | |         /// Length, one of the base quantities in the ISQ, denoted by the symbol L. The base unit
[INFO] [stdout] ...   |
[INFO] [stdout] 75  | |     }
[INFO] [stdout] 76  | | }
[INFO] [stdout]     | |_- in this macro invocation
[INFO] [stdout]     |
[INFO] [stdout]     = note: this error originates in a macro (in Nightly builds, run with -Z macro-backtrace for more info)
[INFO] [stdout] 
[INFO] [stdout] 
[INFO] [stdout] error[E0277]: the trait bound `<<D as si::Dimension>::T as typenum::PartialDiv<PInt<UInt<UInt<UTerm, B1>, B0>>>>::Output: Integer` is not satisfied
[INFO] [stdout]    --> /opt/rustwide/cargo-home/registry/src/github.com-1ecc6299db9ec823/uom-0.23.1/src/system.rs:784:18
[INFO] [stdout]     |
[INFO] [stdout] 236 |           pub struct Quantity<D, U, V>
[INFO] [stdout]     |                      -------- required by a bound in this
[INFO] [stdout] 237 |           where
[INFO] [stdout] 238 |               D: Dimension + ?Sized,
[INFO] [stdout]     |                  --------- required by this bound in `si::Quantity`
[INFO] [stdout] ...
[INFO] [stdout] 784 |               ) -> Quantity<
[INFO] [stdout]     |  __________________^
[INFO] [stdout] 785 | |                 $quantities<$($crate::typenum::PartialQuot<D::$symbol, $crate::typenum::P2>),+>,
[INFO] [stdout] 786 | |                 U, V>
[INFO] [stdout]     | |_____________________^ the trait `Integer` is not implemented for `<<D as si::Dimension>::T as typenum::PartialDiv<PInt<UInt<UInt<UTerm, B1>, B0>>>>::Output`
[INFO] [stdout]     | 
[INFO] [stdout]    ::: /opt/rustwide/cargo-home/registry/src/github.com-1ecc6299db9ec823/uom-0.23.1/src/si/mod.rs:10:1
[INFO] [stdout]     |
[INFO] [stdout] 10  | / system! {
[INFO] [stdout] 11  | |     /// [International System of Quantities](http://jcgm.bipm.org/vim/en/1.6.html) (ISQ).
[INFO] [stdout] 12  | |     quantities: ISQ {
[INFO] [stdout] 13  | |         /// Length, one of the base quantities in the ISQ, denoted by the symbol L. The base unit
[INFO] [stdout] ...   |
[INFO] [stdout] 75  | |     }
[INFO] [stdout] 76  | | }
[INFO] [stdout]     | |_- in this macro invocation
[INFO] [stdout]     |
[INFO] [stdout]     = note: this error originates in a macro (in Nightly builds, run with -Z macro-backtrace for more info)
[INFO] [stdout] 
[INFO] [stdout] 
[INFO] [stdout] error[E0277]: the trait bound `<<D as si::Dimension>::I as typenum::PartialDiv<PInt<UInt<UInt<UTerm, B1>, B0>>>>::Output: Integer` is not satisfied
[INFO] [stdout]    --> /opt/rustwide/cargo-home/registry/src/github.com-1ecc6299db9ec823/uom-0.23.1/src/system.rs:784:18
[INFO] [stdout]     |
[INFO] [stdout] 236 |           pub struct Quantity<D, U, V>
[INFO] [stdout]     |                      -------- required by a bound in this
[INFO] [stdout] 237 |           where
[INFO] [stdout] 238 |               D: Dimension + ?Sized,
[INFO] [stdout]     |                  --------- required by this bound in `si::Quantity`
[INFO] [stdout] ...
[INFO] [stdout] 784 |               ) -> Quantity<
[INFO] [stdout]     |  __________________^
[INFO] [stdout] 785 | |                 $quantities<$($crate::typenum::PartialQuot<D::$symbol, $crate::typenum::P2>),+>,
[INFO] [stdout] 786 | |                 U, V>
[INFO] [stdout]     | |_____________________^ the trait `Integer` is not implemented for `<<D as si::Dimension>::I as typenum::PartialDiv<PInt<UInt<UInt<UTerm, B1>, B0>>>>::Output`
[INFO] [stdout]     | 
[INFO] [stdout]    ::: /opt/rustwide/cargo-home/registry/src/github.com-1ecc6299db9ec823/uom-0.23.1/src/si/mod.rs:10:1
[INFO] [stdout]     |
[INFO] [stdout] 10  | / system! {
[INFO] [stdout] 11  | |     /// [International System of Quantities](http://jcgm.bipm.org/vim/en/1.6.html) (ISQ).
[INFO] [stdout] 12  | |     quantities: ISQ {
[INFO] [stdout] 13  | |         /// Length, one of the base quantities in the ISQ, denoted by the symbol L. The base unit
[INFO] [stdout] ...   |
[INFO] [stdout] 75  | |     }
[INFO] [stdout] 76  | | }
[INFO] [stdout]     | |_- in this macro invocation
[INFO] [stdout]     |
[INFO] [stdout]     = note: this error originates in a macro (in Nightly builds, run with -Z macro-backtrace for more info)
[INFO] [stdout] 
[INFO] [stdout] 
[INFO] [stdout] error[E0277]: the trait bound `<<D as si::Dimension>::Th as typenum::PartialDiv<PInt<UInt<UInt<UTerm, B1>, B0>>>>::Output: Integer` is not satisfied
[INFO] [stdout]    --> /opt/rustwide/cargo-home/registry/src/github.com-1ecc6299db9ec823/uom-0.23.1/src/system.rs:784:18
[INFO] [stdout]     |
[INFO] [stdout] 236 |           pub struct Quantity<D, U, V>
[INFO] [stdout]     |                      -------- required by a bound in this
[INFO] [stdout] 237 |           where
[INFO] [stdout] 238 |               D: Dimension + ?Sized,
[INFO] [stdout]     |                  --------- required by this bound in `si::Quantity`
[INFO] [stdout] ...
[INFO] [stdout] 784 |               ) -> Quantity<
[INFO] [stdout]     |  __________________^
[INFO] [stdout] 785 | |                 $quantities<$($crate::typenum::PartialQuot<D::$symbol, $crate::typenum::P2>),+>,
[INFO] [stdout] 786 | |                 U, V>
[INFO] [stdout]     | |_____________________^ the trait `Integer` is not implemented for `<<D as si::Dimension>::Th as typenum::PartialDiv<PInt<UInt<UInt<UTerm, B1>, B0>>>>::Output`
[INFO] [stdout]     | 
[INFO] [stdout]    ::: /opt/rustwide/cargo-home/registry/src/github.com-1ecc6299db9ec823/uom-0.23.1/src/si/mod.rs:10:1
[INFO] [stdout]     |
[INFO] [stdout] 10  | / system! {
[INFO] [stdout] 11  | |     /// [International System of Quantities](http://jcgm.bipm.org/vim/en/1.6.html) (ISQ).
[INFO] [stdout] 12  | |     quantities: ISQ {
[INFO] [stdout] 13  | |         /// Length, one of the base quantities in the ISQ, denoted by the symbol L. The base unit
[INFO] [stdout] ...   |
[INFO] [stdout] 75  | |     }
[INFO] [stdout] 76  | | }
[INFO] [stdout]     | |_- in this macro invocation
[INFO] [stdout]     |
[INFO] [stdout]     = note: this error originates in a macro (in Nightly builds, run with -Z macro-backtrace for more info)
[INFO] [stdout] 
[INFO] [stdout] 
[INFO] [stdout] error[E0277]: the trait bound `<<D as si::Dimension>::N as typenum::PartialDiv<PInt<UInt<UInt<UTerm, B1>, B0>>>>::Output: Integer` is not satisfied
[INFO] [stdout]    --> /opt/rustwide/cargo-home/registry/src/github.com-1ecc6299db9ec823/uom-0.23.1/src/system.rs:784:18
[INFO] [stdout]     |
[INFO] [stdout] 236 |           pub struct Quantity<D, U, V>
[INFO] [stdout]     |                      -------- required by a bound in this
[INFO] [stdout] 237 |           where
[INFO] [stdout] 238 |               D: Dimension + ?Sized,
[INFO] [stdout]     |                  --------- required by this bound in `si::Quantity`
[INFO] [stdout] ...
[INFO] [stdout] 784 |               ) -> Quantity<
[INFO] [stdout]     |  __________________^
[INFO] [stdout] 785 | |                 $quantities<$($crate::typenum::PartialQuot<D::$symbol, $crate::typenum::P2>),+>,
[INFO] [stdout] 786 | |                 U, V>
[INFO] [stdout]     | |_____________________^ the trait `Integer` is not implemented for `<<D as si::Dimension>::N as typenum::PartialDiv<PInt<UInt<UInt<UTerm, B1>, B0>>>>::Output`
[INFO] [stdout]     | 
[INFO] [stdout]    ::: /opt/rustwide/cargo-home/registry/src/github.com-1ecc6299db9ec823/uom-0.23.1/src/si/mod.rs:10:1
[INFO] [stdout]     |
[INFO] [stdout] 10  | / system! {
[INFO] [stdout] 11  | |     /// [International System of Quantities](http://jcgm.bipm.org/vim/en/1.6.html) (ISQ).
[INFO] [stdout] 12  | |     quantities: ISQ {
[INFO] [stdout] 13  | |         /// Length, one of the base quantities in the ISQ, denoted by the symbol L. The base unit
[INFO] [stdout] ...   |
[INFO] [stdout] 75  | |     }
[INFO] [stdout] 76  | | }
[INFO] [stdout]     | |_- in this macro invocation
[INFO] [stdout]     |
[INFO] [stdout]     = note: this error originates in a macro (in Nightly builds, run with -Z macro-backtrace for more info)
[INFO] [stdout] 
[INFO] [stdout] 
[INFO] [stdout] error[E0277]: the trait bound `<<D as si::Dimension>::J as typenum::PartialDiv<PInt<UInt<UInt<UTerm, B1>, B0>>>>::Output: Integer` is not satisfied
[INFO] [stdout]    --> /opt/rustwide/cargo-home/registry/src/github.com-1ecc6299db9ec823/uom-0.23.1/src/system.rs:784:18
[INFO] [stdout]     |
[INFO] [stdout] 236 |           pub struct Quantity<D, U, V>
[INFO] [stdout]     |                      -------- required by a bound in this
[INFO] [stdout] 237 |           where
[INFO] [stdout] 238 |               D: Dimension + ?Sized,
[INFO] [stdout]     |                  --------- required by this bound in `si::Quantity`
[INFO] [stdout] ...
[INFO] [stdout] 784 |               ) -> Quantity<
[INFO] [stdout]     |  __________________^
[INFO] [stdout] 785 | |                 $quantities<$($crate::typenum::PartialQuot<D::$symbol, $crate::typenum::P2>),+>,
[INFO] [stdout] 786 | |                 U, V>
[INFO] [stdout]     | |_____________________^ the trait `Integer` is not implemented for `<<D as si::Dimension>::J as typenum::PartialDiv<PInt<UInt<UInt<UTerm, B1>, B0>>>>::Output`
[INFO] [stdout]     | 
[INFO] [stdout]    ::: /opt/rustwide/cargo-home/registry/src/github.com-1ecc6299db9ec823/uom-0.23.1/src/si/mod.rs:10:1
[INFO] [stdout]     |
[INFO] [stdout] 10  | / system! {
[INFO] [stdout] 11  | |     /// [International System of Quantities](http://jcgm.bipm.org/vim/en/1.6.html) (ISQ).
[INFO] [stdout] 12  | |     quantities: ISQ {
[INFO] [stdout] 13  | |         /// Length, one of the base quantities in the ISQ, denoted by the symbol L. The base unit
[INFO] [stdout] ...   |
[INFO] [stdout] 75  | |     }
[INFO] [stdout] 76  | | }
[INFO] [stdout]     | |_- in this macro invocation
[INFO] [stdout]     |
[INFO] [stdout]     = note: this error originates in a macro (in Nightly builds, run with -Z macro-backtrace for more info)
[INFO] [stdout] 
[INFO] [stdout] 
[INFO] [stdout] error[E0277]: the trait bound `L: Integer` is not satisfied
[INFO] [stdout]    --> /opt/rustwide/cargo-home/registry/src/github.com-1ecc6299db9ec823/uom-0.23.1/src/si/mod.rs:144:26
[INFO] [stdout]     |
[INFO] [stdout] 144 |                       val: Quantity<
[INFO] [stdout]     |  __________________________^
[INFO] [stdout] 145 | |                         Dimension<L = L, M = M, T = T, I = I, Th = Th, N = N, J = J, Kind = $a>,
[INFO] [stdout] 146 | |                         Ur,
[INFO] [stdout] 147 | |                         V,
[INFO] [stdout] 148 | |                     >,
[INFO] [stdout]     | |_____________________^ the trait `Integer` is not implemented for `L`
[INFO] [stdout] ...
[INFO] [stdout] 212 |       impl_from!(AngleKind, Kind);
[INFO] [stdout]     |       ---------------------------- in this macro invocation
[INFO] [stdout]     | 
[INFO] [stdout]    ::: /opt/rustwide/cargo-home/registry/src/github.com-1ecc6299db9ec823/uom-0.23.1/src/system.rs:236:20
[INFO] [stdout]     |
[INFO] [stdout] 236 |           pub struct Quantity<D, U, V>
[INFO] [stdout]     |                      -------- required by a bound in this
[INFO] [stdout] 237 |           where
[INFO] [stdout] 238 |               D: Dimension + ?Sized,
[INFO] [stdout]     |                  --------- required by this bound in `si::Quantity`
[INFO] [stdout]     |
[INFO] [stdout]     = note: this error originates in a macro (in Nightly builds, run with -Z macro-backtrace for more info)
[INFO] [stdout] help: consider further restricting type parameter `L`
[INFO] [stdout]     |
[INFO] [stdout] 141 |                 V: ::num_traits::Num + ::Conversion<V>, L: typenum::Integer
[INFO] [stdout]     |                                                       ^^^^^^^^^^^^^^^^^^^^^
[INFO] [stdout] 
[INFO] [stdout] 
[INFO] [stdout] error[E0277]: the trait bound `M: Integer` is not satisfied
[INFO] [stdout]    --> /opt/rustwide/cargo-home/registry/src/github.com-1ecc6299db9ec823/uom-0.23.1/src/si/mod.rs:144:26
[INFO] [stdout]     |
[INFO] [stdout] 144 |                       val: Quantity<
[INFO] [stdout]     |  __________________________^
[INFO] [stdout] 145 | |                         Dimension<L = L, M = M, T = T, I = I, Th = Th, N = N, J = J, Kind = $a>,
[INFO] [stdout] 146 | |                         Ur,
[INFO] [stdout] 147 | |                         V,
[INFO] [stdout] 148 | |                     >,
[INFO] [stdout]     | |_____________________^ the trait `Integer` is not implemented for `M`
[INFO] [stdout] ...
[INFO] [stdout] 212 |       impl_from!(AngleKind, Kind);
[INFO] [stdout]     |       ---------------------------- in this macro invocation
[INFO] [stdout]     | 
[INFO] [stdout]    ::: /opt/rustwide/cargo-home/registry/src/github.com-1ecc6299db9ec823/uom-0.23.1/src/system.rs:236:20
[INFO] [stdout]     |
[INFO] [stdout] 236 |           pub struct Quantity<D, U, V>
[INFO] [stdout]     |                      -------- required by a bound in this
[INFO] [stdout] 237 |           where
[INFO] [stdout] 238 |               D: Dimension + ?Sized,
[INFO] [stdout]     |                  --------- required by this bound in `si::Quantity`
[INFO] [stdout]     |
[INFO] [stdout]     = note: this error originates in a macro (in Nightly builds, run with -Z macro-backtrace for more info)
[INFO] [stdout] help: consider further restricting type parameter `M`
[INFO] [stdout]     |
[INFO] [stdout] 141 |                 V: ::num_traits::Num + ::Conversion<V>, M: typenum::Integer
[INFO] [stdout]     |                                                       ^^^^^^^^^^^^^^^^^^^^^
[INFO] [stdout] 
[INFO] [stdout] 
[INFO] [stdout] error[E0277]: the trait bound `T: Integer` is not satisfied
[INFO] [stdout]    --> /opt/rustwide/cargo-home/registry/src/github.com-1ecc6299db9ec823/uom-0.23.1/src/si/mod.rs:144:26
[INFO] [stdout]     |
[INFO] [stdout] 144 |                       val: Quantity<
[INFO] [stdout]     |  __________________________^
[INFO] [stdout] 145 | |                         Dimension<L = L, M = M, T = T, I = I, Th = Th, N = N, J = J, Kind = $a>,
[INFO] [stdout] 146 | |                         Ur,
[INFO] [stdout] 147 | |                         V,
[INFO] [stdout] 148 | |                     >,
[INFO] [stdout]     | |_____________________^ the trait `Integer` is not implemented for `T`
[INFO] [stdout] ...
[INFO] [stdout] 212 |       impl_from!(AngleKind, Kind);
[INFO] [stdout]     |       ---------------------------- in this macro invocation
[INFO] [stdout]     | 
[INFO] [stdout]    ::: /opt/rustwide/cargo-home/registry/src/github.com-1ecc6299db9ec823/uom-0.23.1/src/system.rs:236:20
[INFO] [stdout]     |
[INFO] [stdout] 236 |           pub struct Quantity<D, U, V>
[INFO] [stdout]     |                      -------- required by a bound in this
[INFO] [stdout] 237 |           where
[INFO] [stdout] 238 |               D: Dimension + ?Sized,
[INFO] [stdout]     |                  --------- required by this bound in `si::Quantity`
[INFO] [stdout]     |
[INFO] [stdout]     = note: this error originates in a macro (in Nightly builds, run with -Z macro-backtrace for more info)
[INFO] [stdout] help: consider further restricting type parameter `T`
[INFO] [stdout]     |
[INFO] [stdout] 141 |                 V: ::num_traits::Num + ::Conversion<V>, T: typenum::Integer
[INFO] [stdout]     |                                                       ^^^^^^^^^^^^^^^^^^^^^
[INFO] [stdout] 
[INFO] [stdout] 
[INFO] [stdout] error[E0277]: the trait bound `I: Integer` is not satisfied
[INFO] [stdout]    --> /opt/rustwide/cargo-home/registry/src/github.com-1ecc6299db9ec823/uom-0.23.1/src/si/mod.rs:144:26
[INFO] [stdout]     |
[INFO] [stdout] 144 |                       val: Quantity<
[INFO] [stdout]     |  __________________________^
[INFO] [stdout] 145 | |                         Dimension<L = L, M = M, T = T, I = I, Th = Th, N = N, J = J, Kind = $a>,
[INFO] [stdout] 146 | |                         Ur,
[INFO] [stdout] 147 | |                         V,
[INFO] [stdout] 148 | |                     >,
[INFO] [stdout]     | |_____________________^ the trait `Integer` is not implemented for `I`
[INFO] [stdout] ...
[INFO] [stdout] 212 |       impl_from!(AngleKind, Kind);
[INFO] [stdout]     |       ---------------------------- in this macro invocation
[INFO] [stdout]     | 
[INFO] [stdout]    ::: /opt/rustwide/cargo-home/registry/src/github.com-1ecc6299db9ec823/uom-0.23.1/src/system.rs:236:20
[INFO] [stdout]     |
[INFO] [stdout] 236 |           pub struct Quantity<D, U, V>
[INFO] [stdout]     |                      -------- required by a bound in this
[INFO] [stdout] 237 |           where
[INFO] [stdout] 238 |               D: Dimension + ?Sized,
[INFO] [stdout]     |                  --------- required by this bound in `si::Quantity`
[INFO] [stdout]     |
[INFO] [stdout]     = note: this error originates in a macro (in Nightly builds, run with -Z macro-backtrace for more info)
[INFO] [stdout] help: consider further restricting type parameter `I`
[INFO] [stdout]     |
[INFO] [stdout] 141 |                 V: ::num_traits::Num + ::Conversion<V>, I: typenum::Integer
[INFO] [stdout]     |                                                       ^^^^^^^^^^^^^^^^^^^^^
[INFO] [stdout] 
[INFO] [stdout] 
[INFO] [stdout] error[E0277]: the trait bound `Th: Integer` is not satisfied
[INFO] [stdout]    --> /opt/rustwide/cargo-home/registry/src/github.com-1ecc6299db9ec823/uom-0.23.1/src/si/mod.rs:144:26
[INFO] [stdout]     |
[INFO] [stdout] 144 |                       val: Quantity<
[INFO] [stdout]     |  __________________________^
[INFO] [stdout] 145 | |                         Dimension<L = L, M = M, T = T, I = I, Th = Th, N = N, J = J, Kind = $a>,
[INFO] [stdout] 146 | |                         Ur,
[INFO] [stdout] 147 | |                         V,
[INFO] [stdout] 148 | |                     >,
[INFO] [stdout]     | |_____________________^ the trait `Integer` is not implemented for `Th`
[INFO] [stdout] ...
[INFO] [stdout] 212 |       impl_from!(AngleKind, Kind);
[INFO] [stdout]     |       ---------------------------- in this macro invocation
[INFO] [stdout]     | 
[INFO] [stdout]    ::: /opt/rustwide/cargo-home/registry/src/github.com-1ecc6299db9ec823/uom-0.23.1/src/system.rs:236:20
[INFO] [stdout]     |
[INFO] [stdout] 236 |           pub struct Quantity<D, U, V>
[INFO] [stdout]     |                      -------- required by a bound in this
[INFO] [stdout] 237 |           where
[INFO] [stdout] 238 |               D: Dimension + ?Sized,
[INFO] [stdout]     |                  --------- required by this bound in `si::Quantity`
[INFO] [stdout]     |
[INFO] [stdout]     = note: this error originates in a macro (in Nightly builds, run with -Z macro-backtrace for more info)
[INFO] [stdout] help: consider further restricting type parameter `Th`
[INFO] [stdout]     |
[INFO] [stdout] 141 |                 V: ::num_traits::Num + ::Conversion<V>, Th: typenum::Integer
[INFO] [stdout]     |                                                       ^^^^^^^^^^^^^^^^^^^^^^
[INFO] [stdout] 
[INFO] [stdout] 
[INFO] [stdout] error[E0277]: the trait bound `N: Integer` is not satisfied
[INFO] [stdout]    --> /opt/rustwide/cargo-home/registry/src/github.com-1ecc6299db9ec823/uom-0.23.1/src/si/mod.rs:144:26
[INFO] [stdout]     |
[INFO] [stdout] 144 |                       val: Quantity<
[INFO] [stdout]     |  __________________________^
[INFO] [stdout] 145 | |                         Dimension<L = L, M = M, T = T, I = I, Th = Th, N = N, J = J, Kind = $a>,
[INFO] [stdout] 146 | |                         Ur,
[INFO] [stdout] 147 | |                         V,
[INFO] [stdout] 148 | |                     >,
[INFO] [stdout]     | |_____________________^ the trait `Integer` is not implemented for `N`
[INFO] [stdout] ...
[INFO] [stdout] 212 |       impl_from!(AngleKind, Kind);
[INFO] [stdout]     |       ---------------------------- in this macro invocation
[INFO] [stdout]     | 
[INFO] [stdout]    ::: /opt/rustwide/cargo-home/registry/src/github.com-1ecc6299db9ec823/uom-0.23.1/src/system.rs:236:20
[INFO] [stdout]     |
[INFO] [stdout] 236 |           pub struct Quantity<D, U, V>
[INFO] [stdout]     |                      -------- required by a bound in this
[INFO] [stdout] 237 |           where
[INFO] [stdout] 238 |               D: Dimension + ?Sized,
[INFO] [stdout]     |                  --------- required by this bound in `si::Quantity`
[INFO] [stdout]     |
[INFO] [stdout]     = note: this error originates in a macro (in Nightly builds, run with -Z macro-backtrace for more info)
[INFO] [stdout] help: consider further restricting type parameter `N`
[INFO] [stdout]     |
[INFO] [stdout] 141 |                 V: ::num_traits::Num + ::Conversion<V>, N: typenum::Integer
[INFO] [stdout]     |                                                       ^^^^^^^^^^^^^^^^^^^^^
[INFO] [stdout] 
[INFO] [stdout] 
[INFO] [stdout] error[E0277]: the trait bound `J: Integer` is not satisfied
[INFO] [stdout]    --> /opt/rustwide/cargo-home/registry/src/github.com-1ecc6299db9ec823/uom-0.23.1/src/si/mod.rs:144:26
[INFO] [stdout]     |
[INFO] [stdout] 144 |                       val: Quantity<
[INFO] [stdout]     |  __________________________^
[INFO] [stdout] 145 | |                         Dimension<L = L, M = M, T = T, I = I, Th = Th, N = N, J = J, Kind = $a>,
[INFO] [stdout] 146 | |                         Ur,
[INFO] [stdout] 147 | |                         V,
[INFO] [stdout] 148 | |                     >,
[INFO] [stdout]     | |_____________________^ the trait `Integer` is not implemented for `J`
[INFO] [stdout] ...
[INFO] [stdout] 212 |       impl_from!(AngleKind, Kind);
[INFO] [stdout]     |       ---------------------------- in this macro invocation
[INFO] [stdout]     | 
[INFO] [stdout]    ::: /opt/rustwide/cargo-home/registry/src/github.com-1ecc6299db9ec823/uom-0.23.1/src/system.rs:236:20
[INFO] [stdout]     |
[INFO] [stdout] 236 |           pub struct Quantity<D, U, V>
[INFO] [stdout]     |                      -------- required by a bound in this
[INFO] [stdout] 237 |           where
[INFO] [stdout] 238 |               D: Dimension + ?Sized,
[INFO] [stdout]     |                  --------- required by this bound in `si::Quantity`
[INFO] [stdout]     |
[INFO] [stdout]     = note: this error originates in a macro (in Nightly builds, run with -Z macro-backtrace for more info)
[INFO] [stdout] help: consider further restricting type parameter `J`
[INFO] [stdout]     |
[INFO] [stdout] 141 |                 V: ::num_traits::Num + ::Conversion<V>, J: typenum::Integer
[INFO] [stdout]     |                                                       ^^^^^^^^^^^^^^^^^^^^^
[INFO] [stdout] 
[INFO] [stdout] 
[INFO] [stdout] error[E0277]: the trait bound `L: Integer` is not satisfied
[INFO] [stdout]    --> /opt/rustwide/cargo-home/registry/src/github.com-1ecc6299db9ec823/uom-0.23.1/src/si/mod.rs:144:26
[INFO] [stdout]     |
[INFO] [stdout] 144 |                       val: Quantity<
[INFO] [stdout]     |  __________________________^
[INFO] [stdout] 145 | |                         Dimension<L = L, M = M, T = T, I = I, Th = Th, N = N, J = J, Kind = $a>,
[INFO] [stdout] 146 | |                         Ur,
[INFO] [stdout] 147 | |                         V,
[INFO] [stdout] 148 | |                     >,
[INFO] [stdout]     | |_____________________^ the trait `Integer` is not implemented for `L`
[INFO] [stdout] ...
[INFO] [stdout] 213 |       impl_from!(Kind, AngleKind);
[INFO] [stdout]     |       ---------------------------- in this macro invocation
[INFO] [stdout]     | 
[INFO] [stdout]    ::: /opt/rustwide/cargo-home/registry/src/github.com-1ecc6299db9ec823/uom-0.23.1/src/system.rs:236:20
[INFO] [stdout]     |
[INFO] [stdout] 236 |           pub struct Quantity<D, U, V>
[INFO] [stdout]     |                      -------- required by a bound in this
[INFO] [stdout] 237 |           where
[INFO] [stdout] 238 |               D: Dimension + ?Sized,
[INFO] [stdout]     |                  --------- required by this bound in `si::Quantity`
[INFO] [stdout]     |
[INFO] [stdout]     = note: this error originates in a macro (in Nightly builds, run with -Z macro-backtrace for more info)
[INFO] [stdout] help: consider further restricting type parameter `L`
[INFO] [stdout]     |
[INFO] [stdout] 141 |                 V: ::num_traits::Num + ::Conversion<V>, L: typenum::Integer
[INFO] [stdout]     |                                                       ^^^^^^^^^^^^^^^^^^^^^
[INFO] [stdout] 
[INFO] [stdout] 
[INFO] [stdout] error[E0277]: the trait bound `M: Integer` is not satisfied
[INFO] [stdout]    --> /opt/rustwide/cargo-home/registry/src/github.com-1ecc6299db9ec823/uom-0.23.1/src/si/mod.rs:144:26
[INFO] [stdout]     |
[INFO] [stdout] 144 |                       val: Quantity<
[INFO] [stdout]     |  __________________________^
[INFO] [stdout] 145 | |                         Dimension<L = L, M = M, T = T, I = I, Th = Th, N = N, J = J, Kind = $a>,
[INFO] [stdout] 146 | |                         Ur,
[INFO] [stdout] 147 | |                         V,
[INFO] [stdout] 148 | |                     >,
[INFO] [stdout]     | |_____________________^ the trait `Integer` is not implemented for `M`
[INFO] [stdout] ...
[INFO] [stdout] 213 |       impl_from!(Kind, AngleKind);
[INFO] [stdout]     |       ---------------------------- in this macro invocation
[INFO] [stdout]     | 
[INFO] [stdout]    ::: /opt/rustwide/cargo-home/registry/src/github.com-1ecc6299db9ec823/uom-0.23.1/src/system.rs:236:20
[INFO] [stdout]     |
[INFO] [stdout] 236 |           pub struct Quantity<D, U, V>
[INFO] [stdout]     |                      -------- required by a bound in this
[INFO] [stdout] 237 |           where
[INFO] [stdout] 238 |               D: Dimension + ?Sized,
[INFO] [stdout]     |                  --------- required by this bound in `si::Quantity`
[INFO] [stdout]     |
[INFO] [stdout]     = note: this error originates in a macro (in Nightly builds, run with -Z macro-backtrace for more info)
[INFO] [stdout] help: consider further restricting type parameter `M`
[INFO] [stdout]     |
[INFO] [stdout] 141 |                 V: ::num_traits::Num + ::Conversion<V>, M: typenum::Integer
[INFO] [stdout]     |                                                       ^^^^^^^^^^^^^^^^^^^^^
[INFO] [stdout] 
[INFO] [stdout] 
[INFO] [stdout] error[E0277]: the trait bound `T: Integer` is not satisfied
[INFO] [stdout]    --> /opt/rustwide/cargo-home/registry/src/github.com-1ecc6299db9ec823/uom-0.23.1/src/si/mod.rs:144:26
[INFO] [stdout]     |
[INFO] [stdout] 144 |                       val: Quantity<
[INFO] [stdout]     |  __________________________^
[INFO] [stdout] 145 | |                         Dimension<L = L, M = M, T = T, I = I, Th = Th, N = N, J = J, Kind = $a>,
[INFO] [stdout] 146 | |                         Ur,
[INFO] [stdout] 147 | |                         V,
[INFO] [stdout] 148 | |                     >,
[INFO] [stdout]     | |_____________________^ the trait `Integer` is not implemented for `T`
[INFO] [stdout] ...
[INFO] [stdout] 213 |       impl_from!(Kind, AngleKind);
[INFO] [stdout]     |       ---------------------------- in this macro invocation
[INFO] [stdout]     | 
[INFO] [stdout]    ::: /opt/rustwide/cargo-home/registry/src/github.com-1ecc6299db9ec823/uom-0.23.1/src/system.rs:236:20
[INFO] [stdout]     |
[INFO] [stdout] 236 |           pub struct Quantity<D, U, V>
[INFO] [stdout]     |                      -------- required by a bound in this
[INFO] [stdout] 237 |           where
[INFO] [stdout] 238 |               D: Dimension + ?Sized,
[INFO] [stdout]     |                  --------- required by this bound in `si::Quantity`
[INFO] [stdout]     |
[INFO] [stdout]     = note: this error originates in a macro (in Nightly builds, run with -Z macro-backtrace for more info)
[INFO] [stdout] help: consider further restricting type parameter `T`
[INFO] [stdout]     |
[INFO] [stdout] 141 |                 V: ::num_traits::Num + ::Conversion<V>, T: typenum::Integer
[INFO] [stdout]     |                                                       ^^^^^^^^^^^^^^^^^^^^^
[INFO] [stdout] 
[INFO] [stdout] 
[INFO] [stdout] error[E0277]: the trait bound `I: Integer` is not satisfied
[INFO] [stdout]    --> /opt/rustwide/cargo-home/registry/src/github.com-1ecc6299db9ec823/uom-0.23.1/src/si/mod.rs:144:26
[INFO] [stdout]     |
[INFO] [stdout] 144 |                       val: Quantity<
[INFO] [stdout]     |  __________________________^
[INFO] [stdout] 145 | |                         Dimension<L = L, M = M, T = T, I = I, Th = Th, N = N, J = J, Kind = $a>,
[INFO] [stdout] 146 | |                         Ur,
[INFO] [stdout] 147 | |                         V,
[INFO] [stdout] 148 | |                     >,
[INFO] [stdout]     | |_____________________^ the trait `Integer` is not implemented for `I`
[INFO] [stdout] ...
[INFO] [stdout] 213 |       impl_from!(Kind, AngleKind);
[INFO] [stdout]     |       ---------------------------- in this macro invocation
[INFO] [stdout]     | 
[INFO] [stdout]    ::: /opt/rustwide/cargo-home/registry/src/github.com-1ecc6299db9ec823/uom-0.23.1/src/system.rs:236:20
[INFO] [stdout]     |
[INFO] [stdout] 236 |           pub struct Quantity<D, U, V>
[INFO] [stdout]     |                      -------- required by a bound in this
[INFO] [stdout] 237 |           where
[INFO] [stdout] 238 |               D: Dimension + ?Sized,
[INFO] [stdout]     |                  --------- required by this bound in `si::Quantity`
[INFO] [stdout]     |
[INFO] [stdout]     = note: this error originates in a macro (in Nightly builds, run with -Z macro-backtrace for more info)
[INFO] [stdout] help: consider further restricting type parameter `I`
[INFO] [stdout]     |
[INFO] [stdout] 141 |                 V: ::num_traits::Num + ::Conversion<V>, I: typenum::Integer
[INFO] [stdout]     |                                                       ^^^^^^^^^^^^^^^^^^^^^
[INFO] [stdout] 
[INFO] [stdout] 
[INFO] [stdout] error[E0277]: the trait bound `Th: Integer` is not satisfied
[INFO] [stdout]    --> /opt/rustwide/cargo-home/registry/src/github.com-1ecc6299db9ec823/uom-0.23.1/src/si/mod.rs:144:26
[INFO] [stdout]     |
[INFO] [stdout] 144 |                       val: Quantity<
[INFO] [stdout]     |  __________________________^
[INFO] [stdout] 145 | |                         Dimension<L = L, M = M, T = T, I = I, Th = Th, N = N, J = J, Kind = $a>,
[INFO] [stdout] 146 | |                         Ur,
[INFO] [stdout] 147 | |                         V,
[INFO] [stdout] 148 | |                     >,
[INFO] [stdout]     | |_____________________^ the trait `Integer` is not implemented for `Th`
[INFO] [stdout] ...
[INFO] [stdout] 213 |       impl_from!(Kind, AngleKind);
[INFO] [stdout]     |       ---------------------------- in this macro invocation
[INFO] [stdout]     | 
[INFO] [stdout]    ::: /opt/rustwide/cargo-home/registry/src/github.com-1ecc6299db9ec823/uom-0.23.1/src/system.rs:236:20
[INFO] [stdout]     |
[INFO] [stdout] 236 |           pub struct Quantity<D, U, V>
[INFO] [stdout]     |                      -------- required by a bound in this
[INFO] [stdout] 237 |           where
[INFO] [stdout] 238 |               D: Dimension + ?Sized,
[INFO] [stdout]     |                  --------- required by this bound in `si::Quantity`
[INFO] [stdout]     |
[INFO] [stdout]     = note: this error originates in a macro (in Nightly builds, run with -Z macro-backtrace for more info)
[INFO] [stdout] help: consider further restricting type parameter `Th`
[INFO] [stdout]     |
[INFO] [stdout] 141 |                 V: ::num_traits::Num + ::Conversion<V>, Th: typenum::Integer
[INFO] [stdout]     |                                                       ^^^^^^^^^^^^^^^^^^^^^^
[INFO] [stdout] 
[INFO] [stdout] 
[INFO] [stdout] error[E0277]: the trait bound `N: Integer` is not satisfied
[INFO] [stdout]    --> /opt/rustwide/cargo-home/registry/src/github.com-1ecc6299db9ec823/uom-0.23.1/src/si/mod.rs:144:26
[INFO] [stdout]     |
[INFO] [stdout] 144 |                       val: Quantity<
[INFO] [stdout]     |  __________________________^
[INFO] [stdout] 145 | |                         Dimension<L = L, M = M, T = T, I = I, Th = Th, N = N, J = J, Kind = $a>,
[INFO] [stdout] 146 | |                         Ur,
[INFO] [stdout] 147 | |                         V,
[INFO] [stdout] 148 | |                     >,
[INFO] [stdout]     | |_____________________^ the trait `Integer` is not implemented for `N`
[INFO] [stdout] ...
[INFO] [stdout] 213 |       impl_from!(Kind, AngleKind);
[INFO] [stdout]     |       ---------------------------- in this macro invocation
[INFO] [stdout]     | 
[INFO] [stdout]    ::: /opt/rustwide/cargo-home/registry/src/github.com-1ecc6299db9ec823/uom-0.23.1/src/system.rs:236:20
[INFO] [stdout]     |
[INFO] [stdout] 236 |           pub struct Quantity<D, U, V>
[INFO] [stdout]     |                      -------- required by a bound in this
[INFO] [stdout] 237 |           where
[INFO] [stdout] 238 |               D: Dimension + ?Sized,
[INFO] [stdout]     |                  --------- required by this bound in `si::Quantity`
[INFO] [stdout]     |
[INFO] [stdout]     = note: this error originates in a macro (in Nightly builds, run with -Z macro-backtrace for more info)
[INFO] [stdout] help: consider further restricting type parameter `N`
[INFO] [stdout]     |
[INFO] [stdout] 141 |                 V: ::num_traits::Num + ::Conversion<V>, N: typenum::Integer
[INFO] [stdout]     |                                                       ^^^^^^^^^^^^^^^^^^^^^
[INFO] [stdout] 
[INFO] [stdout] 
[INFO] [stderr] error: could not compile `uom`
[INFO] [stdout] error[E0277]: the trait bound `J: Integer` is not satisfied
[INFO] [stdout]    --> /opt/rustwide/cargo-home/registry/src/github.com-1ecc6299db9ec823/uom-0.23.1/src/si/mod.rs:144:26
[INFO] [stdout]     |
[INFO] [stdout] 144 |                       val: Quantity<
[INFO] [stdout]     |  __________________________^
[INFO] [stdout] 145 | |                         Dimension<L = L, M = M, T = T, I = I, Th = Th, N = N, J = J, Kind = $a>,
[INFO] [stdout] 146 | |                         Ur,
[INFO] [stdout] 147 | |                         V,
[INFO] [stdout] 148 | |                     >,
[INFO] [stdout]     | |_____________________^ the trait `Integer` is not implemented for `J`
[INFO] [stdout] ...
[INFO] [stdout] 213 |       impl_from!(Kind, AngleKind);
[INFO] [stdout]     |       ---------------------------- in this macro invocation
[INFO] [stdout]     | 
[INFO] [stdout]    ::: /opt/rustwide/cargo-home/registry/src/github.com-1ecc6299db9ec823/uom-0.23.1/src/system.rs:236:20
[INFO] [stdout]     |
[INFO] [stdout] 236 |           pub struct Quantity<D, U, V>
[INFO] [stdout]     |                      -------- required by a bound in this
[INFO] [stdout] 237 |           where
[INFO] [stdout] 238 |               D: Dimension + ?Sized,
[INFO] [stdout]     |                  --------- required by this bound in `si::Quantity`
[INFO] [stdout]     |
[INFO] [stdout]     = note: this error originates in a macro (in Nightly builds, run with -Z macro-backtrace for more info)
[INFO] [stdout] help: consider further restricting type parameter `J`
[INFO] [stdout]     |
[INFO] [stdout] 141 |                 V: ::num_traits::Num + ::Conversion<V>, J: typenum::Integer
[INFO] [stdout]     |                                                       ^^^^^^^^^^^^^^^^^^^^^
[INFO] [stdout] 
[INFO] [stdout] 
[INFO] [stderr] 
[INFO] [stdout] error: aborting due to 119 previous errors
[INFO] [stdout] 
[INFO] [stdout] 
[INFO] [stderr] To learn more, run the command again with --verbose.
[INFO] [stdout] For more information about this error, try `rustc --explain E0277`.
[INFO] [stdout] 
[INFO] running `Command { std: "docker" "inspect" "977cf5418d0c40308e240bdc8c599e9a0879a03ec8a8eca9af77bfd3e3e35127", kill_on_drop: false }`
[INFO] running `Command { std: "docker" "rm" "-f" "977cf5418d0c40308e240bdc8c599e9a0879a03ec8a8eca9af77bfd3e3e35127", kill_on_drop: false }`
[INFO] [stdout] 977cf5418d0c40308e240bdc8c599e9a0879a03ec8a8eca9af77bfd3e3e35127
